000
CXUS56 KTFX 011210
CF6DLN
PRELIMINARY LOCAL CLIMATOLOGICAL DATA (WS FORM: F-6)
STATION: DILLON AIRPORT MT
MONTH: OCTOBER
YEAR: 2020
LATITUDE: 45 15 N
LONGITUDE: 112 33 W
TEMPERATURE IN F: :PCPN: SNOW: WIND :SUNSHINE: SKY :PK WND
================================================================================
1 2 3 4 5 6A 6B 7 8 9 10 11 12 13 14 15 16 17 18
12Z AVG MX 2MIN
DY MAX MIN AVG DEP HDD CDD WTR SNW DPTH SPD SPD DIR MIN PSBL S-S WX SPD DR
================================================================================
1 66 32 49 0 16 0 0.00 M 0 5.2 13 210 M M 0 16 210
2 75 41 58 10 7 0 0.00 M 0 4.4 13 160 M M 2 13 160
3 74 35 55 7 10 0 0.00 M 0 5.3 13 200 M M 0 8 14 200
4 75 41 58 10 7 0 0.00 M 0 11.7 23 250 M M 0 29 240
5 72 37 55 8 10 0 0.00 M 0 9.3 16 210 M M 0 19 210
6 76 41 59 12 6 0 0.00 M 0 11.3 20 220 M M 0 24 210
7 76 40 58 12 7 0 0.00 M 0 7.6 15 140 M M 0 19 140
8 73 43 58 12 7 0 0.00 M 0 11.6 24 230 M M 0 28 230
9 72 35 54 8 11 0 0.00 M 0 9.7 16 200 M M 0 8 19 210
10 73 40 57 11 8 0 T M 0 12.0 38 270 M M 2 8 53 250
11 48 31 40 -5 25 0 0.00 M 0 16.1 35 260 M M 4 42 260
12 58 35 47 2 18 0 T M 0 17.1 36 250 M M 4 46 240
13 62 30 46 2 19 0 0.03 M 0 16.3 48 280 M M 6 1 59 270
14 48 32 40 -4 25 0 0.00 M 0 14.8 31 280 M M 1 8 40 270
15 47 28 38 -6 27 0 0.00 M 0 12.1 22 270 M M 4 30 260
16 63 31 47 3 18 0 0.00 M 0 17.6 36 260 M M 6 43 250
17 52 24 38 -5 27 0 0.00 M 0 13.5 26 250 M M 4 36 220
18 51 22 37 -6 28 0 T M 0 8.0 22 250 M M 8 1 28 240
19 58 48 53 10 12 0 0.00 M 0 15.8 32 260 M M 4 40 210
20 52 33 43 1 22 0 0.00 M 0 7.8 25 250 M M 5 8 32 250
21 51 22 37 -5 28 0 T M 0 10.8 31 40 M M 7 18 37 40
22 30 11 21 -21 44 0 0.00 M 0 8.3 21 40 M M 5 26 50
23 37 7 22 -19 43 0 T M 0 7.2 14 40 M M 5 18 15 30
24 24 5 15 -26 50 0 0.01 M 1 17.9 30 50 M M 10 18 37 60
25 13 -6 4 -36 61 0 0.00 M T 9.5 21 30 M M 1 26 40
26 26 -9 9 -31 56 0 0.00 M T 3.3 10 190 M M 4 12 180
27 46 12 29 -11 36 0 0.00 M T 3.6 13 220 M M 0 8 16 210
28 57 30 44 5 21 0 0.00 M 0 8.3 16 240 M M 0 21 220
29 64 30 47 8 18 0 0.00 M 0 10.9 23 250 M M 0 8 29 240
30 67 34 51 13 14 0 0.00 M 0 16.9 40 240 M M 1 8 50 230
31 54 28 41 3 24 0 0.00 M 0 7.9 15 220 M M 0 23 280
================================================================================
SM 1740 863 705 0 0.04 M 331.8 M 83
================================================================================
AV 56.1 27.8 10.7 FASTST M M 3 MAX(MPH)
MISC ----> 48 280 59 270
================================================================================
NOTES:
# LAST OF SEVERAL OCCURRENCES
COLUMN 17 PEAK WIND IN M.P.H.
PRELIMINARY LOCAL CLIMATOLOGICAL DATA (WS FORM: F-6) , PAGE 2
STATION: DILLON AIRPORT MT
MONTH: OCTOBER
YEAR: 2020
LATITUDE: 45 15 N
LONGITUDE: 112 33 W
[TEMPERATURE DATA] [PRECIPITATION DATA] SYMBOLS USED IN COLUMN 16
AVERAGE MONTHLY: 42.0 TOTAL FOR MONTH: 0.04 1 = FOG OR MIST
DPTR FM NORMAL: -1.5 DPTR FM NORMAL: -0.72 2 = FOG REDUCING VISIBILITY
HIGHEST: 76 ON 7, 6 GRTST 24HR 0.03 ON 12-13 TO 1/4 MILE OR LESS
LOWEST: -9 ON 26 3 = THUNDER
SNOW, ICE PELLETS, HAIL 4 = ICE PELLETS
TOTAL MONTH: M 5 = HAIL
GRTST 24HR M ON M 6 = FREEZING RAIN OR DRIZZLE
GRTST DEPTH: 1 ON 24 7 = DUSTSTORM OR SANDSTORM:
VSBY 1/2 MILE OR LESS
8 = SMOKE OR HAZE
[NO. OF DAYS WITH] [WEATHER - DAYS WITH] 9 = BLOWING SNOW
X = TORNADO
MAX 32 OR BELOW: 4 0.01 INCH OR MORE: 2
MAX 90 OR ABOVE: 0 0.10 INCH OR MORE: 0
MIN 32 OR BELOW: 18 0.50 INCH OR MORE: 0
MIN 0 OR BELOW: 2 1.00 INCH OR MORE: 0
[HDD (BASE 65) ]
TOTAL THIS MO. 705 CLEAR (SCALE 0-3) 17
DPTR FM NORMAL 38 PTCLDY (SCALE 4-7) 13
TOTAL FM JUL 1 1063 CLOUDY (SCALE 8-10) 1
DPTR FM NORMAL -50
[CDD (BASE 65) ]
TOTAL THIS MO. 0
DPTR FM NORMAL 0 [PRESSURE DATA]
TOTAL FM JAN 1 163 HIGHEST SLP 30.70 ON 25
DPTR FM NORMAL 7 LOWEST SLP 29.41 ON 10
[REMARKS]
#FINAL-10-20#