000
CXUS54 KEPZ 011130
CF6DMN
PRELIMINARY LOCAL CLIMATOLOGICAL DATA (WS FORM: F-6)
STATION: DEMING
MONTH: FEBRUARY
YEAR: 2021
LATITUDE: 32 15 N
LONGITUDE: 107 42 W
TEMPERATURE IN F: :PCPN: SNOW: WIND :SUNSHINE: SKY :PK WND
================================================================================
1 2 3 4 5 6A 6B 7 8 9 10 11 12 13 14 15 16 17 18
12Z AVG MX 2MIN
DY MAX MIN AVG DEP HDD CDD WTR SNW DPTH SPD SPD DIR MIN PSBL S-S WX SPD DR
================================================================================
1 61 34 48 3 17 0 0.00 M M 7.2 17 80 M M 0 23 70
2 66 35 51 6 14 0 0.00 M M 3.8 10 280 M M 0 13 280
3 74 40 57 12 8 0 0.00 M M 11.2 26 270 M M 0 35 260
4 67 47 57 12 8 0 0.00 M M 14.2 28 260 M M 0 38 260
5 64 32 48 3 17 0 0.00 M M 10.8 28 270 M M 0 38 260
6 63 27 45 -1 20 0 0.00 M M 6.5 14 280 M M 0 19 290
7 70 27 49 3 16 0 0.00 M M 11.5 24 260 M M 0 33 250
8 72 31 52 6 13 0 0.00 M M 10.3 23 260 M M 0 38 240
9 71 27 49 3 16 0 0.00 M M 8.3 21 260 M M 0 30 260
10 70 34 52 6 13 0 0.00 M M 8.7 18 250 M M 1 26 270
11 69 30 50 4 15 0 0.00 M M 6.9 15 250 M M 0 21 250
12 65 30 48 2 17 0 0.00 M M 5.8 21 240 M M 3 27 250
13 63 32 48 1 17 0 0.00 M M 10.4 22 220 M M 1 32 210
14 51 17 34 -13 31 0 0.18 M M 13.4 32 270 M M 9 1 48 260
15 39 16 28 -19 37 0 0.00 M M 3.6 13 80 M M 6 15 80
16 49 23 36 -11 29 0 0.02 M M 10.9 26 270 M M 5 37 270
17 53 27 40 -7 25 0 0.00 M M 10.5 28 280 M M 2 40 250
18 51 21 36 -11 29 0 0.00 M M 4.6 17 30 M M 3 26 60
19 58 23 41 -7 24 0 0.00 M M 3.8 12 200 M M 0 17 220
20 75 25 50 2 15 0 0.00 M M 7.2 26 270 M M 0 39 260
21 61 29 45 -3 20 0 0.00 M M 9.1 22 290 M M 0 32 290
22 66 21 44 -4 21 0 0.00 M M 3.0 10 210 M M 0 16 240
23 73 24 49 1 16 0 0.00 M M 8.7 28 280 M M 0 39 270
24 74 26 50 2 15 0 0.00 M M 7.2 21 290 M M 0 29 290
25 70 26 48 0 17 0 0.00 M M 9.2 29 270 M M 0 41 280
26 67 29 48 0 17 0 0.00 M M 8.3 17 260 M M 0 25 240
27 67 24 46 -3 19 0 0.00 M M 9.2 22 260 M M 0 30 220
28 63 25 44 -5 21 0 0.00 M M 10.9 29 240 M M 1 43 200
================================================================================
SM 1792 782 527 0 0.20 M 235.2 M 31
================================================================================
AV 64.0 27.9 8.4 FASTST M M 1 MAX(MPH)
MISC ----> 32 270 48 260
================================================================================
NOTES:
# LAST OF SEVERAL OCCURRENCES
COLUMN 17 PEAK WIND IN M.P.H.
PRELIMINARY LOCAL CLIMATOLOGICAL DATA (WS FORM: F-6) , PAGE 2
STATION: DEMING
MONTH: FEBRUARY
YEAR: 2021
LATITUDE: 32 15 N
LONGITUDE: 107 42 W
[TEMPERATURE DATA] [PRECIPITATION DATA] SYMBOLS USED IN COLUMN 16
AVERAGE MONTHLY: 46.0 TOTAL FOR MONTH: 0.20 1 = FOG OR MIST
DPTR FM NORMAL: -0.8 DPTR FM NORMAL: -0.39 2 = FOG REDUCING VISIBILITY
HIGHEST: 75 ON 20 GRTST 24HR 0.18 ON 14-14 TO 1/4 MILE OR LESS
LOWEST: 16 ON 15 3 = THUNDER
SNOW, ICE PELLETS, HAIL 4 = ICE PELLETS
TOTAL MONTH: M 5 = HAIL
GRTST 24HR M ON M 6 = FREEZING RAIN OR DRIZZLE
GRTST DEPTH: M ON M 7 = DUSTSTORM OR SANDSTORM:
VSBY 1/2 MILE OR LESS
8 = SMOKE OR HAZE
[NO. OF DAYS WITH] [WEATHER - DAYS WITH] 9 = BLOWING SNOW
X = TORNADO
MAX 32 OR BELOW: 0 0.01 INCH OR MORE: 2
MAX 90 OR ABOVE: 0 0.10 INCH OR MORE: 1
MIN 32 OR BELOW: 23 0.50 INCH OR MORE: 0
MIN 0 OR BELOW: 0 1.00 INCH OR MORE: 0
[HDD (BASE 65) ]
TOTAL THIS MO. 527 CLEAR (SCALE 0-3) 24
DPTR FM NORMAL 19 PTCLDY (SCALE 4-7) 3
TOTAL FM JUL 1 2468 CLOUDY (SCALE 8-10) 1
DPTR FM NORMAL -80
[CDD (BASE 65) ]
TOTAL THIS MO. 0
DPTR FM NORMAL 0 [PRESSURE DATA]
TOTAL FM JAN 1 0 HIGHEST SLP 30.37 ON 19
DPTR FM NORMAL 0 LOWEST SLP 29.46 ON 14
[REMARKS]
#FINAL-02-21#