000
CXUS55 KEAX 010836
CF6DMO
PRELIMINARY LOCAL CLIMATOLOGICAL DATA (WS FORM: F-6)
STATION: SEDALIA MO
MONTH: NOVEMBER
YEAR: 2020
LATITUDE: 38 42 N
LONGITUDE: 93 6 W
TEMPERATURE IN F: :PCPN: SNOW: WIND :SUNSHINE: SKY :PK WND
================================================================================
1 2 3 4 5 6A 6B 7 8 9 10 11 12 13 14 15 16 17 18
12Z AVG MX 2MIN
DY MAX MIN AVG DEP HDD CDD WTR SNW DPTH SPD SPD DIR MIN PSBL S-S WX SPD DR
================================================================================
1 54 32 43 -10 22 0 0.00 M M 9.9 23 320 M M 0 32 300
2 64 28 46 -7 19 0 0.00 M M 9.8 20 220 M M 0 27 230
3 74 47 61 9 4 0 0.00 M M 10.9 17 220 M M 0 23 200
4 75 55 65 13 0 0 0.00 M M 13.8 22 200 M M 0 32 200
5 74 51 63 12 2 0 0.00 M M 8.4 16 220 M M 0 22 220
6 75 53 64 13 1 0 0.00 M M 9.1 15 180 M M 0 21 220
7 74 51 63 12 2 0 0.00 M M 11.1 20 220 M M 0 26 220
8 75 59 67 17 0 2 0.00 M M 14.3 23 180 M M 1 32 180
9 77 63 70 20 0 5 0.00 M M 14.7 23 180 M M 3 32 170
10 75 34 55 6 10 0 0.43 M M 15.0 29 260 M M 6 138 42 260
11 55 28 42 -7 23 0 0.00 M M 3.3 8 170 M M 0 11 310
12 61 32 47 -1 18 0 0.00 M M 10.0 25 330 M M 3 33 320
13 48 26 37 -11 28 0 0.00 M M 6.0 16 340 M M 0 22 350
14 64 41 53 6 12 0 0.41 M M 15.1 25 170 M M 9 138 38 150
15 54 38 46 -1 19 0 T M M 16.0 32 280 M M 1 50 310
16 64 37 51 5 14 0 0.00 M M 12.0 22 230 M M 0 32 230
17 55 34 45 -1 20 0 0.00 M M 7.1 13 100 M M 0 16 100
18 67 36 52 6 13 0 0.00 M M 16.3 28 190 M M 0 8 40 180
19 75 57 66 21 0 1 0.00 M M 19.2 33 220 M M 0 47 210
20 62 51 57 12 8 0 T M M 8.4 17 50 M M 7 8 23 60
21 52 43 48 4 17 0 0.37 M M 10.9 18 50 M M 10 1 25 40
22 51 37 44 0 21 0 0.00 M M 8.9 16 40 M M 7 1 22 70
23 43 30 37 -6 28 0 0.04 M M 6.8 20 110 M M 5 1 26 120
24 55 43 49 6 16 0 0.51 M M 14.8 23 190 M M 10 13 34 210
25 52 41 47 5 18 0 0.02 M M 9.3 21 290 M M 9 1 29 280
26 56 33 45 3 20 0 0.00 M M 6.2 9 240 M M 3 M M
27 52 37 45 4 20 0 0.00 M M 7.2 21 350 M M 3 24 340
28 55 32 44 3 21 0 0.00 M M 6.7 14 240 M M 0 19 240
29 48 31 40 0 25 0 0.00 M M 14.1 32 350 M M 2 42 340
30 38 22 30 -10 35 0 0.00 M M 11.4 22 330 M M 0 31 320
================================================================================
SM 1824 1202 436 8 1.78 M 326.7 M 79
================================================================================
AV 60.8 40.1 10.9 FASTST M M 3 MAX(MPH)
MISC ----> 33 220 50 310
================================================================================
NOTES:
# LAST OF SEVERAL OCCURRENCES
COLUMN 17 PEAK WIND IN M.P.H.
PRELIMINARY LOCAL CLIMATOLOGICAL DATA (WS FORM: F-6) , PAGE 2
STATION: SEDALIA MO
MONTH: NOVEMBER
YEAR: 2020
LATITUDE: 38 42 N
LONGITUDE: 93 6 W
[TEMPERATURE DATA] [PRECIPITATION DATA] SYMBOLS USED IN COLUMN 16
AVERAGE MONTHLY: 50.4 TOTAL FOR MONTH: 1.78 1 = FOG OR MIST
DPTR FM NORMAL: 3.8 DPTR FM NORMAL: -1.32 2 = FOG REDUCING VISIBILITY
HIGHEST: 77 ON 9 GRTST 24HR 0.53 ON 24-25 TO 1/4 MILE OR LESS
LOWEST: 22 ON 30 3 = THUNDER
SNOW, ICE PELLETS, HAIL 4 = ICE PELLETS
TOTAL MONTH: M 5 = HAIL
GRTST 24HR M ON M 6 = FREEZING RAIN OR DRIZZLE
GRTST DEPTH: M ON M 7 = DUSTSTORM OR SANDSTORM:
VSBY 1/2 MILE OR LESS
8 = SMOKE OR HAZE
[NO. OF DAYS WITH] [WEATHER - DAYS WITH] 9 = BLOWING SNOW
X = TORNADO
MAX 32 OR BELOW: 0 0.01 INCH OR MORE: 6
MAX 90 OR ABOVE: 0 0.10 INCH OR MORE: 4
MIN 32 OR BELOW: 9 0.50 INCH OR MORE: 1
MIN 0 OR BELOW: 0 1.00 INCH OR MORE: 0
[HDD (BASE 65) ]
TOTAL THIS MO. 436 CLEAR (SCALE 0-3) 20
DPTR FM NORMAL -118 PTCLDY (SCALE 4-7) 6
TOTAL FM JUL 1 829 CLOUDY (SCALE 8-10) 4
DPTR FM NORMAL -15
[CDD (BASE 65) ]
TOTAL THIS MO. 8
DPTR FM NORMAL 5 [PRESSURE DATA]
TOTAL FM JAN 1 1383 HIGHEST SLP 30.60 ON 17
DPTR FM NORMAL -107 LOWEST SLP 29.45 ON 14
[REMARKS]
#FINAL-11-20#