000
CXUS55 KVEF 290910
CF6DRA
PRELIMINARY LOCAL CLIMATOLOGICAL DATA (WS FORM: F-6)
STATION: DESERT ROCK-MERCURY NV
MONTH: MARCH
YEAR: 2024
LATITUDE: 36 37 N
LONGITUDE: 116 1 W
TEMPERATURE IN F: :PCPN: SNOW: WIND :SUNSHINE: SKY :PK WND
================================================================================
1 2 3 4 5 6A 6B 7 8 9 10 11 12 13 14 15 16 17 18
12Z AVG MX 2MIN
DY MAX MIN AVG DEP HDD CDD WTR SNW DPTH SPD SPD DIR MIN PSBL S-S WX SPD DR
================================================================================
1 64 48 56 5 9 0 0.00 0.0 0 23.8 49 190 M M 0 67 190
2 60 45 53 2 12 0 0.00 0.0 0 29.5 51 210 M M 4 79 210
3 60 42 51 0 14 0 0.00 0.0 0 19.5 40 210 M M 0 57 220
4 59 36 48 -3 17 0 0.00 0.0 0 9.0 21 210 M M 0 30 250
5 62 36 49 -3 16 0 0.00 0.0 0 4.5 15 260 M M 0 21 270
6 64 34 49 -3 16 0 0.00 0.0 0 8.0 23 240 M M 0 33 250
7 60 45 53 1 12 0 0.08 M 0 6.1 28 300 M M 7 37 300
8 62 41 52 0 13 0 0.00 0.0 0 12.2 21 50 M M 1 30 40
9 63 39 51 -2 14 0 0.00 0.0 0 6.9 16 130 M M 0 22 110
10 65 34 50 -3 15 0 0.00 0.0 0 6.5 22 230 M M 0 32 240
11 65 47 56 3 9 0 0.00 0.0 0 10.8 22 230 M M 0 31 230
12 63 42 53 0 12 0 0.00 0.0 0 4.9 18 240 M M 0 25 240
13 62 39 51 -3 14 0 0.00 0.0 0 12.6 40 20 M M 2 51 20
14 59 37 48 -6 17 0 0.00 0.0 0 20.8 29 30 M M 3 39 40
15 51 42 47 -7 18 0 0.09 0.0 0 14.2 29 30 M M 9 1 37 40
16 55 42 49 -5 16 0 0.13 0.0 0 8.1 17 30 M M 9 27 90
17 66 37 52 -2 13 0 0.00 0.0 0 6.5 16 110 M M 4 22 120
18 70 45 58 3 7 0 0.00 0.0 0 9.6 24 80 M M 1 40 90
19 72 40 56 1 9 0 0.00 0.0 0 5.9 18 110 M M 0 23 110
20 73 44 59 4 6 0 0.00 0.0 0 5.0 15 220 M M 0 23 220
21 75 46 61 6 4 0 0.00 0.0 0 6.9 21 240 M M 0 29 240
22 73 40 57 1 8 0 0.00 0.0 0 11.1 28 230 M M 0 38 220
23 64 46 55 -1 10 0 T M 0 24.9 43 200 M M 2 62 190
24 61 36 49 -7 16 0 T 0.0 0 7.2 26 320 M M 4 38 320
25 62 33 48 -8 17 0 0.00 0.0 0 5.8 23 270 M M 3 32 230
26 65 40 53 -3 12 0 0.00 0.0 0 7.7 25 300 M M 4 41 290
27 69 38 54 -2 11 0 0.00 0.0 0 10.3 26 200 M M 0 40 190
28 70 56 63 6 2 0 0.00 0.0 0 22.2 37 200 M M 0 50 190
================================================================================
SM 1794 1150 339 0 0.30 0.0 320.5 M 53
================================================================================
AV 64.1 41.1 11.4 FASTST M M 2 MAX(MPH)
MISC ----> 51 210 79 210
================================================================================
NOTES:
# LAST OF SEVERAL OCCURRENCES
COLUMN 17 PEAK WIND IN M.P.H.
PRELIMINARY LOCAL CLIMATOLOGICAL DATA (WS FORM: F-6) , PAGE 2
STATION: DESERT ROCK-MERCURY NV
MONTH: MARCH
YEAR: 2024
LATITUDE: 36 37 N
LONGITUDE: 116 1 W
[TEMPERATURE DATA] [PRECIPITATION DATA] SYMBOLS USED IN COLUMN 16
AVERAGE MONTHLY: 52.6 TOTAL FOR MONTH: 0.30 1 = FOG OR MIST
DPTR FM NORMAL: -1.3 DPTR FM NORMAL: -0.24 2 = FOG REDUCING VISIBILITY
HIGHEST: 75 ON 21 GRTST 24HR 0.21 ON 15-16 TO 1/4 MILE OR LESS
LOWEST: 33 ON 25 3 = THUNDER
SNOW, ICE PELLETS, HAIL 4 = ICE PELLETS
TOTAL MONTH: 0.0 INCH 5 = HAIL
GRTST 24HR 0.0 6 = FREEZING RAIN OR DRIZZLE
GRTST DEPTH: 0 7 = DUSTSTORM OR SANDSTORM:
VSBY 1/2 MILE OR LESS
8 = SMOKE OR HAZE
[NO. OF DAYS WITH] [WEATHER - DAYS WITH] 9 = BLOWING SNOW
X = TORNADO
MAX 32 OR BELOW: 0 0.01 INCH OR MORE: 3
MAX 90 OR ABOVE: 0 0.10 INCH OR MORE: 1
MIN 32 OR BELOW: 0 0.50 INCH OR MORE: 0
MIN 0 OR BELOW: 0 1.00 INCH OR MORE: 0
[HDD (BASE 65) ]
TOTAL THIS MO. 339 CLEAR (SCALE 0-3) 21
DPTR FM NORMAL 25 PTCLDY (SCALE 4-7) 5
TOTAL FM JUL 1 2196 CLOUDY (SCALE 8-10) 2
DPTR FM NORMAL -396
[CDD (BASE 65) ]
TOTAL THIS MO. 0
DPTR FM NORMAL 0 [PRESSURE DATA]
TOTAL FM JAN 1 0 HIGHEST SLP M ON M
DPTR FM NORMAL 0 LOWEST SLP 29.45 ON 23
[REMARKS]