000
CXUS55 KVEF 011010
CF6DRA
PRELIMINARY LOCAL CLIMATOLOGICAL DATA (WS FORM: F-6)
STATION: DESERT ROCK-MERCURY NV
MONTH: JANUARY
YEAR: 2023
LATITUDE: 36 37 N
LONGITUDE: 116 1 W
TEMPERATURE IN F: :PCPN: SNOW: WIND :SUNSHINE: SKY :PK WND
================================================================================
1 2 3 4 5 6A 6B 7 8 9 10 11 12 13 14 15 16 17 18
12Z AVG MX 2MIN
DY MAX MIN AVG DEP HDD CDD WTR SNW DPTH SPD SPD DIR MIN PSBL S-S WX SPD DR
================================================================================
1 51 39 45 1 20 0 0.40 0.0 0 11.4 22 210 M M 10 1 40 230
2 45 29 37 -7 28 0 0.00 0.0 0 5.8 13 210 M M 2 21 210
3 50 35 43 -1 22 0 T 0.0 0 3.1 9 270 M M 9 M M
4 47 39 43 -1 22 0 T 0.0 0 9.6 18 110 M M 10 21 110
5 56 42 49 5 16 0 0.25 0.0 0 10.3 24 220 M M 6 1 39 180
6 52 32 42 -2 23 0 0.00 0.0 0 3.8 80 12 M M M 110 16
7 49 32 41 -3 24 0 0.00 0.0 0 6.3130 17 M M M 130 21
8 55 35 45 1 20 0 0.00 0.0 0 8.8120 20 M M M 110 25
9 58 40 49 5 16 0 0.05 0.0 0 24.4 31 190 M M 9 48 200
10 54 38 46 1 19 0 0.54 0.0 0 19.0 29 190 M M 5 1 53 210
11 49 31 40 -5 25 0 0.00 0.0 0 3.8 9 360 M M 0 M M
12 54 34 44 -1 21 0 0.00 0.0 0 7.9 14 120 M M 0 20 70
13 54 36 45 0 20 0 0.00 0.0 0 5.7 10 130 M M 0 M M
14 54 40 47 2 18 0 0.23 0.0 0 13.1 33 190 M M 6 48 210
15 50 42 46 1 19 0 T 0.0 0 16.4 32 210 M M 3 46 210
16 53 39 46 1 19 0 0.10 0.0 0 15.0 35 190 M M M 49 200
17 47 31 39 -6 26 0 T 0.0 0 6.9 13 320 M M 8 21 320
18 49 29 39 -6 26 0 0.00 0.0 0 3.5 9 30 M M 0 M M
19 46 28 37 -8 28 0 0.00 0.0 0 4.8 14 20 M M 3 M M
20 47 24 36 -9 29 0 0.00 0.0 0 9.4 21 20 M M 1 31 20
21 52 29 41 -5 24 0 0.00 0.0 0 9.8 17 30 M M 0 M M
22 48 26 37 -9 28 0 0.00 0.0 0 14.0 29 20 M M 0 44 20
23 49 33 41 -5 24 0 0.00 0.0 0 18.1 30 30 M M 0 44 30
24 56 32 44 -2 21 0 0.00 0.0 0 12.5 23 40 M M 0 33 30
25 54 34 44 -2 21 0 0.00 0.0 0 14.1 28 30 M M 0 39 50
26 56 33 45 -1 20 0 0.00 0.0 0 10.5 18 30 M M 0 20 20
27 54 28 41 -5 24 0 0.00 0.0 0 6.2 15 20 M M 0 M M
28 55 27 41 -5 24 0 0.00 0.0 0 4.3 9 220 M M 0 M M
29 53 28 41 -5 24 0 0.00 0.0 0 8.4 21 220 M M 4 32 200
30 45 30 38 -8 27 0 0.00 0.0 0 15.2 22 20 M M 7 31 30
31 49 25 37 -9 28 0 0.00 0.0 0 17.1 22 40 M M 0 32 40
================================================================================
SM 1591 1020 706 0 1.57 0.0 319.2 M 83
================================================================================
AV 51.3 32.9 10.3 FASTST M M 3 MAX(MPH)
MISC ----> 130 17 130 21
================================================================================
NOTES:
# LAST OF SEVERAL OCCURRENCES
COLUMN 17 PEAK WIND IN M.P.H.
PRELIMINARY LOCAL CLIMATOLOGICAL DATA (WS FORM: F-6) , PAGE 2
STATION: DESERT ROCK-MERCURY NV
MONTH: JANUARY
YEAR: 2023
LATITUDE: 36 37 N
LONGITUDE: 116 1 W
[TEMPERATURE DATA] [PRECIPITATION DATA] SYMBOLS USED IN COLUMN 16
AVERAGE MONTHLY: 42.1 TOTAL FOR MONTH: 1.57 1 = FOG OR MIST
DPTR FM NORMAL: -2.9 DPTR FM NORMAL: 0.89 2 = FOG REDUCING VISIBILITY
HIGHEST: 58 ON 9 GRTST 24HR 0.54 ON 10-10 TO 1/4 MILE OR LESS
LOWEST: 24 ON 20 3 = THUNDER
SNOW, ICE PELLETS, HAIL 4 = ICE PELLETS
TOTAL MONTH: 0.0 INCH 5 = HAIL
GRTST 24HR 0.0 6 = FREEZING RAIN OR DRIZZLE
GRTST DEPTH: 0 7 = DUSTSTORM OR SANDSTORM:
VSBY 1/2 MILE OR LESS
8 = SMOKE OR HAZE
[NO. OF DAYS WITH] [WEATHER - DAYS WITH] 9 = BLOWING SNOW
X = TORNADO
MAX 32 OR BELOW: 0 0.01 INCH OR MORE: 6
MAX 90 OR ABOVE: 0 0.10 INCH OR MORE: 5
MIN 32 OR BELOW: 16 0.50 INCH OR MORE: 1
MIN 0 OR BELOW: 0 1.00 INCH OR MORE: 0
[HDD (BASE 65) ]
TOTAL THIS MO. 706 CLEAR (SCALE 0-3) 17
DPTR FM NORMAL 86 PTCLDY (SCALE 4-7) 6
TOTAL FM JUL 1 1953 CLOUDY (SCALE 8-10) 8
DPTR FM NORMAL 156
[CDD (BASE 65) ]
TOTAL THIS MO. 0
DPTR FM NORMAL 0 [PRESSURE DATA]
TOTAL FM JAN 1 0 HIGHEST SLP M ON M
DPTR FM NORMAL 0 LOWEST SLP M ON M
[REMARKS]
#FINAL-01-23#