000
CXUS54 KEWX 011221
CF6DRT
PRELIMINARY LOCAL CLIMATOLOGICAL DATA (WS FORM: F-6)
STATION: DEL RIO
MONTH: OCTOBER
YEAR: 2022
LATITUDE: 29 22 N
LONGITUDE: 100 55 W
TEMPERATURE IN F: :PCPN: SNOW: WIND :SUNSHINE: SKY :PK WND
================================================================================
1 2 3 4 5 6A 6B 7 8 9 10 11 12 13 14 15 16 17 18
12Z AVG MX 2MIN
DY MAX MIN AVG DEP HDD CDD WTR SNW DPTH SPD SPD DIR MIN PSBL S-S WX SPD DR
================================================================================
1 89 59 74 -3 0 9 0.00 0.0 0 9.3 17 150 M M 0 23 140
2 83 58 71 -6 0 6 0.00 0.0 0 7.3 13 150 M M 0 17 170
3 84 60 72 -5 0 7 0.00 0.0 0 7.0 17 160 M M 0 22 140
4 86 63 75 -1 0 10 0.00 0.0 0 7.3 20 140 M M 0 25 150
5 86 59 73 -3 0 8 0.00 0.0 0 6.8 17 150 M M 0 23 170
6 87 62 75 -1 0 10 0.00 0.0 0 4.7 14 150 M M 1 19 150
7 85 67 76 0 0 11 0.00 0.0 0 7.6 18 170 M M 1 24 170
8 86 67 77 2 0 12 0.00 0.0 0 4.5 14 150 M M 5 18 120
9 86 63 75 0 0 10 0.00 0.0 0 8.7 22 120 M M 1 30 130
10 86 68 77 2 0 12 T 0.0 0 9.8 21 150 M M 4 26 160
11 87 69 78 4 0 13 0.00 0.0 0 10.8 20 150 M M 2 27 170
12 95 68 82 8 0 17 0.00 0.0 0 5.6 14 290 M M 0 18 290
13 94 64 79 5 0 14 0.00 0.0 0 5.2 10 330 M M 0 17 330
14 89 64 77 4 0 12 0.00 0.0 0 7.3 17 150 M M 3 27 150
15 92 73 83 10 0 18 0.00 0.0 0 11.8 22 160 M M 3 27 150
16 86 73 80 7 0 15 0.21 0.0 0 8.6 13 120 M M 6 13 21 130
17 71 62 67 -5 0 2 2.12 0.0 0 9.1 20 250 M M 10 1 27 40
18 67 54 61 -11 4 0 T 0.0 0 3.8 9 70 M M 9 17 30
19 74 54 64 -8 1 0 0.00 0.0 0 4.1 9 140 M M 2 14 120
20 82 50 66 -5 0 1 0.00 0.0 0 2.9 12 280 M M 0 8 14 270
21 83 53 68 -3 0 3 0.00 0.0 0 7.6 17 150 M M 0 21 150
22 84 60 72 2 0 7 0.00 0.0 0 10.5 18 150 M M 1 1 25 160
23 78 66 72 2 0 7 T 0.0 0 10.8 18 150 M M 4 26 130
24 91 67 79 9 0 14 0.00 0.0 0 12.7 29 330 M M 4 18 46 310
25 76 51 64 -5 1 0 0.00 0.0 0 5.7 23 330 M M 0 37 310
26 79 47 63 -6 2 0 0.00 0.0 0 10.6 21 150 M M 0 28 140
27 78 56 67 -2 0 2 0.00 0.0 0 10.2 17 140 M M 4 26 150
28 74 60 67 -1 0 2 0.01 0.0 0 17.0 31 290 M M 2 1 47 290
29 74 50 62 -6 3 0 0.00 0.0 0 8.3 20 300 M M 0 27 320
30 76 46 61 -6 4 0 0.00 0.0 0 2.9 10 150 M M 0 12 170
31 75 55 65 -2 0 0 0.04 0.0 0 6.2 18 150 M M 4 1 22 150
================================================================================
SM 2563 1868 15 222 2.38 0.0 244.7 M 66
================================================================================
AV 82.7 60.3 7.9 FASTST M M 2 MAX(MPH)
MISC ----> 31 290 47 290
================================================================================
NOTES:
# LAST OF SEVERAL OCCURRENCES
COLUMN 17 PEAK WIND IN M.P.H.
PRELIMINARY LOCAL CLIMATOLOGICAL DATA (WS FORM: F-6) , PAGE 2
STATION: DEL RIO
MONTH: OCTOBER
YEAR: 2022
LATITUDE: 29 22 N
LONGITUDE: 100 55 W
[TEMPERATURE DATA] [PRECIPITATION DATA] SYMBOLS USED IN COLUMN 16
AVERAGE MONTHLY: 71.5 TOTAL FOR MONTH: 2.38 1 = FOG OR MIST
DPTR FM NORMAL: -1.0 DPTR FM NORMAL: 0.30 2 = FOG REDUCING VISIBILITY
HIGHEST: 95 ON 12 GRTST 24HR 2.12 ON 17-17 TO 1/4 MILE OR LESS
LOWEST: 46 ON 30 3 = THUNDER
SNOW, ICE PELLETS, HAIL 4 = ICE PELLETS
TOTAL MONTH: 0.0 INCH 5 = HAIL
GRTST 24HR 0.0 6 = FREEZING RAIN OR DRIZZLE
GRTST DEPTH: 0 7 = DUSTSTORM OR SANDSTORM:
VSBY 1/2 MILE OR LESS
8 = SMOKE OR HAZE
[NO. OF DAYS WITH] [WEATHER - DAYS WITH] 9 = BLOWING SNOW
X = TORNADO
MAX 32 OR BELOW: 0 0.01 INCH OR MORE: 4
MAX 90 OR ABOVE: 4 0.10 INCH OR MORE: 2
MIN 32 OR BELOW: 0 0.50 INCH OR MORE: 1
MIN 0 OR BELOW: 0 1.00 INCH OR MORE: 1
[HDD (BASE 65) ]
TOTAL THIS MO. 15 CLEAR (SCALE 0-3) 22
DPTR FM NORMAL -8 PTCLDY (SCALE 4-7) 7
TOTAL FM JUL 1 15 CLOUDY (SCALE 8-10) 2
DPTR FM NORMAL -7
[CDD (BASE 65) ]
TOTAL THIS MO. 222
DPTR FM NORMAL -32 [PRESSURE DATA]
TOTAL FM JAN 1 4094 HIGHEST SLP 30.35 ON 19
DPTR FM NORMAL 516 LOWEST SLP 29.60 ON 24
[REMARKS]
#FINAL-10-22#