000
CXUS54 KEWX 170616
CF6DRT
PRELIMINARY LOCAL CLIMATOLOGICAL DATA (WS FORM: F-6)
STATION: DEL RIO
MONTH: MAY
YEAR: 2021
LATITUDE: 29 22 N
LONGITUDE: 100 55 W
TEMPERATURE IN F: :PCPN: SNOW: WIND :SUNSHINE: SKY :PK WND
================================================================================
1 2 3 4 5 6A 6B 7 8 9 10 11 12 13 14 15 16 17 18
12Z AVG MX 2MIN
DY MAX MIN AVG DEP HDD CDD WTR SNW DPTH SPD SPD DIR MIN PSBL S-S WX SPD DR
================================================================================
1 75 62 69 -7 0 4 2.01 0.0 0 7.5 21 270 M M 7 13 29 40
2 98 60 79 3 0 14 0.00 0.0 0 6.7 14 120 M M 0 1 20 110
3 103 69 86 10 0 21 0.00 0.0 0 7.0 15 80 M M 0 20 320
4 88 69 79 2 0 14 0.00 0.0 0 11.3 21 310 M M 1 33 320
5 88 61 75 -2 0 10 0.00 0.0 0 6.3 14 120 M M 0 23 100
6 92 64 78 1 0 13 0.00 0.0 0 9.0 18 140 M M 0 25 100
7 93 67 80 2 0 15 0.00 0.0 0 11.0 21 120 M M 0 33 140
8 96 70 83 5 0 18 T 0.0 0 14.0 22 140 M M 2 31 120
9 106 75 91 13 0 26 0.00 0.0 0 7.8 20 140 M M 0 29 130
10 91 72 82 4 0 17 0.00 0.0 0 7.6 24 120 M M 4 8 34 130
11 84 71 78 0 0 13 0.03 0.0 0 7.2 17 80 M M 6 8 24 60
12 74 66 70 -9 0 5 0.00 0.0 0 6.9 14 50 M M 10 21 360
13 83 65 74 -5 0 9 0.00 0.0 0 6.9 16 120 M M 6 25 100
14 86 69 78 -1 0 13 0.00 0.0 0 10.8 21 130 M M 8 33 120
15 89 72 81 1 0 16 0.08 0.0 0 14.5 25 100 M M 7 37 100
16 93 71 82 2 0 17 0.06 0.0 0 11.2 28 80 M M 5 37 80
17 93 77 85 5 0 20 0.00 0.0 0 12.4 23 100 M M 7 31 100
18 84 71 78 -2 0 13 T 0.0 0 9.2 21 100 M M 4 30 30
19 83 68 76 -5 0 11 0.20 0.0 0 7.7 22 110 M M 5 31 110
20 93 64 79 -2 0 14 0.00 0.0 0 10.8 21 150 M M 0 26 120
21 92 71 82 1 0 17 0.00 0.0 0 11.9 21 110 M M 4 1 29 150
22 95 75 85 4 0 20 0.00 0.0 0 10.2 22 110 M M 3 35 110
23 94 76 85 3 0 20 0.00 0.0 0 14.0 25 110 M M 6 39 120
24 90 76 83 1 0 18 0.00 0.0 0 12.6 20 110 M M 6 28 110
25 95 77 86 4 0 21 0.00 0.0 0 12.0 21 140 M M 6 29 120
26 94 78 86 4 0 21 T 0.0 0 12.2 23 120 M M 6 8 33 120
27 99 76 88 6 0 23 T 0.0 0 11.9 25 130 M M 4 3 36 130
28 95 79 87 4 0 22 0.00 0.0 0 12.4 23 90 M M 4 34 90
29 92 66 79 -4 0 14 0.53 0.0 0 9.2 26 350 M M 2 13 38 360
30 93 74 84 1 0 19 0.01 0.0 0 12.1 25 100 M M 6 35 100
31 90 70 80 -3 0 15 1.11 0.0 0 12.8 23 110 M M 9 13 36 350
================================================================================
SM 2821 2181 0 493 4.03 0.0 317.1 M 128
================================================================================
AV 91.0 70.4 10.2 FASTST M M 4 MAX(MPH)
MISC ----> 28 80 39 120
================================================================================
NOTES:
# LAST OF SEVERAL OCCURRENCES
COLUMN 17 PEAK WIND IN M.P.H.
PRELIMINARY LOCAL CLIMATOLOGICAL DATA (WS FORM: F-6) , PAGE 2
STATION: DEL RIO
MONTH: MAY
YEAR: 2021
LATITUDE: 29 22 N
LONGITUDE: 100 55 W
[TEMPERATURE DATA] [PRECIPITATION DATA] SYMBOLS USED IN COLUMN 16
AVERAGE MONTHLY: 80.7 TOTAL FOR MONTH: 4.03 1 = FOG OR MIST
DPTR FM NORMAL: 1.0 DPTR FM NORMAL: 0.97 2 = FOG REDUCING VISIBILITY
HIGHEST: 106 ON 9 GRTST 24HR 2.01 ON 1- 1 TO 1/4 MILE OR LESS
LOWEST: 60 ON 2 3 = THUNDER
SNOW, ICE PELLETS, HAIL 4 = ICE PELLETS
TOTAL MONTH: 0.0 INCH 5 = HAIL
GRTST 24HR 0.0 6 = FREEZING RAIN OR DRIZZLE
GRTST DEPTH: 0 7 = DUSTSTORM OR SANDSTORM:
VSBY 1/2 MILE OR LESS
8 = SMOKE OR HAZE
[NO. OF DAYS WITH] [WEATHER - DAYS WITH] 9 = BLOWING SNOW
X = TORNADO
MAX 32 OR BELOW: 0 0.01 INCH OR MORE: 8
MAX 90 OR ABOVE: 21 0.10 INCH OR MORE: 4
MIN 32 OR BELOW: 0 0.50 INCH OR MORE: 3
MIN 0 OR BELOW: 0 1.00 INCH OR MORE: 2
[HDD (BASE 65) ]
TOTAL THIS MO. 0 CLEAR (SCALE 0-3) 10
DPTR FM NORMAL -1 PTCLDY (SCALE 4-7) 18
TOTAL FM JUL 1 1158 CLOUDY (SCALE 8-10) 3
DPTR FM NORMAL -92
[CDD (BASE 65) ]
TOTAL THIS MO. 493
DPTR FM NORMAL 35 [PRESSURE DATA]
TOTAL FM JAN 1 961 HIGHEST SLP 30.29 ON 13
DPTR FM NORMAL 118 LOWEST SLP 29.41 ON 2
[REMARKS]
#FINAL-05-21#