000
CXUS54 KFWD 240730
CF6DTO
PRELIMINARY LOCAL CLIMATOLOGICAL DATA (WS FORM: F-6)
STATION: DENTON
MONTH: APRIL
YEAR: 2024
LATITUDE: 33 12 N
LONGITUDE: 97 12 W
TEMPERATURE IN F: :PCPN: SNOW: WIND :SUNSHINE: SKY :PK WND
================================================================================
1 2 3 4 5 6A 6B 7 8 9 10 11 12 13 14 15 16 17 18
12Z AVG MX 2MIN
DY MAX MIN AVG DEP HDD CDD WTR SNW DPTH SPD SPD DIR MIN PSBL S-S WX SPD DR
================================================================================
1 80 63 72 12 0 7 0.33 M M 12.4 24 160 M M 8 138 31 160
2 64 45 55 -5 10 0 T M M 11.9 25 320 M M 4 36 320
3 70 42 56 -5 9 0 0.00 M M 8.1 22 330 M M 0 30 330
4 80 39 60 -1 5 0 0.00 M M 2.0 9 200 M M 0 8 14 190
5 77 49 63 2 2 0 M M M 4.9 10 120 M M 0 M M
6 75 63 69 8 0 4 0.00 M M 19.2 30 180 M M 4 39 180
7 77 49 63 1 2 0 T M M 8.1 20 220 M M 1 24 190
8 81 46 64 2 1 0 2.47 M M 6.9 22 320 M M 2 138 28 310
9 66 60 63 1 2 0 0.99 M M 10.3 22 40 M M 9 13 32 30
10 64 49 57 -5 8 0 0.11 M M 12.5 36 350 M M 7 1 51 350
11 71 43 57 -5 8 0 0.00 M M 8.4 22 360 M M 0 1 32 360
12 79 41 60 -2 5 0 0.00 M M 8.2 21 190 M M 0 26 200
13 81 58 70 7 0 5 0.00 M M 14.4 28 170 M M 0 36 180
14 83 63 73 10 0 8 0.00 M M 13.0 22 160 M M 1 29 190
15 77 69 73 10 0 8 T M M 13.3 26 130 M M 7 35 140
16 84 69 77 14 0 12 T M M 11.1 24 160 M M 4 1 34 170
17 86 70 78 15 0 13 0.00 M M 10.4 21 160 M M 5 1 27 170
18 85 59 72 8 0 7 0.00 M M 12.2 21 350 M M 6 1 28 300
19 68 57 63 -1 2 0 0.00 M M 9.5 17 10 M M 9 22 10
20 61 48 55 -9 10 0 2.12 M M 11.6 26 80 M M 10 13 42 70
21 66 45 56 -8 9 0 0.00 M M 8.7 18 20 M M 4 24 30
22 70 40 55 -9 10 0 0.00 M M 7.8 17 170 M M 0 1 27 140
23 77 53 65 0 0 0 0.00 M M 12.8 26 190 M M 5 35 180
================================================================================
SM 1722 1220 83 64 6.02 M 237.7 M 86
================================================================================
AV 74.9 53.0 10.3 FASTST M M 4 MAX(MPH)
MISC ----> 36 350 51 350
================================================================================
NOTES:
# LAST OF SEVERAL OCCURRENCES
COLUMN 17 PEAK WIND IN M.P.H.
PRELIMINARY LOCAL CLIMATOLOGICAL DATA (WS FORM: F-6) , PAGE 2
STATION: DENTON
MONTH: APRIL
YEAR: 2024
LATITUDE: 33 12 N
LONGITUDE: 97 12 W
[TEMPERATURE DATA] [PRECIPITATION DATA] SYMBOLS USED IN COLUMN 16
AVERAGE MONTHLY: 64.0 TOTAL FOR MONTH: 6.02 1 = FOG OR MIST
DPTR FM NORMAL: 1.5 DPTR FM NORMAL: 3.52 2 = FOG REDUCING VISIBILITY
HIGHEST: 86 ON 17 GRTST 24HR 3.46 ON 8- 9 TO 1/4 MILE OR LESS
LOWEST: 39 ON 4 3 = THUNDER
SNOW, ICE PELLETS, HAIL 4 = ICE PELLETS
TOTAL MONTH: M 5 = HAIL
GRTST 24HR M ON M 6 = FREEZING RAIN OR DRIZZLE
GRTST DEPTH: M ON M 7 = DUSTSTORM OR SANDSTORM:
VSBY 1/2 MILE OR LESS
8 = SMOKE OR HAZE
[NO. OF DAYS WITH] [WEATHER - DAYS WITH] 9 = BLOWING SNOW
X = TORNADO
MAX 32 OR BELOW: 0 0.01 INCH OR MORE: 5
MAX 90 OR ABOVE: 0 0.10 INCH OR MORE: 5
MIN 32 OR BELOW: 0 0.50 INCH OR MORE: 3
MIN 0 OR BELOW: 0 1.00 INCH OR MORE: 2
[HDD (BASE 65) ]
TOTAL THIS MO. 83 CLEAR (SCALE 0-3) 10
DPTR FM NORMAL -27 PTCLDY (SCALE 4-7) 9
TOTAL FM JUL 1 2314 CLOUDY (SCALE 8-10) 4
DPTR FM NORMAL -286
[CDD (BASE 65) ]
TOTAL THIS MO. 64
DPTR FM NORMAL 13 [PRESSURE DATA]
TOTAL FM JAN 1 117 HIGHEST SLP M ON M
DPTR FM NORMAL 34 LOWEST SLP 29.49 ON 1
[REMARKS]