000
CXUS54 KFWD 010730
CF6DTO
PRELIMINARY LOCAL CLIMATOLOGICAL DATA (WS FORM: F-6)
STATION: DENTON
MONTH: JUNE
YEAR: 2021
LATITUDE: 33 12 N
LONGITUDE: 97 12 W
TEMPERATURE IN F: :PCPN: SNOW: WIND :SUNSHINE: SKY :PK WND
================================================================================
1 2 3 4 5 6A 6B 7 8 9 10 11 12 13 14 15 16 17 18
12Z AVG MX 2MIN
DY MAX MIN AVG DEP HDD CDD WTR SNW DPTH SPD SPD DIR MIN PSBL S-S WX SPD DR
================================================================================
1 70 59 65 -13 0 0 0.03 M M 6.3 13 310 M M 8 18 18 290
2 80 54 67 -11 0 2 T M M 4.0 12 60 M M 2 18 23 50
3 84 60 72 -6 0 7 0.00 M M 3.4 12 170 M M 1 16 150
4 82 61 72 -6 0 7 0.00 M M 5.2 14 120 M M 3 1 20 150
5 85 69 77 -1 0 12 0.20 M M 5.6 15 10 M M 6 13 21 30
6 88 67 78 -1 0 13 0.00 M M 9.2 16 170 M M 4 24 180
7 81 67 74 -5 0 9 1.02 M M 6.7 18 320 M M 5 13 29 300
8 89 72 81 2 0 16 0.02 M M 9.1 20 160 M M 3 13 25 170
9 90 76 83 4 0 18 0.00 M M 9.2 17 180 M M 6 23 160
10 91 77 84 4 0 19 0.00 M M 10.2 16 150 M M 5 24 140
11 93 76 85 5 0 20 0.00 M M 13.1 23 180 M M 2 30 180
12 93 69 81 1 0 16 1.01 M M 4.9 31 350 M M 2 13 43 360
13 97 72 85 5 0 20 0.00 M M 3.4 10 310 M M 0 14 130
14 96 74 85 5 0 20 0.00 M M 6.0 14 30 M M 0 21 360
15 95 71 83 3 0 18 0.00 M M 2.6 10 90 M M 0 13 80
16 96 69 83 2 0 18 0.00 M M 2.8 9 140 M M 0 1 14 110
17 98 70 84 3 0 19 0.00 M M 4.4 12 140 M M 0 18 16 130
18 95 74 85 4 0 20 0.00 M M 7.0 14 160 M M 0 20 140
19 94 65 80 -1 0 15 0.00 M M 5.8 14 160 M M 0 1 21 150
20 97 74 86 5 0 21 0.00 M M 12.0 22 160 M M 0 30 190
21 88 69 79 -2 0 14 T M M 11.7 30 360 M M 6 138 39 10
22 87 63 75 -7 0 10 T M M 7.5 14 180 M M 2 19 120
23 96 76 86 4 0 21 0.00 M M 12.3 22 170 M M 5 28 160
24 97 79 88 6 0 23 0.00 M M 14.9 22 160 M M 0 29 160
25 97 78 88 6 0 23 0.00 M M 15.7 25 170 M M 1 32 180
26 96 78 87 5 0 22 0.00 M M 14.4 26 170 M M 3 37 180
27 95 75 85 3 0 20 0.00 M M 9.6 21 130 M M 2 3 29 120
28 90 73 82 0 0 17 T M M 5.8 20 130 M M 5 13 25 140
29 91 73 82 0 0 17 T M M 9.2 21 170 M M 6 1 26 170
30 92 73 83 0 0 18 T M M 3.6 9 150 M M 4 15 180
================================================================================
SM 2723 2113 0 475 2.28 M 235.6 M 81
================================================================================
AV 90.8 70.4 7.9 FASTST M M 3 MAX(MPH)
MISC ----> 31 350 43 360
================================================================================
NOTES:
# LAST OF SEVERAL OCCURRENCES
COLUMN 17 PEAK WIND IN M.P.H.
PRELIMINARY LOCAL CLIMATOLOGICAL DATA (WS FORM: F-6) , PAGE 2
STATION: DENTON
MONTH: JUNE
YEAR: 2021
LATITUDE: 33 12 N
LONGITUDE: 97 12 W
[TEMPERATURE DATA] [PRECIPITATION DATA] SYMBOLS USED IN COLUMN 16
AVERAGE MONTHLY: 80.6 TOTAL FOR MONTH: 2.28 1 = FOG OR MIST
DPTR FM NORMAL: 0.3 DPTR FM NORMAL: -1.39 2 = FOG REDUCING VISIBILITY
HIGHEST: 98 ON 17 GRTST 24HR 1.09 ON 31- 1 TO 1/4 MILE OR LESS
LOWEST: 54 ON 2 3 = THUNDER
SNOW, ICE PELLETS, HAIL 4 = ICE PELLETS
TOTAL MONTH: M 5 = HAIL
GRTST 24HR M ON M 6 = FREEZING RAIN OR DRIZZLE
GRTST DEPTH: M ON M 7 = DUSTSTORM OR SANDSTORM:
VSBY 1/2 MILE OR LESS
8 = SMOKE OR HAZE
[NO. OF DAYS WITH] [WEATHER - DAYS WITH] 9 = BLOWING SNOW
X = TORNADO
MAX 32 OR BELOW: 0 0.01 INCH OR MORE: 5
MAX 90 OR ABOVE: 20 0.10 INCH OR MORE: 3
MIN 32 OR BELOW: 0 0.50 INCH OR MORE: 2
MIN 0 OR BELOW: 0 1.00 INCH OR MORE: 2
[HDD (BASE 65) ]
TOTAL THIS MO. 0 CLEAR (SCALE 0-3) 17
DPTR FM NORMAL 0 PTCLDY (SCALE 4-7) 12
TOTAL FM JUL 1 2743 CLOUDY (SCALE 8-10) 1
DPTR FM NORMAL 106
[CDD (BASE 65) ]
TOTAL THIS MO. 475
DPTR FM NORMAL 15 [PRESSURE DATA]
TOTAL FM JAN 1 683 HIGHEST SLP M ON M
DPTR FM NORMAL -122 LOWEST SLP 29.67 ON 20
[REMARKS]
#FINAL-06-21#