000
CXUS54 KFWD 010731
CF6DTO
PRELIMINARY LOCAL CLIMATOLOGICAL DATA (WS FORM: F-6)
STATION: DENTON
MONTH: AUGUST
YEAR: 2020
LATITUDE: 33 12 N
LONGITUDE: 97 12 W
TEMPERATURE IN F: :PCPN: SNOW: WIND :SUNSHINE: SKY :PK WND
================================================================================
1 2 3 4 5 6A 6B 7 8 9 10 11 12 13 14 15 16 17 18
12Z AVG MX 2MIN
DY MAX MIN AVG DEP HDD CDD WTR SNW DPTH SPD SPD DIR MIN PSBL S-S WX SPD DR
================================================================================
1 91 66 79 -6 0 14 0.00 0.0 0 2.5 9 30 M M 1 13 30
2 94 67 81 -4 0 16 0.00 0.0 0 3.5 14 340 M M 0 18 340
3 91 69 80 -5 0 15 0.00 0.0 0 6.3 14 40 M M 0 19 30
4 92 67 80 -5 0 15 0.00 0.0 0 5.8 12 50 M M 1 18 70
5 89 74 82 -3 0 17 0.00 0.0 0 8.2 21 110 M M 2 29 110
6 99 76 88 3 0 23 0.00 0.0 0 9.4 17 160 M M 1 23 170
7 98 79 89 4 0 24 0.00 0.0 0 12.5 21 180 M M 0 28 170
8 99 77 88 3 0 23 0.00 0.0 0 10.7 22 160 M M 0 28 170
9 99 79 89 4 0 24 0.00 0.0 0 10.4 18 160 M M 0 27 150
10 100 78 89 4 0 24 0.00 0.0 0 12.4 21 160 M M 0 29 160
11 100 81 91 6 0 26 0.00 0.0 0 10.4 17 170 M M 1 26 160
12 102 82 92 8 0 27 0.00 0.0 0 9.1 15 120 M M 0 20 140
13 103 79 91 7 0 26 0.00 0.0 0 9.9 18 160 M M 0 25 150
14 105 79 92 8 0 27 0.00 0.0 0 9.7 16 180 M M 0 22 180
15 103 82 93 9 0 28 0.00 0.0 0 8.0 14 70 M M 0 21 80
16 104 71 88 4 0 23 0.11 0.0 0 7.7 43 350 M M 0 38 59 340
17 95 72 84 0 0 19 0.00 0.0 0 4.4 13 250 M M 0 17 250
18 96 68 82 -2 0 17 0.00 0.0 0 6.2 20 20 M M 0 25 350
19 93 61 77 -7 0 12 0.00 0.0 0 4.4 15 30 M M 0 21 40
20 93 62 78 -6 0 13 0.00 0.0 0 4.0 13 80 M M 0 18 70
21 94 63 79 -4 0 14 0.00 0.0 0 4.5 12 80 M M 0 17 100
22 96 68 82 -1 0 17 0.00 0.0 0 5.1 14 110 M M 0 18 100
23 97 67 82 -1 0 17 0.00 0.0 0 3.2 12 130 M M 1 18 150
24 97 67 82 -1 0 17 0.00 0.0 0 4.2 16 100 M M 0 22 140
25 97 67 82 -1 0 17 0.00 0.0 0 5.3 13 110 M M 1 19 20
26 96 73 85 3 0 20 0.79 0.0 0 5.1 23 40 M M 3 13 36 40
27 92 71 82 0 0 17 0.39 0.0 0 4.7 31 290 M M 2 13 43 290
28 104 71 88 6 0 23 0.00 0.0 0 6.5 16 160 M M 1 23 140
29 106 78 92 10 0 27 T 0.0 0 9.4 26 230 M M 1 3 39 230
30 96 72 84 2 0 19 0.60 0.0 0 8.9 32 330 M M 3 13 45 330
31 97 81 89 8 0 24 T 0.0 0 9.0 20 160 M M 0 3 24 140
================================================================================
SM 3018 2247 0 625 1.89 0.0 221.4 M 18
================================================================================
AV 97.4 72.5 7.1 FASTST M M 1 MAX(MPH)
MISC ----> # 43 350 # 59 340
================================================================================
NOTES:
# LAST OF SEVERAL OCCURRENCES
COLUMN 17 PEAK WIND IN M.P.H.
PRELIMINARY LOCAL CLIMATOLOGICAL DATA (WS FORM: F-6) , PAGE 2
STATION: DENTON
MONTH: AUGUST
YEAR: 2020
LATITUDE: 33 12 N
LONGITUDE: 97 12 W
[TEMPERATURE DATA] [PRECIPITATION DATA] SYMBOLS USED IN COLUMN 16
AVERAGE MONTHLY: 84.9 TOTAL FOR MONTH: 1.89 1 = FOG OR MIST
DPTR FM NORMAL: 1.1 DPTR FM NORMAL: 0.12 2 = FOG REDUCING VISIBILITY
HIGHEST: 106 ON 29 GRTST 24HR 0.79 ON 26-26 TO 1/4 MILE OR LESS
LOWEST: 61 ON 19 3 = THUNDER
SNOW, ICE PELLETS, HAIL 4 = ICE PELLETS
TOTAL MONTH: 0.0 INCH 5 = HAIL
GRTST 24HR 0.0 6 = FREEZING RAIN OR DRIZZLE
GRTST DEPTH: 0 7 = DUSTSTORM OR SANDSTORM:
VSBY 1/2 MILE OR LESS
8 = SMOKE OR HAZE
[NO. OF DAYS WITH] [WEATHER - DAYS WITH] 9 = BLOWING SNOW
X = TORNADO
MAX 32 OR BELOW: 0 0.01 INCH OR MORE: 4
MAX 90 OR ABOVE: 30 0.10 INCH OR MORE: 4
MIN 32 OR BELOW: 0 0.50 INCH OR MORE: 2
MIN 0 OR BELOW: 0 1.00 INCH OR MORE: 0
[HDD (BASE 65) ]
TOTAL THIS MO. 0 CLEAR (SCALE 0-3) 31
DPTR FM NORMAL 0 PTCLDY (SCALE 4-7) 0
TOTAL FM JUL 1 0 CLOUDY (SCALE 8-10) 0
DPTR FM NORMAL 0
[CDD (BASE 65) ]
TOTAL THIS MO. 625
DPTR FM NORMAL 44 [PRESSURE DATA]
TOTAL FM JAN 1 2172 HIGHEST SLP M ON M
DPTR FM NORMAL 216 LOWEST SLP 29.63 ON 30
[REMARKS]
#FINAL-08-20#