000
CXUS55 KTWC 010855
CF6DUG
PRELIMINARY LOCAL CLIMATOLOGICAL DATA (WS FORM: F-6)
STATION: DOUGLAS AZ
MONTH: APRIL
YEAR: 2023
LATITUDE: 31 28 N
LONGITUDE: 109 36 W
TEMPERATURE IN F: :PCPN: SNOW: WIND :SUNSHINE: SKY :PK WND
================================================================================
1 2 3 4 5 6A 6B 7 8 9 10 11 12 13 14 15 16 17 18
12Z AVG MX 2MIN
DY MAX MIN AVG DEP HDD CDD WTR SNW DPTH SPD SPD DIR MIN PSBL S-S WX SPD DR
================================================================================
1 80 28 54 -3 11 0 0.00 M M 9.0 24 250 M M 0 35 240
2 81 34 58 0 7 0 0.00 M M 6.5 16 230 M M 0 25 230
3 80 36 58 0 7 0 0.00 M M 14.2 29 220 M M M 60 230
4 65 32 49 -9 16 0 0.00 M M 15.6 28 270 M M M 8 39 250
5 66 20 43 -15 22 0 0.00 M M 7.0 13 360 M M M 16 330
6 76 26 51 -7 14 0 0.00 M M 7.6 18 150 M M M 27 150
7 76 34 55 -4 10 0 0.00 M M 5.8 17 160 M M M 24 180
8 81 37 59 0 6 0 0.00 M M 6.9 17 260 M M M 27 170
9 83 37 60 1 5 0 0.00 M M 5.7 14 360 M M M 18 290
10 88 36 62 3 3 0 0.00 M M 6.7 21 110 M M 0 28 100
11 90 53 72 12 0 7 T M M 11.7 28 70 M M M 8 40 190
12 88 49 69 9 0 4 0.00 M M 8.8 24 210 M M 0 35 220
13 80 51 66 6 0 1 0.00 M M 13.9 32 240 M M 0 53 220
14 76 45 61 1 4 0 0.00 M M 12.2 30 230 M M 0 41 230
15 78 37 58 -2 7 0 0.00 M M 3.5 12 160 M M 0 19 140
16 85 38 62 2 3 0 0.00 M M 4.4 18 230 M M 0 25 240
17 84 42 63 2 2 0 0.00 M M 10.9 25 230 M M 0 33 250
18 82 49 66 5 0 1 0.00 M M 10.1 23 260 M M 0 43 290
19 82 42 62 1 3 0 0.00 M M 12.3 30 240 M M 0 42 250
20 82 38 60 -1 5 0 0.00 M M 10.9 25 330 M M 0 32 330
21 84 35 60 -2 5 0 0.00 M M 6.8 16 330 M M 0 22 240
22 86 42 64 2 1 0 0.00 M M 8.8 25 310 M M 0 33 280
23 86 46 66 4 0 1 0.00 M M 7.9 24 250 M M 0 32 270
24 83 47 65 3 0 0 0.00 M M 10.0 24 250 M M 0 35 220
25 84 49 67 4 0 2 0.00 M M 10.8 30 250 M M 0 46 210
26 82 48 65 2 0 0 0.00 M M 8.4 21 340 M M 0 33 300
27 86 38 62 -1 3 0 0.00 M M 7.7 25 330 M M 0 35 340
28 87 45 66 3 0 1 0.00 M M 8.7 21 290 M M 0 34 320
29 88 46 67 3 0 2 0.00 M M 5.6 15 140 M M 0 22 130
30 92 43 68 4 0 3 0.00 M M 6.4 23 230 M M 0 29 230
================================================================================
SM 2461 1203 134 22 T M 264.8 M 0
================================================================================
AV 82.0 40.1 8.8 FASTST M M 0 MAX(MPH)
MISC ----> 32 240 60 230
================================================================================
NOTES:
# LAST OF SEVERAL OCCURRENCES
COLUMN 17 PEAK WIND IN M.P.H.
PRELIMINARY LOCAL CLIMATOLOGICAL DATA (WS FORM: F-6) , PAGE 2
STATION: DOUGLAS AZ
MONTH: APRIL
YEAR: 2023
LATITUDE: 31 28 N
LONGITUDE: 109 36 W
[TEMPERATURE DATA] [PRECIPITATION DATA] SYMBOLS USED IN COLUMN 16
AVERAGE MONTHLY: 61.1 TOTAL FOR MONTH: T 1 = FOG OR MIST
DPTR FM NORMAL: 0.6 DPTR FM NORMAL: -0.11 2 = FOG REDUCING VISIBILITY
HIGHEST: 92 ON 30 GRTST 24HR T ON 11-11 TO 1/4 MILE OR LESS
LOWEST: 20 ON 5 3 = THUNDER
SNOW, ICE PELLETS, HAIL 4 = ICE PELLETS
TOTAL MONTH: M 5 = HAIL
GRTST 24HR M ON M 6 = FREEZING RAIN OR DRIZZLE
GRTST DEPTH: M ON M 7 = DUSTSTORM OR SANDSTORM:
VSBY 1/2 MILE OR LESS
8 = SMOKE OR HAZE
[NO. OF DAYS WITH] [WEATHER - DAYS WITH] 9 = BLOWING SNOW
X = TORNADO
MAX 32 OR BELOW: 0 0.01 INCH OR MORE: 0
MAX 90 OR ABOVE: 2 0.10 INCH OR MORE: 0
MIN 32 OR BELOW: 4 0.50 INCH OR MORE: 0
MIN 0 OR BELOW: 0 1.00 INCH OR MORE: 0
[HDD (BASE 65) ]
TOTAL THIS MO. 134 CLEAR (SCALE 0-3) 22
DPTR FM NORMAL -21 PTCLDY (SCALE 4-7) 0
TOTAL FM JUL 1 2574 CLOUDY (SCALE 8-10) 8
DPTR FM NORMAL -74
[CDD (BASE 65) ]
TOTAL THIS MO. 22
DPTR FM NORMAL 2 [PRESSURE DATA]
TOTAL FM JAN 1 22 HIGHEST SLP M ON M
DPTR FM NORMAL 1 LOWEST SLP 29.56 ON 13
[REMARKS]
#FINAL-04-23#