000
CXUS51 KPBZ 010730
CF6DUJ
PRELIMINARY LOCAL CLIMATOLOGICAL DATA (WS FORM: F-6)
STATION: DUBOIS PA
MONTH: APRIL
YEAR: 2023
LATITUDE: 41 10 N
LONGITUDE: 78 54 W
TEMPERATURE IN F: :PCPN: SNOW: WIND :SUNSHINE: SKY :PK WND
================================================================================
1 2 3 4 5 6A 6B 7 8 9 10 11 12 13 14 15 16 17 18
12Z AVG MX 2MIN
DY MAX MIN AVG DEP HDD CDD WTR SNW DPTH SPD SPD DIR MIN PSBL S-S WX SPD DR
================================================================================
1 69 34 52 11 13 0 0.39 M M 17.4 37 250 M M 8 138 52 240
2 46 29 38 -3 27 0 T M M 7.7 22 320 M M 3 8 32 310
3 67 34 51 9 14 0 0.00 M M 6.9 21 250 M M 4 30 220
4 70 45 58 16 7 0 0.00 M M 7.4 15 260 M M 3 22 250
5 85 57 71 28 0 6 0.04 M M 9.9 28 220 M M 3 37 220
6 61 41 51 8 14 0 0.02 M M 9.3 20 320 M M 8 18 27 330
7 49 31 40 -4 25 0 0.00 M M 8.6 16 330 M M 0 24 330
8 54 25 40 -4 25 0 0.00 M M 4.9 12 60 M M 0 15 60
9 59 31 45 1 20 0 0.00 M M 4.0 12 60 M M 0 15 30
10 66 35 51 6 14 0 0.00 M M 3.7 12 220 M M 0 16 210
11 71 41 56 11 9 0 0.00 M M 9.3 22 270 M M 0 29 230
12 78 52 65 19 0 0 0.00 M M 12.6 26 260 M M 0 33 260
13 82 55 69 23 0 4 0.00 M M 8.8 16 240 M M 0 26 230
14 86 54 70 23 0 5 0.00 M M 4.7 12 240 M M 0 15 220
15 76 55 66 19 0 1 0.48 M M 6.8 22 50 M M 3 13 28 40
16 78 49 64 16 1 0 0.63 M M 8.2 35 270 M M 6 123 42 280
17 49 35 42 -6 23 0 0.09 M M 11.2 25 230 M M 10 18 34 230
18 39 33 36 -12 29 0 T M M 12.5 24 270 M M 10 8 32 270
19 61 32 47 -2 18 0 0.00 M M 8.5 18 260 M M 1 27 240
20 80 44 62 13 3 0 0.00 M M 7.0 20 230 M M 1 25 250
21 82 56 69 19 0 4 0.22 M M 9.0 20 350 M M 2 13 30 220
22 61 41 51 1 14 0 0.19 M M 7.3 20 200 M M 8 1 34 220
23 44 36 40 -10 25 0 0.00 M M 5.9 16 250 M M 9 12 21 250
24 47 33 40 -11 25 0 0.05 M M 7.1 18 240 M M 9 18 24 230
25 51 30 41 -10 24 0 0.00 M M 3.7 13 240 M M 8 12 18 220
26 56 37 47 -5 18 0 0.00 M M 4.9 16 280 M M 6 23 260
27 65 34 50 -2 15 0 0.00 M M 5.8 13 110 M M 0 17 100
28 53 44 49 -3 16 0 0.55 M M 12.2 22 110 M M 10 18 31 120
29 53 44 49 -4 16 0 0.02 M M 7.3 15 120 M M 10 1 21 110
30 56 42 49 -4 16 0 0.47 M M 8.0 18 300 M M 10 1 25 120
================================================================================
SM 1894 1209 411 20 3.15 M 240.6 M 132
================================================================================
AV 63.1 40.3 8.0 FASTST M M 4 MAX(MPH)
MISC ----> 37 250 52 240
================================================================================
NOTES:
# LAST OF SEVERAL OCCURRENCES
COLUMN 17 PEAK WIND IN M.P.H.
PRELIMINARY LOCAL CLIMATOLOGICAL DATA (WS FORM: F-6) , PAGE 2
STATION: DUBOIS PA
MONTH: APRIL
YEAR: 2023
LATITUDE: 41 10 N
LONGITUDE: 78 54 W
[TEMPERATURE DATA] [PRECIPITATION DATA] SYMBOLS USED IN COLUMN 16
AVERAGE MONTHLY: 51.7 TOTAL FOR MONTH: 3.15 1 = FOG OR MIST
DPTR FM NORMAL: 4.5 DPTR FM NORMAL: -0.57 2 = FOG REDUCING VISIBILITY
HIGHEST: 86 ON 14 GRTST 24HR 0.80 ON 31- 1 TO 1/4 MILE OR LESS
LOWEST: 25 ON 8 3 = THUNDER
SNOW, ICE PELLETS, HAIL 4 = ICE PELLETS
TOTAL MONTH: M 5 = HAIL
GRTST 24HR M ON M 6 = FREEZING RAIN OR DRIZZLE
GRTST DEPTH: M ON M 7 = DUSTSTORM OR SANDSTORM:
VSBY 1/2 MILE OR LESS
8 = SMOKE OR HAZE
[NO. OF DAYS WITH] [WEATHER - DAYS WITH] 9 = BLOWING SNOW
X = TORNADO
MAX 32 OR BELOW: 0 0.01 INCH OR MORE: 12
MAX 90 OR ABOVE: 0 0.10 INCH OR MORE: 7
MIN 32 OR BELOW: 6 0.50 INCH OR MORE: 2
MIN 0 OR BELOW: 0 1.00 INCH OR MORE: 0
[HDD (BASE 65) ]
TOTAL THIS MO. 411 CLEAR (SCALE 0-3) 14
DPTR FM NORMAL -128 PTCLDY (SCALE 4-7) 8
TOTAL FM JUL 1 5257 CLOUDY (SCALE 8-10) 8
DPTR FM NORMAL -1080
[CDD (BASE 65) ]
TOTAL THIS MO. 20
DPTR FM NORMAL 16 [PRESSURE DATA]
TOTAL FM JAN 1 20 HIGHEST SLP 30.54 ON 8
DPTR FM NORMAL 16 LOWEST SLP 29.24 ON 1
[REMARKS]
#FINAL-04-23#