000
CXUS55 KDVN 011000
CF6DVN
PRELIMINARY LOCAL CLIMATOLOGICAL DATA (WS FORM: F-6)
STATION: DAVENPORT IA
MONTH: OCTOBER
YEAR: 2022
LATITUDE: 41 37 N
LONGITUDE: 90 35 W
TEMPERATURE IN F: :PCPN: SNOW: WIND :SUNSHINE: SKY :PK WND
================================================================================
1 2 3 4 5 6A 6B 7 8 9 10 11 12 13 14 15 16 17 18
12Z AVG MX 2MIN
DY MAX MIN AVG DEP HDD CDD WTR SNW DPTH SPD SPD DIR MIN PSBL S-S WX SPD DR
================================================================================
1 72 40 56 -3 9 0 0.00 0.0 0 5.7 12 40 M M 0 1 16 30
2 72 48 60 2 5 0 0.00 0.0 0 6.5 15 70 M M 2 21 20
3 72 44 58 0 7 0 0.00 0.0 0 5.3 10 100 M M 0 15 150
4 74 39 57 -1 8 0 0.00 0.0 0 4.9 9 190 M M 0 13 160
5 76 39 58 1 7 0 0.06 0.0 0 4.5 12 250 M M 3 17 250
6 75 44 60 3 5 0 0.00 0.0 0 7.1 21 340 M M 3 12 30 350
7 57 36 47 -9 18 0 0.00 0.0 0 7.6 15 360 M M 4 20 20
8 61 30 46 -10 19 0 0.00 0.0 0 7.5 17 260 M M 0 26 250
9 71 37 54 -2 11 0 0.00 0.0 0 6.1 12 220 M M 0 17 220
10 74 38 56 1 9 0 0.00 0.0 0 4.4 9 320 M M 0 11 330
11 65 51 58 3 7 0 0.29 0.0 0 11.5 21 180 M M 5 1 31 180
12 66 42 54 0 11 0 0.09 0.0 0 13.0 32 300 M M 5 1 46 300
13 52 36 44 -10 21 0 0.00 0.0 0 11.5 28 280 M M 5 40 280
14 60 32 46 -8 19 0 T 0.0 0 9.3 24 290 M M 3 40 310
15 57 29 43 -10 22 0 0.00 0.0 0 8.9 17 210 M M 0 25 210
16 57 37 47 -6 18 0 0.00 0.0 0 11.7 22 300 M M 4 34 300
17 45 30 38 -14 27 0 T T 0 13.4 24 320 M M 4 35 310
18 50 24 37 -15 28 0 0.00 0.0 0 12.3 24 310 M M 2 35 300
19 50 21 36 -15 29 0 0.00 0.0 0 9.9 21 280 M M 0 30 270
20 69 29 49 -2 16 0 0.00 0.0 0 5.6 16 250 M M 1 22 280
21 80 37 59 9 6 0 0.00 0.0 0 9.5 21 200 M M 0 28 200
22 83 59 71 21 0 6 0.00 0.0 0 13.9 22 160 M M 0 32 190
23 79 61 70 20 0 5 0.04 0.0 0 14.1 23 150 M M 2 3 36 160
24 74 51 63 14 2 0 0.14 0.0 0 13.8 28 180 M M 4 1 40 180
25 51 42 47 -2 18 0 0.46 0.0 0 8.6 22 350 M M 10 1 31 340
26 57 34 46 -2 19 0 0.00 0.0 0 6.8 15 280 M M 0 22 310
27 57 34 46 -2 19 0 0.00 0.0 0 7.4 17 110 M M 0 24 110
28 61 33 47 0 18 0 0.00 0.0 0 4.9 10 110 M M 0 1 13 120
29 64 31 48 1 17 0 0.00 0.0 0 4.3 8 100 M M 0 18 13 160
30 62 42 52 6 13 0 T 0.0 0 5.2 12 40 M M 4 18 15 30
31 68 37 53 7 12 0 0.00 0.0 0 4.4 10 280 M M 1 18 16 280
================================================================================
SM 2011 1187 420 11 1.08 T 259.6 M 62
================================================================================
AV 64.9 38.3 8.4 FASTST M M 2 MAX(MPH)
MISC ----> 32 300 46 300
================================================================================
NOTES:
# LAST OF SEVERAL OCCURRENCES
COLUMN 17 PEAK WIND IN M.P.H.
PRELIMINARY LOCAL CLIMATOLOGICAL DATA (WS FORM: F-6) , PAGE 2
STATION: DAVENPORT IA
MONTH: OCTOBER
YEAR: 2022
LATITUDE: 41 37 N
LONGITUDE: 90 35 W
[TEMPERATURE DATA] [PRECIPITATION DATA] SYMBOLS USED IN COLUMN 16
AVERAGE MONTHLY: 51.6 TOTAL FOR MONTH: 1.08 1 = FOG OR MIST
DPTR FM NORMAL: -0.9 DPTR FM NORMAL: -1.62 2 = FOG REDUCING VISIBILITY
HIGHEST: 83 ON 22 GRTST 24HR 0.50 ON 24-25 TO 1/4 MILE OR LESS
LOWEST: 21 ON 19 3 = THUNDER
SNOW, ICE PELLETS, HAIL 4 = ICE PELLETS
TOTAL MONTH: T 5 = HAIL
GRTST 24HR T ON 17-17 6 = FREEZING RAIN OR DRIZZLE
GRTST DEPTH: 0 7 = DUSTSTORM OR SANDSTORM:
VSBY 1/2 MILE OR LESS
8 = SMOKE OR HAZE
[NO. OF DAYS WITH] [WEATHER - DAYS WITH] 9 = BLOWING SNOW
X = TORNADO
MAX 32 OR BELOW: 0 0.01 INCH OR MORE: 6
MAX 90 OR ABOVE: 0 0.10 INCH OR MORE: 3
MIN 32 OR BELOW: 8 0.50 INCH OR MORE: 0
MIN 0 OR BELOW: 0 1.00 INCH OR MORE: 0
[HDD (BASE 65) ]
TOTAL THIS MO. 420 CLEAR (SCALE 0-3) 20
DPTR FM NORMAL 18 PTCLDY (SCALE 4-7) 10
TOTAL FM JUL 1 522 CLOUDY (SCALE 8-10) 1
DPTR FM NORMAL 4
[CDD (BASE 65) ]
TOTAL THIS MO. 11
DPTR FM NORMAL -5 [PRESSURE DATA]
TOTAL FM JAN 1 1013 HIGHEST SLP 30.49 ON 7
DPTR FM NORMAL 134 LOWEST SLP 29.55 ON 14
[REMARKS]
#FINAL-10-22#