000
CXUS55 KDVN 011100
CF6DVN
PRELIMINARY LOCAL CLIMATOLOGICAL DATA (WS FORM: F-6)
STATION: DAVENPORT IA
MONTH: DECEMBER
YEAR: 2021
LATITUDE: 41 37 N
LONGITUDE: 90 35 W
TEMPERATURE IN F: :PCPN: SNOW: WIND :SUNSHINE: SKY :PK WND
================================================================================
1 2 3 4 5 6A 6B 7 8 9 10 11 12 13 14 15 16 17 18
12Z AVG MX 2MIN
DY MAX MIN AVG DEP HDD CDD WTR SNW DPTH SPD SPD DIR MIN PSBL S-S WX SPD DR
================================================================================
1 53 38 46 13 19 0 0.01 0.0 0 9.9 18 220 M M 3 26 230
2 55 35 45 13 20 0 0.00 0.0 0 11.1 25 310 M M 3 34 310
3 55 34 45 13 20 0 0.00 0.0 0 7.6 13 30 M M 0 18 70
4 44 22 33 2 32 0 0.00 0.0 0 5.8 12 100 M M 6 12 16 100
5 41 33 37 6 28 0 0.02 0.0 0 10.9 31 280 M M 7 1 43 280
6 33 7 20 -11 45 0 0.00 0.0 0 21.5 36 290 M M 2 47 300
7 28 5 17 -13 48 0 0.00 0.0 0 10.4 22 150 M M 5 29 140
8 34 20 27 -3 38 0 0.00 0.0 0 8.9 17 280 M M 0 23 270
9 53 27 40 10 25 0 0.00 0.0 0 11.4 25 150 M M 2 36 150
10 53 31 42 13 23 0 1.15 0.0 0 12.4 25 100 M M 4 13 34 100
11 49 31 40 11 25 0 T T 0 19.6 36 280 M M 4 1 48 300
12 50 30 40 11 25 0 0.00 0.0 0 13.8 23 200 M M 0 32 210
13 50 31 41 13 24 0 0.00 0.0 0 7.5 14 250 M M 0 20 190
14 56 31 44 16 21 0 0.00 0.0 0 11.8 20 150 M M 3 24 140
15 73 56 65 37 0 0 0.03 0.0 0 25.1 41 160 M M 7 8 59 210
16 59 25 42 15 23 0 0.00 0.0 0 18.0 44 240 M M 3 8 63 240
17 39 17 28 1 37 0 0.00 0.0 0 7.6 17 70 M M 4 24 70
18 36 21 29 2 36 0 T 0.1 T 10.9 18 320 M M 5 16 24 320
19 34 14 24 -2 41 0 0.00 0.0 0 8.9 21 190 M M 0 29 180
20 40 22 31 5 34 0 0.00 0.0 0 10.5 20 190 M M 0 25 180
21 39 16 28 2 37 0 0.00 0.0 0 12.1 28 280 M M 0 37 250
22 33 13 23 -3 42 0 0.00 0.0 0 8.9 16 160 M M 0 24 300
23 50 25 38 13 27 0 0.00 0.0 0 10.2 22 180 M M 0 29 220
24 60 34 47 22 18 0 0.00 0.0 0 8.1 18 170 M M 6 12 25 170
25 51 28 40 15 25 0 T 0.0 0 6.8 18 10 M M 4 12 25 10
26 41 21 31 6 34 0 0.17 T 0 9.9 33 90 M M 2 135 44 90
27 41 28 35 11 30 0 0.03 0.0 0 11.5 25 280 M M 5 123 33 290
28 34 28 31 7 34 0 0.42 3.6 0 11.1 24 110 M M 9 12 35 110
29 33 12 23 -1 42 0 T 0.2 2 10.0 18 310 M M 4 24 310
30 32 23 28 4 37 0 T 0.0 2 7.0 13 90 M M 10 12 15 90
31 32 29 31 7 34 0 T 0.0 2 11.2 21 360 M M 10 16 27 10
================================================================================
SM 1381 787 924 0 1.83 3.9 350.4 M 108
================================================================================
AV 44.5 25.4 11.3 FASTST M M 3 MAX(MPH)
MISC ----> 44 240 63 240
================================================================================
NOTES:
# LAST OF SEVERAL OCCURRENCES
COLUMN 17 PEAK WIND IN M.P.H.
PRELIMINARY LOCAL CLIMATOLOGICAL DATA (WS FORM: F-6) , PAGE 2
STATION: DAVENPORT IA
MONTH: DECEMBER
YEAR: 2021
LATITUDE: 41 37 N
LONGITUDE: 90 35 W
[TEMPERATURE DATA] [PRECIPITATION DATA] SYMBOLS USED IN COLUMN 16
AVERAGE MONTHLY: 35.0 TOTAL FOR MONTH: 1.83 1 = FOG OR MIST
DPTR FM NORMAL: 7.4 DPTR FM NORMAL: 0.19 2 = FOG REDUCING VISIBILITY
HIGHEST: 73 ON 15 GRTST 24HR 1.15 ON 10-10 TO 1/4 MILE OR LESS
LOWEST: 5 ON 7 3 = THUNDER
SNOW, ICE PELLETS, HAIL 4 = ICE PELLETS
TOTAL MONTH: 3.9 INCHES 5 = HAIL
GRTST 24HR 3.6 ON 28-28 6 = FREEZING RAIN OR DRIZZLE
GRTST DEPTH: 2 ON 31,30 7 = DUSTSTORM OR SANDSTORM:
VSBY 1/2 MILE OR LESS
8 = SMOKE OR HAZE
[NO. OF DAYS WITH] [WEATHER - DAYS WITH] 9 = BLOWING SNOW
X = TORNADO
MAX 32 OR BELOW: 3 0.01 INCH OR MORE: 7
MAX 90 OR ABOVE: 0 0.10 INCH OR MORE: 3
MIN 32 OR BELOW: 25 0.50 INCH OR MORE: 1
MIN 0 OR BELOW: 0 1.00 INCH OR MORE: 1
[HDD (BASE 65) ]
TOTAL THIS MO. 924 CLEAR (SCALE 0-3) 14
DPTR FM NORMAL -235 PTCLDY (SCALE 4-7) 14
TOTAL FM JUL 1 1958 CLOUDY (SCALE 8-10) 3
DPTR FM NORMAL -494
[CDD (BASE 65) ]
TOTAL THIS MO. 0
DPTR FM NORMAL 0 [PRESSURE DATA]
TOTAL FM JAN 1 1098 HIGHEST SLP 30.42 ON 19
DPTR FM NORMAL 219 LOWEST SLP 29.22 ON 11
[REMARKS]
#FINAL-12-21#