000
CXUS56 KOTX 010910
CF6EAT
PRELIMINARY LOCAL CLIMATOLOGICAL DATA (WS FORM: F-6)
STATION: WENATCHEE WA PANGBORN FIELD
MONTH: OCTOBER
YEAR: 2022
LATITUDE: 47 23 N
LONGITUDE: 120 12 W
TEMPERATURE IN F: :PCPN: SNOW: WIND :SUNSHINE: SKY :PK WND
================================================================================
1 2 3 4 5 6A 6B 7 8 9 10 11 12 13 14 15 16 17 18
12Z AVG MX 2MIN
DY MAX MIN AVG DEP HDD CDD WTR SNW DPTH SPD SPD DIR MIN PSBL S-S WX SPD DR
================================================================================
1 79 52 66 8 0 1 0.00 M M 5.3 12 290 M M 0 8 14 320
2 81 53 67 9 0 2 0.00 M M 6.9 15 300 M M 3 8 17 300
3 79 54 67 10 0 2 0.00 M M 4.3 13 270 M M 4 8 16 330
4 80 52 66 9 0 1 0.00 M M 6.3 14 300 M M 3 8 16 300
5 79 54 67 11 0 2 0.00 M M 5.7 14 310 M M 5 8 16 310
6 80 52 66 10 0 1 0.00 M M 4.5 14 290 M M 1 8 16 290
7 80 53 67 12 0 2 0.00 M M 3.4 14 310 M M 0 8 15 310
8 77 52 65 10 0 0 0.00 M M 5.3 14 290 M M 4 8 16 290
9 77 51 64 10 1 0 0.00 M M 5.2 13 290 M M 4 8 14 320
10 78 49 64 10 1 0 T M M 8.9 36 310 M M 3 8 43 310
11 74 54 64 11 1 0 0.00 M M 8.3 18 300 M M 0 8 23 300
12 76 47 62 9 3 0 0.00 M M 3.0 12 270 M M 0 8 12 270
13 74 48 61 9 4 0 0.00 M M 4.3 10 80 M M 0 8 13 100
14 70 46 58 6 7 0 0.00 M M 3.6 12 300 M M 6 8 13 300
15 75 48 62 11 3 0 0.00 M M 4.4 13 280 M M 0 8 16 280
16 74 46 60 9 5 0 0.00 M M 4.0 10 320 M M 0 14 290
17 74 45 60 10 5 0 0.00 M M 5.2 14 320 M M 0 8 15 330
18 71 44 58 8 7 0 0.00 M M 3.8 12 300 M M 0 8 14 300
19 69 44 57 8 8 0 0.00 M M 3.7 9 280 M M 5 8 11 290
20 61 45 53 5 12 0 0.00 M M 3.4 9 90 M M 3 18 11 100
21 58 46 52 4 13 0 0.01 M M 9.9 20 300 M M 4 8 23 290
22 58 42 50 2 15 0 0.00 M M 9.7 21 300 M M 5 8 26 300
23 56 36 46 -1 19 0 0.00 M M 5.4 16 320 M M 1 19 330
24 53 39 46 0 19 0 0.01 M M 7.1 29 280 M M 6 36 280
25 54 36 45 -1 20 0 T M M 7.4 20 140 M M 5 29 140
26 56 39 48 2 17 0 0.00 M M 10.2 22 300 M M 1 27 300
27 61 37 49 4 16 0 0.00 M M 4.2 15 90 M M 1 19 100
28 59 43 51 6 14 0 0.00 M M 5.9 15 310 M M 2 17 300
29 57 35 46 2 19 0 0.00 M M 2.5 9 320 M M 0 11 320
30 61 40 51 7 14 0 0.00 M M 3.5 15 270 M M 6 22 270
31 61 47 54 11 11 0 T M M 9.0 28 250 M M 5 33 240
================================================================================
SM 2142 1429 234 11 0.02 M 174.3 M 77
================================================================================
AV 69.1 46.1 5.6 FASTST M M 2 MAX(MPH)
MISC ----> 36 310 43 310
================================================================================
NOTES:
# LAST OF SEVERAL OCCURRENCES
COLUMN 17 PEAK WIND IN M.P.H.
PRELIMINARY LOCAL CLIMATOLOGICAL DATA (WS FORM: F-6) , PAGE 2
STATION: WENATCHEE WA PANGBORN FIELD
MONTH: OCTOBER
YEAR: 2022
LATITUDE: 47 23 N
LONGITUDE: 120 12 W
[TEMPERATURE DATA] [PRECIPITATION DATA] SYMBOLS USED IN COLUMN 16
AVERAGE MONTHLY: 57.6 TOTAL FOR MONTH: 0.02 1 = FOG OR MIST
DPTR FM NORMAL: 6.9 DPTR FM NORMAL: -0.60 2 = FOG REDUCING VISIBILITY
HIGHEST: 81 ON 2 GRTST 24HR 0.01 ON 21-21 TO 1/4 MILE OR LESS
LOWEST: 35 ON 29 3 = THUNDER
SNOW, ICE PELLETS, HAIL 4 = ICE PELLETS
TOTAL MONTH: M 5 = HAIL
GRTST 24HR M ON M 6 = FREEZING RAIN OR DRIZZLE
GRTST DEPTH: M ON M 7 = DUSTSTORM OR SANDSTORM:
VSBY 1/2 MILE OR LESS
8 = SMOKE OR HAZE
[NO. OF DAYS WITH] [WEATHER - DAYS WITH] 9 = BLOWING SNOW
X = TORNADO
MAX 32 OR BELOW: 0 0.01 INCH OR MORE: 2
MAX 90 OR ABOVE: 0 0.10 INCH OR MORE: 0
MIN 32 OR BELOW: 0 0.50 INCH OR MORE: 0
MIN 0 OR BELOW: 0 1.00 INCH OR MORE: 0
[HDD (BASE 65) ]
TOTAL THIS MO. 234 CLEAR (SCALE 0-3) 16
DPTR FM NORMAL -212 PTCLDY (SCALE 4-7) 15
TOTAL FM JUL 1 253 CLOUDY (SCALE 8-10) 0
DPTR FM NORMAL -295
[CDD (BASE 65) ]
TOTAL THIS MO. 11
DPTR FM NORMAL 9 [PRESSURE DATA]
TOTAL FM JAN 1 1021 HIGHEST SLP M ON M
DPTR FM NORMAL 214 LOWEST SLP 29.53 ON 21
[REMARKS]
#FINAL-10-22#