000
CXUS53 KEAX 010736
CF6EAX
PRELIMINARY LOCAL CLIMATOLOGICAL DATA (WS FORM: F-6)
STATION: PLEASANT HILL NWS MO
MONTH: MAY
YEAR: 2022
LATITUDE: 38 48 N
LONGITUDE: 94 16 W
TEMPERATURE IN F: :PCPN: SNOW: WIND :SUNSHINE: SKY :PK WND
================================================================================
1 2 3 4 5 6A 6B 7 8 9 10 11 12 13 14 15 16 17 18
12Z AVG MX 2MIN
DY MAX MIN AVG DEP HDD CDD WTR SNW DPTH SPD SPD DIR MIN PSBL S-S WX SPD DR
================================================================================
1 71 47 59 -1 6 0 0.00 0.0 0 M M M M M M M M
2 58 48 53 -7 12 0 0.98 0.0 0 M M M M M M 13 M M
3 54 45 50 -10 15 0 0.01 0.0 0 M M M M M M M M
4 53 49 51 -10 14 0 0.67 0.0 0 M M M M M M 13 M M
5 68 51 60 -1 5 0 0.35 0.0 0 M M M M M M 3 M M
6 67 52 60 -1 5 0 0.03 0.0 0 M M M M M M M M
7 74 48 61 -1 4 0 0.00 0.0 0 M M M M M M M M
8 76 57 67 5 0 2 T 0.0 0 M M M M M M M M
9 88 66 77 15 0 12 0.00 0.0 0 M M M M M M M M
10 88 72 80 17 0 15 0.00 0.0 0 M M M M M M M M
11 89 71 80 17 0 15 0.00 0.0 0 M M M M M M M M
12 90 69 80 17 0 15 0.00 0.0 0 M M M M M M M M
13 84 63 74 10 0 9 0.04 0.0 0 M M M M M M 3 M M
14 88 64 76 12 0 11 0.00 0.0 0 M M M M M M M M
15 74 55 65 1 0 0 0.91 0.0 0 M M M M M M 3 M M
16 79 51 65 0 0 0 0.00 0.0 0 M M M M M M M M
17 80 56 68 3 0 3 0.36 0.0 0 M M M M M M 3 M M
18 83 60 72 6 0 7 0.52 0.0 0 M M M M M M 3 M M
19 79 61 70 4 0 5 0.00 0.0 0 M M M M M M M M
20 78 56 67 1 0 2 0.06 0.0 0 M M M M M M 3 M M
21 61 48 55 -12 10 0 0.10 0.0 0 M M M M M M 3 M M
22 67 45 56 -11 9 0 0.00 0.0 0 M M M M M M M M
23 66 46 56 -11 9 0 0.00 0.0 0 M M M M M M M M
24 61 53 57 -11 8 0 1.93 0.0 0 M M M M M M M M
25 72 55 64 -4 1 0 0.75 0.0 0 M M M M M M M M
26 65 52 59 -9 6 0 0.16 0.0 0 M M M M M M M M
27 78 48 63 -6 2 0 0.00 0.0 0 M M M M M M M M
28 82 56 69 0 0 4 0.00 0.0 0 M M M M M M M M
29 88 67 78 9 0 13 0.00 0.0 0 M M M M M M M M
30 83 69 76 6 0 11 0.00 0.0 0 M M M M M M M M
31 78 65 72 2 0 7 2.13 0.0 0 M M M M M M 3 M M
================================================================================
SM 2322 1745 106 131 9.00 0.0 M M M
================================================================================
AV 74.9 56.3 M FASTST M M M MAX(MPH)
MISC ----> M M M M
================================================================================
NOTES:
# LAST OF SEVERAL OCCURRENCES
COLUMN 17 PEAK WIND IN M.P.H.
PRELIMINARY LOCAL CLIMATOLOGICAL DATA (WS FORM: F-6) , PAGE 2
STATION: PLEASANT HILL NWS MO
MONTH: MAY
YEAR: 2022
LATITUDE: 38 48 N
LONGITUDE: 94 16 W
[TEMPERATURE DATA] [PRECIPITATION DATA] SYMBOLS USED IN COLUMN 16
AVERAGE MONTHLY: 65.6 TOTAL FOR MONTH: 9.00 1 = FOG OR MIST
DPTR FM NORMAL: 0.8 DPTR FM NORMAL: 3.23 2 = FOG REDUCING VISIBILITY
HIGHEST: 90 ON 12 GRTST 24HR 2.13 ON 31-31 TO 1/4 MILE OR LESS
LOWEST: 45 ON 22, 3 3 = THUNDER
SNOW, ICE PELLETS, HAIL 4 = ICE PELLETS
TOTAL MONTH: 0.0 INCH 5 = HAIL
GRTST 24HR 0.0 6 = FREEZING RAIN OR DRIZZLE
GRTST DEPTH: 0 7 = DUSTSTORM OR SANDSTORM:
VSBY 1/2 MILE OR LESS
8 = SMOKE OR HAZE
[NO. OF DAYS WITH] [WEATHER - DAYS WITH] 9 = BLOWING SNOW
X = TORNADO
MAX 32 OR BELOW: 0 0.01 INCH OR MORE: 15
MAX 90 OR ABOVE: 1 0.10 INCH OR MORE: 11
MIN 32 OR BELOW: 0 0.50 INCH OR MORE: 7
MIN 0 OR BELOW: 0 1.00 INCH OR MORE: 2
[HDD (BASE 65) ]
TOTAL THIS MO. 106 CLEAR (SCALE 0-3) 0
DPTR FM NORMAL 2 PTCLDY (SCALE 4-7) 0
TOTAL FM JUL 1 4438 CLOUDY (SCALE 8-10) 31
DPTR FM NORMAL -475
[CDD (BASE 65) ]
TOTAL THIS MO. 131
DPTR FM NORMAL 32 [PRESSURE DATA]
TOTAL FM JAN 1 142 HIGHEST SLP M ON M
DPTR FM NORMAL 25 LOWEST SLP M ON M
[REMARKS]
#FINAL-05-22#