000
CXUS55 KEAX 010836
CF6EAX
PRELIMINARY LOCAL CLIMATOLOGICAL DATA (WS FORM: F-6)
STATION: PLEASANT HILL NWS MO
MONTH: DECEMBER
YEAR: 2020
LATITUDE: 38 48 N
LONGITUDE: 94 16 W
TEMPERATURE IN F: :PCPN: SNOW: WIND :SUNSHINE: SKY :PK WND
================================================================================
1 2 3 4 5 6A 6B 7 8 9 10 11 12 13 14 15 16 17 18
12Z AVG MX 2MIN
DY MAX MIN AVG DEP HDD CDD WTR SNW DPTH SPD SPD DIR MIN PSBL S-S WX SPD DR
================================================================================
1 51 19 35 -2 30 0 0.00 0.0 0 M M M M M M M M
2 53 30 42 6 23 0 0.00 0.0 0 M M M M M M M M
3 39 30 35 -1 30 0 0.03 0.0 0 M M M M M M M M
4 53 27 40 5 25 0 0.00 0.0 0 M M M M M M M M
5 53 31 42 7 23 0 0.00 0.0 0 M M M M M M M M
6 47 31 39 5 26 0 0.00 0.0 0 M M M M M M M M
7 54 30 42 8 23 0 0.00 0.0 0 M M M M M 0 1 M M
8 56 23 40 6 25 0 0.00 0.0 0 M M M M M M 1 M M
9 68 38 53 20 12 0 0.00 0.0 0 M M M M M M M M
10 68 36 52 19 13 0 0.00 0.0 0 M M M M M M M M
11 51 39 45 12 20 0 0.10 0.0 0 M M M M M M M M
12 39 32 36 4 29 0 T 0.0 0 M M M M M M M M
13 35 24 30 -2 35 0 0.00 0.0 0 M M M M M M M M
14 36 18 27 -5 38 0 0.00 0.0 0 M M M M M M M M
15 31 21 26 -6 39 0 0.00 0.0 0 M M M M M M M M
16 34 21 28 -3 37 0 0.00 0.0 0 M M M M M M M M
17 49 25 37 6 28 0 0.00 0.0 0 M M M M M M M M
18 54 30 42 11 23 0 0.00 0.0 0 M M M M M M M M
19 41 28 35 4 30 0 0.00 0.0 0 M M M M M M M M
20 53 28 41 11 24 0 0.00 0.0 0 M M M M M M M M
21 58 37 48 18 17 0 0.00 0.0 0 M M M M M M M M
22 62 30 46 16 19 0 0.00 0.0 0 M M M M M M M M
23 58 23 41 11 24 0 T T 0 M M M M M M M M
24 26 14 20 -10 45 0 T T 0 M M M M M M M M
25 35 8 22 -8 43 0 0.00 0.0 0 M M M M M M M M
26 57 23 40 11 25 0 0.00 0.0 0 M M M M M M M M
27 57 37 47 18 18 0 0.00 0.0 0 M M M M M M M M
28 37 27 32 3 33 0 T T 0 M M M M M M M M
29 42 27 35 6 30 0 0.92 0.4 0 M M M M M M 146 M M
30 37 22 30 1 35 0 0.03 0.0 0 M M M M M M M M
31 36 18 27 -2 38 0 0.00 0.0 0 M M M M M M M M
================================================================================
SM 1470 827 860 0 1.08 0.4 M M 0
================================================================================
AV 47.4 26.7 M FASTST M M 0 MAX(MPH)
MISC ----> M M M M
================================================================================
NOTES:
# LAST OF SEVERAL OCCURRENCES
COLUMN 17 PEAK WIND IN M.P.H.
PRELIMINARY LOCAL CLIMATOLOGICAL DATA (WS FORM: F-6) , PAGE 2
STATION: PLEASANT HILL NWS MO
MONTH: DECEMBER
YEAR: 2020
LATITUDE: 38 48 N
LONGITUDE: 94 16 W
[TEMPERATURE DATA] [PRECIPITATION DATA] SYMBOLS USED IN COLUMN 16
AVERAGE MONTHLY: 37.0 TOTAL FOR MONTH: 1.08 1 = FOG OR MIST
DPTR FM NORMAL: 5.2 DPTR FM NORMAL: -0.82 2 = FOG REDUCING VISIBILITY
HIGHEST: 68 ON 10, 9 GRTST 24HR 0.92 ON 29-29 TO 1/4 MILE OR LESS
LOWEST: 8 ON 25 3 = THUNDER
SNOW, ICE PELLETS, HAIL 4 = ICE PELLETS
TOTAL MONTH: 0.4 INCH 5 = HAIL
GRTST 24HR 0.4 ON 29-29 6 = FREEZING RAIN OR DRIZZLE
GRTST DEPTH: 0 7 = DUSTSTORM OR SANDSTORM:
VSBY 1/2 MILE OR LESS
8 = SMOKE OR HAZE
[NO. OF DAYS WITH] [WEATHER - DAYS WITH] 9 = BLOWING SNOW
X = TORNADO
MAX 32 OR BELOW: 2 0.01 INCH OR MORE: 4
MAX 90 OR ABOVE: 0 0.10 INCH OR MORE: 2
MIN 32 OR BELOW: 26 0.50 INCH OR MORE: 1
MIN 0 OR BELOW: 0 1.00 INCH OR MORE: 0
[HDD (BASE 65) ]
TOTAL THIS MO. 860 CLEAR (SCALE 0-3) 1
DPTR FM NORMAL -169 PTCLDY (SCALE 4-7) 0
TOTAL FM JUL 1 1772 CLOUDY (SCALE 8-10) 30
DPTR FM NORMAL -242
[CDD (BASE 65) ]
TOTAL THIS MO. 0
DPTR FM NORMAL 0 [PRESSURE DATA]
TOTAL FM JAN 1 1288 HIGHEST SLP M ON M
DPTR FM NORMAL -10 LOWEST SLP M ON M
[REMARKS]
#FINAL-12-20#