000
CXUS51 KAKQ 010710
CF6ECG
PRELIMINARY LOCAL CLIMATOLOGICAL DATA (WS FORM: F-6)
STATION: ELIZABETH CITY NC
MONTH: OCTOBER
YEAR: 2021
LATITUDE: 36 16 N
LONGITUDE: 76 11 W
TEMPERATURE IN F: :PCPN: SNOW: WIND :SUNSHINE: SKY :PK WND
================================================================================
1 2 3 4 5 6A 6B 7 8 9 10 11 12 13 14 15 16 17 18
12Z AVG MX 2MIN
DY MAX MIN AVG DEP HDD CDD WTR SNW DPTH SPD SPD DIR MIN PSBL S-S WX SPD DR
================================================================================
1 77 54 66 -3 0 1 0.00 0.0 0 5.5 13 70 M M 0 16 70
2 80 50 65 -3 0 0 0.00 0.0 0 4.7 13 160 M M 2 1 16 150
3 85 63 74 6 0 9 0.00 0.0 0 9.6 17 230 M M 0 22 250
4 85 63 74 6 0 9 0.00 0.0 0 7.1 16 220 M M 1 20 220
5 87 66 77 10 0 12 0.00 0.0 0 4.4 17 120 M M 1 12 21 120
6 83 67 75 8 0 10 0.00 0.0 0 9.2 17 60 M M 3 1 22 60
7 76 70 73 6 0 8 0.00 0.0 0 11.7 17 40 M M 9 21 30
8 79 70 75 9 0 10 0.00 0.0 0 11.5 20 40 M M 9 22 30
9 75 70 73 7 0 8 0.50 0.0 0 13.1 22 30 M M 9 1 28 20
10 77 69 73 7 0 8 0.31 0.0 0 19.1 28 40 M M 9 1 36 40
11 71 67 69 4 0 4 0.03 0.0 0 13.4 23 30 M M 10 1 29 30
12 75 66 71 6 0 6 0.06 0.0 0 9.7 16 10 M M 10 1 20 290
13 77 64 71 7 0 6 0.01 0.0 0 6.2 13 10 M M 9 1 15 350
14 82 58 70 6 0 5 0.00 0.0 0 3.8 13 350 M M 3 128 20 340
15 83 57 70 6 0 5 0.00 0.0 0 3.2 10 120 M M 4 12 13 290
16 85 62 74 11 0 9 0.26 0.0 0 11.8 30 320 M M 3 1 38 320
17 68 49 59 -4 6 0 0.00 0.0 0 11.0 22 330 M M 1 27 330
18 72 45 59 -3 6 0 0.00 0.0 0 9.2 20 300 M M 0 25 270
19 74 44 59 -3 6 0 0.00 0.0 0 5.9 14 280 M M 0 19 300
20 78 50 64 2 1 0 0.00 0.0 0 4.8 12 120 M M 0 8 15 160
21 79 49 64 3 1 0 0.00 0.0 0 9.7 21 220 M M 0 25 190
22 81 63 72 11 0 7 0.16 0.0 0 10.5 21 220 M M 6 13 26 210
23 76 52 64 4 1 0 0.00 0.0 0 5.2 14 270 M M 2 1 18 270
24 75 50 63 3 2 0 0.00 0.0 0 5.9 15 120 M M 1 1 18 100
25 76 64 70 10 0 5 0.33 0.0 0 5.9 29 210 M M 5 1 39 210
26 73 51 62 3 3 0 0.02 0.0 0 13.7 28 330 M M 5 13 38 310
27 71 48 60 1 5 0 0.00 0.0 0 9.2 18 290 M M 5 23 270
28 68 53 61 3 4 0 0.08 0.0 0 8.2 16 170 M M 8 1 22 140
29 78 57 68 10 0 3 0.56 0.0 0 13.6 25 180 M M 7 1 36 180
30 68 48 58 0 7 0 0.00 0.0 0 5.9 16 200 M M 2 18 20 200
31 72 51 62 5 3 0 0.00 0.0 0 8.7 16 250 M M 1 20 240
================================================================================
SM 2386 1790 45 125 2.32 0.0 271.4 M 125
================================================================================
AV 77.0 57.7 8.8 FASTST M M 4 MAX(MPH)
MISC ----> 30 320 39 210
================================================================================
NOTES:
# LAST OF SEVERAL OCCURRENCES
COLUMN 17 PEAK WIND IN M.P.H.
PRELIMINARY LOCAL CLIMATOLOGICAL DATA (WS FORM: F-6) , PAGE 2
STATION: ELIZABETH CITY NC
MONTH: OCTOBER
YEAR: 2021
LATITUDE: 36 16 N
LONGITUDE: 76 11 W
[TEMPERATURE DATA] [PRECIPITATION DATA] SYMBOLS USED IN COLUMN 16
AVERAGE MONTHLY: 67.4 TOTAL FOR MONTH: 2.32 1 = FOG OR MIST
DPTR FM NORMAL: 4.3 DPTR FM NORMAL: -1.31 2 = FOG REDUCING VISIBILITY
HIGHEST: 87 ON 5 GRTST 24HR 0.78 ON 9-10 TO 1/4 MILE OR LESS
LOWEST: 44 ON 19 3 = THUNDER
SNOW, ICE PELLETS, HAIL 4 = ICE PELLETS
TOTAL MONTH: 0.0 INCH 5 = HAIL
GRTST 24HR 0.0 6 = FREEZING RAIN OR DRIZZLE
GRTST DEPTH: 0 7 = DUSTSTORM OR SANDSTORM:
VSBY 1/2 MILE OR LESS
8 = SMOKE OR HAZE
[NO. OF DAYS WITH] [WEATHER - DAYS WITH] 9 = BLOWING SNOW
X = TORNADO
MAX 32 OR BELOW: 0 0.01 INCH OR MORE: 11
MAX 90 OR ABOVE: 0 0.10 INCH OR MORE: 6
MIN 32 OR BELOW: 0 0.50 INCH OR MORE: 2
MIN 0 OR BELOW: 0 1.00 INCH OR MORE: 0
[HDD (BASE 65) ]
TOTAL THIS MO. 45 CLEAR (SCALE 0-3) 16
DPTR FM NORMAL -86 PTCLDY (SCALE 4-7) 8
TOTAL FM JUL 1 45 CLOUDY (SCALE 8-10) 7
DPTR FM NORMAL -95
[CDD (BASE 65) ]
TOTAL THIS MO. 125
DPTR FM NORMAL 53 [PRESSURE DATA]
TOTAL FM JAN 1 1886 HIGHEST SLP M ON M
DPTR FM NORMAL 140 LOWEST SLP 29.45 ON 29
[REMARKS]
#FINAL-10-21#