000
CXUS51 KAKQ 010710
CF6ECG
PRELIMINARY LOCAL CLIMATOLOGICAL DATA (WS FORM: F-6)
STATION: ELIZABETH CITY NC
MONTH: SEPTEMBER
YEAR: 2021
LATITUDE: 36 16 N
LONGITUDE: 76 11 W
TEMPERATURE IN F: :PCPN: SNOW: WIND :SUNSHINE: SKY :PK WND
================================================================================
1 2 3 4 5 6A 6B 7 8 9 10 11 12 13 14 15 16 17 18
12Z AVG MX 2MIN
DY MAX MIN AVG DEP HDD CDD WTR SNW DPTH SPD SPD DIR MIN PSBL S-S WX SPD DR
================================================================================
1 90 77 84 7 0 19 0.14 0.0 0 12.8 31 180 M M 3 13 40 190
2 80 60 70 -6 0 5 T 0.0 0 11.5 23 280 M M 7 37 330
3 81 58 70 -6 0 5 0.00 0.0 0 7.5 15 40 M M 1 18 40
4 82 56 69 -7 0 4 0.00 0.0 0 3.5 13 110 M M 1 1 15 110
5 85 60 73 -3 0 8 0.00 0.0 0 7.1 14 220 M M 0 22 170
6 85 65 75 -1 0 10 0.00 0.0 0 7.1 14 340 M M 4 1 16 260
7 87 63 75 -1 0 10 0.00 0.0 0 4.1 15 120 M M 4 12 18 130
8 88 67 78 3 0 13 0.40 0.0 0 6.1 15 130 M M 3 123 20 110
9 80 67 74 -1 0 9 0.16 0.0 0 8.1 17 330 M M 7 1 23 350
10 79 61 70 -5 0 5 T 0.0 0 8.8 20 340 M M 0 24 340
11 81 56 69 -6 0 4 0.00 0.0 0 4.1 10 130 M M 1 13 110
12 85 61 73 -1 0 8 0.00 0.0 0 7.9 16 200 M M 0 22 190
13 88 66 77 3 0 12 0.00 0.0 0 7.5 13 230 M M 0 18 290
14 89 69 79 5 0 14 0.00 0.0 0 6.1 14 190 M M 0 18 190
15 87 67 77 3 0 12 0.01 0.0 0 5.0 17 130 M M 3 123 22 120
16 87 68 78 4 0 13 0.00 0.0 0 7.3 18 60 M M 2 12 21 60
17 84 73 79 6 0 14 0.05 0.0 0 12.6 22 30 M M 7 1 26 30
18 87 68 78 5 0 13 T 0.0 0 6.5 13 350 M M 1 15 350
19 89 66 78 5 0 13 0.00 0.0 0 7.1 17 40 M M 1 12 20 60
20 83 68 76 4 0 11 0.00 0.0 0 9.1 20 50 M M 0 29 50
21 85 70 78 6 0 13 0.00 0.0 0 8.2 16 110 M M 0 22 110
22 86 77 82 10 0 17 T 0.0 0 11.5 22 160 M M 2 29 170
23 80 66 73 1 0 8 0.94 0.0 0 8.8 26 170 M M 8 13 44 180
24 77 65 71 0 0 6 T 0.0 0 12.0 24 20 M M 6 29 10
25 80 56 68 -3 0 3 0.00 0.0 0 5.4 13 340 M M 2 16 310
26 77 54 66 -4 0 1 0.00 0.0 0 8.1 17 320 M M 0 23 340
27 80 53 67 -3 0 2 0.00 0.0 0 5.8 14 200 M M 0 22 210
28 86 62 74 4 0 9 0.00 0.0 0 7.9 17 230 M M 0 23 220
29 79 59 69 -1 0 4 0.00 0.0 0 8.1 15 40 M M 2 1 19 40
30 79 53 66 -3 0 1 0.00 0.0 0 2.3 10 140 M M 1 14 160
================================================================================
SM 2506 1911 0 266 1.70 0.0 227.9 M 66
================================================================================
AV 83.5 63.7 7.6 FASTST M M 2 MAX(MPH)
MISC ----> 31 180 44 180
================================================================================
NOTES:
# LAST OF SEVERAL OCCURRENCES
COLUMN 17 PEAK WIND IN M.P.H.
PRELIMINARY LOCAL CLIMATOLOGICAL DATA (WS FORM: F-6) , PAGE 2
STATION: ELIZABETH CITY NC
MONTH: SEPTEMBER
YEAR: 2021
LATITUDE: 36 16 N
LONGITUDE: 76 11 W
[TEMPERATURE DATA] [PRECIPITATION DATA] SYMBOLS USED IN COLUMN 16
AVERAGE MONTHLY: 73.6 TOTAL FOR MONTH: 1.70 1 = FOG OR MIST
DPTR FM NORMAL: 0.2 DPTR FM NORMAL: -2.82 2 = FOG REDUCING VISIBILITY
HIGHEST: 90 ON 1 GRTST 24HR 0.94 ON 22-23 TO 1/4 MILE OR LESS
LOWEST: 53 ON 30,27 3 = THUNDER
SNOW, ICE PELLETS, HAIL 4 = ICE PELLETS
TOTAL MONTH: 0.0 INCH 5 = HAIL
GRTST 24HR 0.0 6 = FREEZING RAIN OR DRIZZLE
GRTST DEPTH: 0 7 = DUSTSTORM OR SANDSTORM:
VSBY 1/2 MILE OR LESS
8 = SMOKE OR HAZE
[NO. OF DAYS WITH] [WEATHER - DAYS WITH] 9 = BLOWING SNOW
X = TORNADO
MAX 32 OR BELOW: 0 0.01 INCH OR MORE: 6
MAX 90 OR ABOVE: 1 0.10 INCH OR MORE: 4
MIN 32 OR BELOW: 0 0.50 INCH OR MORE: 1
MIN 0 OR BELOW: 0 1.00 INCH OR MORE: 0
[HDD (BASE 65) ]
TOTAL THIS MO. 0 CLEAR (SCALE 0-3) 23
DPTR FM NORMAL -8 PTCLDY (SCALE 4-7) 6
TOTAL FM JUL 1 0 CLOUDY (SCALE 8-10) 1
DPTR FM NORMAL -5
[CDD (BASE 65) ]
TOTAL THIS MO. 266
DPTR FM NORMAL 8 [PRESSURE DATA]
TOTAL FM JAN 1 1761 HIGHEST SLP M ON M
DPTR FM NORMAL 87 LOWEST SLP 29.62 ON 1
[REMARKS]
#FINAL-09-21#