000
CXUS51 KAKQ 090357
CF6ECG
PRELIMINARY LOCAL CLIMATOLOGICAL DATA (WS FORM: F-6)
STATION: ELIZABETH CITY NC
MONTH: JANUARY
YEAR: 2021
LATITUDE: 36 16 N
LONGITUDE: 76 11 W
TEMPERATURE IN F: :PCPN: SNOW: WIND :SUNSHINE: SKY :PK WND
================================================================================
1 2 3 4 5 6A 6B 7 8 9 10 11 12 13 14 15 16 17 18
12Z AVG MX 2MIN
DY MAX MIN AVG DEP HDD CDD WTR SNW DPTH SPD SPD DIR MIN PSBL S-S WX SPD DR
================================================================================
1 58 46 52 11 13 0 0.21 0.0 0 9.6 20 50 M M 10 1 26 50
2 66 50 58 17 7 0 0.21 0.0 0 8.6 22 210 M M 5 1 30 200
3 54 44 49 8 16 0 1.00 0.0 0 10.9 23 320 M M 10 13 30 310
4 51 39 45 4 20 0 0.00 0.0 0 9.5 18 340 M M 4 22 330
5 50 32 41 0 24 0 0.00 0.0 0 5.8 15 350 M M 4 1 19 330
6 44 31 38 -3 27 0 0.00 0.0 0 10.1 22 330 M M 7 27 320
7 47 29 38 -3 27 0 0.00 0.0 0 5.9 13 300 M M 0 20 330
8 44 34 39 -2 26 0 0.45 0.0 0 12.2 23 360 M M 9 1 27 30
9 45 32 39 -2 26 0 T 0.0 0 10.9 24 330 M M 2 29 340
10 50 29 40 -1 25 0 0.00 0.0 0 6.2 15 350 M M 0 17 360
11 49 27 38 -3 27 0 0.05 0.0 0 2.3 8 160 M M 4 1 14 220
12 50 31 41 0 24 0 0.06 0.0 0 4.5 10 20 M M 6 12 14 20
13 52 27 40 -1 25 0 T 0.0 0 3.9 14 170 M M 3 12 30 100
14 55 35 45 4 20 0 0.00 0.0 0 4.9 16 280 M M 2 1 20 280
15 58 31 45 4 20 0 0.02 0.0 0 6.2 18 220 M M 3 12 23 220
16 51 35 43 2 22 0 0.16 0.0 0 10.8 28 240 M M 5 1 37 250
17 50 31 41 0 24 0 0.00 0.0 0 9.2 17 250 M M 0 21 230
18 51 29 40 -1 25 0 0.00 0.0 0 10.7 25 290 M M 1 33 290
19 55 27 41 0 24 0 0.00 0.0 0 9.3 20 250 M M 0 29 230
20 52 28 40 -1 25 0 0.00 0.0 0 10.5 25 290 M M 0 36 320
21 56 28 42 0 23 0 T 0.0 0 6.4 15 260 M M 3 27 160
22 58 35 47 5 18 0 0.00 0.0 0 9.3 23 270 M M 0 30 280
23 46 28 37 -5 28 0 0.00 0.0 0 10.7 20 340 M M 0 26 340
24 46 27 37 -5 28 0 T 0.0 0 7.2 17 340 M M 2 20 340
25 44 38 41 -1 24 0 0.53 0.0 0 6.0 22 340 M M 10 1 25 340
26 52 44 48 6 17 0 0.81 0.0 0 7.0 14 350 M M 10 12 18 240
27 49 42 46 4 19 0 0.00 0.0 0 7.6 18 20 M M 9 1 22 30
28 42 30 36 -6 29 0 0.38 3.1 3 18.9 30 330 M M 5 1 37 320
29 36 23 30 -12 35 0 0.00 0.0 2 13.3 28 340 M M 0 35 320
30 39 21 30 -12 35 0 0.00 0.0 T 6.2 18 350 M M 0 24 340
31 52 30 41 -1 24 0 0.80 T 0 6.6 21 130 M M 9 1 26 130
================================================================================
SM 1552 1013 727 0 4.68 3.1 261.2 M 123
================================================================================
AV 50.1 32.7 8.4 FASTST M M 4 MAX(MPH)
MISC ----> 30 330 # 37 250
================================================================================
NOTES:
# LAST OF SEVERAL OCCURRENCES
COLUMN 17 PEAK WIND IN M.P.H.
PRELIMINARY LOCAL CLIMATOLOGICAL DATA (WS FORM: F-6) , PAGE 2
STATION: ELIZABETH CITY NC
MONTH: JANUARY
YEAR: 2021
LATITUDE: 36 16 N
LONGITUDE: 76 11 W
[TEMPERATURE DATA] [PRECIPITATION DATA] SYMBOLS USED IN COLUMN 16
AVERAGE MONTHLY: 41.4 TOTAL FOR MONTH: 4.68 1 = FOG OR MIST
DPTR FM NORMAL: 0.0 DPTR FM NORMAL: 1.42 2 = FOG REDUCING VISIBILITY
HIGHEST: 66 ON 2 GRTST 24HR 1.20 ON 31- 1 TO 1/4 MILE OR LESS
LOWEST: 21 ON 30 3 = THUNDER
SNOW, ICE PELLETS, HAIL 4 = ICE PELLETS
TOTAL MONTH: 3.1 INCHES 5 = HAIL
GRTST 24HR 3.1 ON 28-28 6 = FREEZING RAIN OR DRIZZLE
GRTST DEPTH: 3 ON 28 7 = DUSTSTORM OR SANDSTORM:
VSBY 1/2 MILE OR LESS
8 = SMOKE OR HAZE
[NO. OF DAYS WITH] [WEATHER - DAYS WITH] 9 = BLOWING SNOW
X = TORNADO
MAX 32 OR BELOW: 0 0.01 INCH OR MORE: 12
MAX 90 OR ABOVE: 0 0.10 INCH OR MORE: 9
MIN 32 OR BELOW: 20 0.50 INCH OR MORE: 4
MIN 0 OR BELOW: 0 1.00 INCH OR MORE: 1
[HDD (BASE 65) ]
TOTAL THIS MO. 727 CLEAR (SCALE 0-3) 15
DPTR FM NORMAL -5 PTCLDY (SCALE 4-7) 9
TOTAL FM JUL 1 1590 CLOUDY (SCALE 8-10) 7
DPTR FM NORMAL -299
[CDD (BASE 65) ]
TOTAL THIS MO. 0
DPTR FM NORMAL -1 [PRESSURE DATA]
TOTAL FM JAN 1 0 HIGHEST SLP 30.41 ON 30
DPTR FM NORMAL -1 LOWEST SLP 29.52 ON 16
[REMARKS]
#FINAL-01-21#