000
CXUS55 KGJT 010910
CF6EEO
PRELIMINARY LOCAL CLIMATOLOGICAL DATA (WS FORM: F-6)
STATION: MEEKER CO
MONTH: MAY
YEAR: 2022
LATITUDE: 40 2 N
LONGITUDE: 107 53 W
TEMPERATURE IN F: :PCPN: SNOW: WIND :SUNSHINE: SKY :PK WND
================================================================================
1 2 3 4 5 6A 6B 7 8 9 10 11 12 13 14 15 16 17 18
12Z AVG MX 2MIN
DY MAX MIN AVG DEP HDD CDD WTR SNW DPTH SPD SPD DIR MIN PSBL S-S WX SPD DR
================================================================================
1 70 30 50 2 15 0 0.01 M M 11.1 30 210 M M 3 43 220
2 59 36 48 0 17 0 0.11 M M 4.2 13 180 M M 7 1 22 190
3 60 32 46 -2 19 0 0.27 M M 7.0 26 260 M M 4 12 34 300
4 47 31 39 -9 26 0 0.06 M M 4.2 14 320 M M 10 1 17 330
5 66 33 50 1 15 0 T M M 3.8 17 220 M M 2 23 240
6 76 39 58 9 7 0 0.00 M M 7.1 22 230 M M 0 30 230
7 72 44 58 8 7 0 0.10 M M 12.9 28 260 M M 7 39 260
8 68 39 54 4 11 0 0.00 M M 12.8 47 20 M M 7 65 20
9 57 31 44 -6 21 0 0.00 M M 9.8 24 20 M M 3 37 300
10 68 23 46 -4 19 0 0.00 M M 9.1 39 220 M M 0 58 220
11 74 31 53 2 12 0 0.00 M M 15.1 33 190 M M 0 57 170
12 60 29 45 -6 20 0 0.00 M M 16.2 32 230 M M 4 47 190
13 66 25 46 -6 19 0 0.00 M M 7.0 26 250 M M 1 36 250
14 75 28 52 0 13 0 0.00 M M 6.8 24 250 M M 0 37 250
15 79 37 58 6 7 0 0.00 M M 5.2 17 320 M M 0 24 340
16 83 36 60 7 5 0 0.00 M M 5.1 22 220 M M 0 31 200
17 79 36 58 5 7 0 0.01 M M 7.1 32 210 M M 2 3 48 210
18 75 41 58 5 7 0 0.01 M M 4.7 18 250 M M 1 27 240
19 76 35 56 2 9 0 0.00 M M 16.2 39 10 M M 3 52 10
20 43 29 36 -18 29 0 0.36 M M 5.5 36 10 M M 7 12 49 20
21 55 22 39 -15 26 0 0.00 M M 3.9 18 140 M M 2 24 130
22 62 25 44 -11 21 0 0.00 M M 6.0 23 220 M M 3 34 210
23 56 34 45 -10 20 0 0.00 M M 7.7 20 40 M M 5 25 260
24 55 30 43 -12 22 0 0.05 M M 5.0 21 360 M M 3 26 30
25 68 26 47 -9 18 0 0.00 M M 4.9 20 240 M M 0 26 240
26 79 32 56 0 9 0 0.00 M M 4.8 18 260 M M 0 27 260
27 83 41 62 6 3 0 0.00 M M 8.0 31 250 M M 0 44 250
28 77 47 62 6 3 0 0.12 M M 11.8 38 230 M M 3 56 230
29 51 36 44 -13 21 0 1.01 M M 6.1 29 110 M M 8 13 38 280
30 52 33 43 -14 22 0 0.01 M M 6.0 22 200 M M 5 30 190
31 58 30 44 -13 21 0 T M M 5.0 16 10 M M 2 24 330
================================================================================
SM 2049 1021 471 0 2.12 M 240.1 M 92
================================================================================
AV 66.1 32.9 7.7 FASTST M M 3 MAX(MPH)
MISC ----> 47 20 65 20
================================================================================
NOTES:
# LAST OF SEVERAL OCCURRENCES
COLUMN 17 PEAK WIND IN M.P.H.
PRELIMINARY LOCAL CLIMATOLOGICAL DATA (WS FORM: F-6) , PAGE 2
STATION: MEEKER CO
MONTH: MAY
YEAR: 2022
LATITUDE: 40 2 N
LONGITUDE: 107 53 W
[TEMPERATURE DATA] [PRECIPITATION DATA] SYMBOLS USED IN COLUMN 16
AVERAGE MONTHLY: 49.5 TOTAL FOR MONTH: 2.12 1 = FOG OR MIST
DPTR FM NORMAL: -3.1 DPTR FM NORMAL: 0.38 2 = FOG REDUCING VISIBILITY
HIGHEST: 83 ON 27,16 GRTST 24HR 1.10 ON 28-29 TO 1/4 MILE OR LESS
LOWEST: 22 ON 21 3 = THUNDER
SNOW, ICE PELLETS, HAIL 4 = ICE PELLETS
TOTAL MONTH: M 5 = HAIL
GRTST 24HR M ON M 6 = FREEZING RAIN OR DRIZZLE
GRTST DEPTH: M ON M 7 = DUSTSTORM OR SANDSTORM:
VSBY 1/2 MILE OR LESS
8 = SMOKE OR HAZE
[NO. OF DAYS WITH] [WEATHER - DAYS WITH] 9 = BLOWING SNOW
X = TORNADO
MAX 32 OR BELOW: 0 0.01 INCH OR MORE: 12
MAX 90 OR ABOVE: 0 0.10 INCH OR MORE: 6
MIN 32 OR BELOW: 16 0.50 INCH OR MORE: 1
MIN 0 OR BELOW: 0 1.00 INCH OR MORE: 1
[HDD (BASE 65) ]
TOTAL THIS MO. 471 CLEAR (SCALE 0-3) 16
DPTR FM NORMAL 84 PTCLDY (SCALE 4-7) 13
TOTAL FM JUL 1 7702 CLOUDY (SCALE 8-10) 2
DPTR FM NORMAL 245
[CDD (BASE 65) ]
TOTAL THIS MO. 0
DPTR FM NORMAL -1 [PRESSURE DATA]
TOTAL FM JAN 1 0 HIGHEST SLP M ON M
DPTR FM NORMAL -1 LOWEST SLP 29.13 ON 8
[REMARKS]
#FINAL-05-22#