000
CXUS54 KBMX 011010
CF6EET
PRELIMINARY LOCAL CLIMATOLOGICAL DATA (WS FORM: F-6)
STATION: SHELBY COUNTY AIRPORT
MONTH: JUNE
YEAR: 2021
LATITUDE: 33 10 N
LONGITUDE: 86 47 W
TEMPERATURE IN F: :PCPN: SNOW: WIND :SUNSHINE: SKY :PK WND
================================================================================
1 2 3 4 5 6A 6B 7 8 9 10 11 12 13 14 15 16 17 18
12Z AVG MX 2MIN
DY MAX MIN AVG DEP HDD CDD WTR SNW DPTH SPD SPD DIR MIN PSBL S-S WX SPD DR
================================================================================
1 87 62 75 -1 0 10 0.00 0.0 0 5.0 13 150 M M 3 18 170
2 86 69 78 2 0 13 0.03 0.0 0 6.0 16 170 M M 7 1 24 180
3 81 69 75 -1 0 10 0.31 0.0 0 4.3 16 160 M M 7 138 21 160
4 81 66 74 -2 0 9 0.00 0.0 0 1.3 6 180 M M 2 12 9 170
5 85 70 78 1 0 13 T 0.0 0 2.4 10 190 M M 2 18 14 180
6 79 69 74 -3 0 9 2.06 0.0 0 3.8 20 300 M M 7 123 23 300
7 89 68 79 2 0 14 0.67 0.0 0 4.9 16 160 M M 7 13 22 150
8 89 67 78 1 0 13 0.09 0.0 0 3.9 24 190 M M 7 13 35 180
9 88 70 79 1 0 14 1.02 0.0 M 4.5 16 310 M M 7 1238 26 310
10 81 69 75 -3 0 10 0.41 0.0 0 1.7 10 250 M M 7 1 16 250
11 79 71 75 -3 0 10 0.30 0.0 0 2.5 7 290 M M 6 13 11 240
12 90 72 81 3 0 16 0.04 0.0 0 3.7 13 300 M M 5 138 17 310
13 92 69 81 3 0 16 0.00 0.0 0 2.2 14 310 M M 0 3 19 300
14 93 71 82 4 0 17 0.02 0.0 M 2.3 13 310 M M 2 13 19 320
15 91 67 79 0 0 14 0.00 0.0 0 3.8 15 310 M M 0 1 20 310
16 87 64 76 -3 0 11 0.00 0.0 0 2.1 10 360 M M 1 17 360
17 87 63 75 -4 0 10 0.00 0.0 0 2.0 9 10 M M 0 14 350
18 90 66 78 -1 0 13 0.00 0.0 0 3.5 15 190 M M 2 8 22 190
19 76 71 74 -5 0 9 3.00 0.0 0 4.9 12 70 M M 8 1 20 70
20 86 69 78 -1 0 13 0.22 0.0 0 5.5 14 310 M M 4 1 21 310
21 84 73 79 -1 0 14 0.10 0.0 0 6.0 14 220 M M 8 138 21 250
22 81 65 73 -7 0 8 0.05 0.0 0 4.4 13 310 M M 6 1 16 310
23 86 62 74 -6 0 9 0.00 0.0 0 2.0 7 290 M M 2 10 220
24 88 70 79 -1 0 14 0.00 0.0 0 4.2 10 130 M M 4 15 140
25 86 71 79 -1 0 14 0.00 0.0 0 5.3 12 160 M M 4 18 150
26 87 69 78 -2 0 13 0.00 0.0 0 3.1 13 160 M M 2 19 160
27 90 72 81 1 0 16 0.17 0.0 0 3.8 26 160 M M 3 18 35 160
28 90 71 81 1 0 16 0.00 0.0 0 2.9 12 140 M M 1 16 120
29 85 70 78 -2 0 13 0.43 0.0 0 2.1 10 170 M M 4 13 14 70
30 89 70 80 0 0 15 1.12 0.0 0 1.9 16 150 M M 4 13 23 140
================================================================================
SM 2583 2055 0 376 10.04 0.0 106.0 M 122
================================================================================
AV 86.1 68.5 3.5 FASTST M M 4 MAX(MPH)
MISC ----> 26 160 # 35 180
================================================================================
NOTES:
# LAST OF SEVERAL OCCURRENCES
COLUMN 17 PEAK WIND IN M.P.H.
PRELIMINARY LOCAL CLIMATOLOGICAL DATA (WS FORM: F-6) , PAGE 2
STATION: SHELBY COUNTY AIRPORT
MONTH: JUNE
YEAR: 2021
LATITUDE: 33 10 N
LONGITUDE: 86 47 W
[TEMPERATURE DATA] [PRECIPITATION DATA] SYMBOLS USED IN COLUMN 16
AVERAGE MONTHLY: 77.3 TOTAL FOR MONTH: 10.04 1 = FOG OR MIST
DPTR FM NORMAL: -1.2 DPTR FM NORMAL: 5.46 2 = FOG REDUCING VISIBILITY
HIGHEST: 93 ON 14 GRTST 24HR 3.22 ON 19-20 TO 1/4 MILE OR LESS
LOWEST: 62 ON 23, 1 3 = THUNDER
SNOW, ICE PELLETS, HAIL 4 = ICE PELLETS
TOTAL MONTH: 0.0 INCH 5 = HAIL
GRTST 24HR 0.0 6 = FREEZING RAIN OR DRIZZLE
GRTST DEPTH: 0 7 = DUSTSTORM OR SANDSTORM:
VSBY 1/2 MILE OR LESS
8 = SMOKE OR HAZE
[NO. OF DAYS WITH] [WEATHER - DAYS WITH] 9 = BLOWING SNOW
X = TORNADO
MAX 32 OR BELOW: 0 0.01 INCH OR MORE: 17
MAX 90 OR ABOVE: 7 0.10 INCH OR MORE: 12
MIN 32 OR BELOW: 0 0.50 INCH OR MORE: 5
MIN 0 OR BELOW: 0 1.00 INCH OR MORE: 4
[HDD (BASE 65) ]
TOTAL THIS MO. 0 CLEAR (SCALE 0-3) 13
DPTR FM NORMAL 0 PTCLDY (SCALE 4-7) 16
TOTAL FM JUL 1 2327 CLOUDY (SCALE 8-10) 1
DPTR FM NORMAL -52
[CDD (BASE 65) ]
TOTAL THIS MO. 376
DPTR FM NORMAL -29 [PRESSURE DATA]
TOTAL FM JAN 1 627 HIGHEST SLP 30.21 ON 29
DPTR FM NORMAL -108 LOWEST SLP 29.70 ON 19
[REMARKS]
#FINAL-06-21#