000
CXUS56 KEKA 042356
CF6EKA
PRELIMINARY LOCAL CLIMATOLOGICAL DATA (WS FORM: F-6)
STATION: EUREKA CA
MONTH: JULY
YEAR: 2022
LATITUDE: 40 47 N
LONGITUDE: 124 10 W
TEMPERATURE IN F: :PCPN: SNOW: WIND :SUNSHINE: SKY :PK WND
================================================================================
1 2 3 4 5 6A 6B 7 8 9 10 11 12 13 14 15 16 17 18
12Z AVG MX 2MIN
DY MAX MIN AVG DEP HDD CDD WTR SNW DPTH SPD SPD DIR MIN PSBL S-S WX SPD DR
================================================================================
1 61 53 57 0 8 0 0.01 0.0 0 2.9 6 30 M M 10 1 10 M
2 60 53 57 0 8 0 0.06 0.0 0 2.8 8 280 M M 10 1 10 M
3 61 53 57 0 8 0 0.11 0.0 0 2.9 7 330 M M 10 1 8 M
4 65 53 59 2 6 0 0.21 0.0 0 3.2 8 60 M M 10 1 8 M
5 64 56 60 3 5 0 0.35 0.0 0 3.0 9 270 M M 10 18 9 M
6 64 56 60 3 5 0 T 0.0 0 4.3 10 280 M M 10 1 13 M
7 65 55 60 3 5 0 0.00 0.0 0 3.3 10 330 M M 6 10 M
8 63 54 59 2 6 0 0.00 0.0 0 2.8 7 320 M M 9 1 7 M
9 67 55 61 4 4 0 0.00 0.0 0 4.9 12 330 M M 7 1 14 M
10 65 57 61 4 4 0 0.00 0.0 0 4.0 9 340 M M 5 1 12 M
11 69 53 61 3 4 0 0.00 0.0 0 4.1 10 280 M M 0 13 M
12 63 55 59 1 6 0 0.00 0.0 0 6.8 12 270 M M 9 1 15 M
13 63 53 58 0 7 0 0.00 0.0 0 6.7 13 M M M 6 1 14 M
14 60 53 57 -1 8 0 0.00 0.0 0 5.6 9 300 M M 9 10 M
15 66 51 59 1 6 0 0.00 0.0 0 5.3 9 310 M M 6 1 17 M
16 65 54 60 2 5 0 0.01 0.0 0 5.5 14 360 M M 6 1 17 M
17 63 53 58 0 7 0 0.00 0.0 0 4.3 12 330 M M 6 1 14 M
18 64 49 57 -1 8 0 0.00 0.0 0 3.6 7 310 M M 0 9 M
19 62 52 57 -1 8 0 0.00 0.0 0 4.1 12 280 M M 9 2 14 M
20 61 52 57 -1 8 0 0.00 0.0 0 3.9 9 260 M M 9 1 13 M
21 63 53 58 0 7 0 0.01 0.0 0 4.8 9 360 M M 8 1 13 M
22 63 55 59 1 6 0 0.00 0.0 0 5.4 9 360 M M 7 1 14 M
23 63 54 59 1 6 0 T 0.0 0 5.2 10 260 M M 6 1 13 M
24 61 51 56 -2 9 0 0.00 0.0 0 4.6 9 340 M M 9 1 10 M
25 58 51 55 -3 10 0 0.00 0.0 0 5.1 10 290 M M 9 1 14 M
26 63 51 57 -1 8 0 0.00 0.0 0 3.9 9 280 M M 6 1 12 M
27 62 51 57 -1 8 0 0.00 0.0 0 3.6 8 310 M M 6 1 9 M
28 66 53 60 2 5 0 0.00 0.0 0 4.0 8 M M M 9 1 11 M
29 63 56 60 2 5 0 T 0.0 0 4.8 10 270 M M 10 1 12 M
30 67 56 62 4 3 0 T 0.0 0 2.6 7 M M M 9 1 11 M
31 67 57 62 4 3 0 0.00 0.0 0 3.9 9 290 M M 8 12 M
================================================================================
SM 1967 1658 196 0 0.76 0.0 131.9 M 234
================================================================================
AV 63.5 53.5 4.3 FASTST M M 8 MAX(MPH)
MISC ----> 14 360 # 17 9999
================================================================================
NOTES:
# LAST OF SEVERAL OCCURRENCES
COLUMN 17 PEAK WIND IN M.P.H.
PRELIMINARY LOCAL CLIMATOLOGICAL DATA (WS FORM: F-6) , PAGE 2
STATION: EUREKA CA
MONTH: JULY
YEAR: 2022
LATITUDE: 40 47 N
LONGITUDE: 124 10 W
[TEMPERATURE DATA] [PRECIPITATION DATA] SYMBOLS USED IN COLUMN 16
AVERAGE MONTHLY: 58.5 TOTAL FOR MONTH: 0.76 1 = FOG OR MIST
DPTR FM NORMAL: 0.8 DPTR FM NORMAL: 0.58 2 = FOG REDUCING VISIBILITY
HIGHEST: 69 ON 11 GRTST 24HR 0.38 ON 4- 5 TO 1/4 MILE OR LESS
LOWEST: 49 ON 18 3 = THUNDER
SNOW, ICE PELLETS, HAIL 4 = ICE PELLETS
TOTAL MONTH: 0.0 INCH 5 = HAIL
GRTST 24HR 0.0 6 = FREEZING RAIN OR DRIZZLE
GRTST DEPTH: 0 7 = DUSTSTORM OR SANDSTORM:
VSBY 1/2 MILE OR LESS
8 = SMOKE OR HAZE
[NO. OF DAYS WITH] [WEATHER - DAYS WITH] 9 = BLOWING SNOW
X = TORNADO
MAX 32 OR BELOW: 0 0.01 INCH OR MORE: 7
MAX 90 OR ABOVE: 0 0.10 INCH OR MORE: 3
MIN 32 OR BELOW: 0 0.50 INCH OR MORE: 0
MIN 0 OR BELOW: 0 1.00 INCH OR MORE: 0
[HDD (BASE 65) ]
TOTAL THIS MO. 196 CLEAR (SCALE 0-3) 2
DPTR FM NORMAL -29 PTCLDY (SCALE 4-7) 13
TOTAL FM JUL 1 196 CLOUDY (SCALE 8-10) 16
DPTR FM NORMAL -31
[CDD (BASE 65) ]
TOTAL THIS MO. 0
DPTR FM NORMAL 0 [PRESSURE DATA]
TOTAL FM JAN 1 1 HIGHEST SLP 30.25 ON 9
DPTR FM NORMAL 1 LOWEST SLP 29.83 ON 12
[REMARKS]
#FINAL-07-22#