000
CXUS51 KRLX 011224
CF6EKN
PRELIMINARY LOCAL CLIMATOLOGICAL DATA (WS FORM: F-6)
STATION: ELKINS WV
MONTH: NOVEMBER
YEAR: 2021
LATITUDE: 38 52 N
LONGITUDE: 79 51 W
TEMPERATURE IN F: :PCPN: SNOW: WIND :SUNSHINE: SKY :PK WND
================================================================================
1 2 3 4 5 6A 6B 7 8 9 10 11 12 13 14 15 16 17 18
12Z AVG MX 2MIN
DY MAX MIN AVG DEP HDD CDD WTR SNW DPTH SPD SPD DIR MIN PSBL S-S WX SPD DR
================================================================================
1 55 34 45 -2 20 0 0.00 0.0 0 5.0 14 290 M M 5 21 230
2 42 36 39 -7 26 0 0.05 0.0 0 3.6 9 250 M M 10 12 270
3 45 26 36 -10 29 0 0.00 0.0 0 1.9 10 330 M M 3 14 290
4 50 22 36 -10 29 0 0.00 0.0 0 0.9 8 350 M M 6 10 320
5 50 21 36 -10 29 0 0.00 0.0 0 1.1 9 310 M M 1 128 13 340
6 58 19 39 -6 26 0 0.00 0.0 0 0.8 9 280 M M 0 8 13 290
7 59 19 39 -6 26 0 0.00 0.0 0 1.3 12 290 M M 0 14 290
8 66 23 45 0 20 0 0.00 0.0 0 0.7 9 320 M M 0 1 12 320
9 72 26 49 5 16 0 0.00 0.0 0 1.5 12 240 M M 0 18 17 250
10 68 37 53 9 12 0 T 0.0 0 1.0 12 330 M M 4 18 15 300
11 72 31 52 8 13 0 0.11 0.0 0 7.9 24 180 M M 4 12 35 170
12 59 33 46 3 19 0 0.31 0.0 0 5.1 22 290 M M 3 1 33 230
13 46 32 39 -4 26 0 0.07 T 0 6.9 20 280 M M 9 1 30 280
14 43 33 38 -5 27 0 0.13 T 0 7.6 25 260 M M 10 1 35 240
15 37 31 34 -8 31 0 T T 0 8.6 23 250 M M 10 68 32 290
16 56 31 44 2 21 0 T T 0 0.8 10 220 M M 5 15 190
17 72 30 51 9 14 0 0.00 0.0 0 3.3 17 220 M M 4 25 210
18 66 35 51 9 14 0 0.09 0.0 0 9.2 23 300 M M 7 1 33 220
19 37 20 29 -12 36 0 T 0.0 0 7.1 22 290 M M 5 32 280
20 53 17 35 -6 30 0 0.00 0.0 0 0.5 7 310 M M 0 9 310
21 53 25 39 -2 26 0 0.08 0.0 0 2.3 16 270 M M 7 22 250
22 48 28 38 -2 27 0 0.08 0.0 0 7.8 17 300 M M 7 1 25 340
23 35 18 27 -13 38 0 0.00 0.0 0 5.6 14 290 M M 5 20 300
24 53 15 34 -6 31 0 0.00 0.0 0 0.4 6 340 M M 0 7 330
25 53 26 40 0 25 0 0.11 0.0 0 4.4 18 260 M M 6 1 25 290
26 44 25 35 -4 30 0 0.15 T T 12.0 24 270 M M 10 1 36 300
27 43 24 34 -5 31 0 0.00 T T 3.1 16 290 M M 8 21 290
28 48 31 40 1 25 0 T T 0 9.2 24 240 M M 8 32 240
29 40 21 31 -7 34 0 0.00 0.0 0 5.5 15 290 M M 7 20 290
30 52 25 39 1 26 0 0.01 T 0 5.5 18 240 M M 5 1 26 250
================================================================================
SM 1575 794 757 0 1.19 T 130.6 M 149
================================================================================
AV 52.5 26.5 4.4 FASTST M M 5 MAX(MPH)
MISC ----> 25 260 36 300
================================================================================
NOTES:
# LAST OF SEVERAL OCCURRENCES
COLUMN 17 PEAK WIND IN M.P.H.
PRELIMINARY LOCAL CLIMATOLOGICAL DATA (WS FORM: F-6) , PAGE 2
STATION: ELKINS WV
MONTH: NOVEMBER
YEAR: 2021
LATITUDE: 38 52 N
LONGITUDE: 79 51 W
[TEMPERATURE DATA] [PRECIPITATION DATA] SYMBOLS USED IN COLUMN 16
AVERAGE MONTHLY: 39.5 TOTAL FOR MONTH: 1.19 1 = FOG OR MIST
DPTR FM NORMAL: -2.8 DPTR FM NORMAL: -1.68 2 = FOG REDUCING VISIBILITY
HIGHEST: 72 ON 17,11 GRTST 24HR 0.42 ON 11-12 TO 1/4 MILE OR LESS
LOWEST: 15 ON 24 3 = THUNDER
SNOW, ICE PELLETS, HAIL 4 = ICE PELLETS
TOTAL MONTH: T 5 = HAIL
GRTST 24HR T ON 13-13 6 = FREEZING RAIN OR DRIZZLE
GRTST DEPTH: T 7 = DUSTSTORM OR SANDSTORM:
VSBY 1/2 MILE OR LESS
8 = SMOKE OR HAZE
[NO. OF DAYS WITH] [WEATHER - DAYS WITH] 9 = BLOWING SNOW
X = TORNADO
MAX 32 OR BELOW: 0 0.01 INCH OR MORE: 11
MAX 90 OR ABOVE: 0 0.10 INCH OR MORE: 5
MIN 32 OR BELOW: 24 0.50 INCH OR MORE: 0
MIN 0 OR BELOW: 0 1.00 INCH OR MORE: 0
[HDD (BASE 65) ]
TOTAL THIS MO. 757 CLEAR (SCALE 0-3) 8
DPTR FM NORMAL 77 PTCLDY (SCALE 4-7) 17
TOTAL FM JUL 1 1054 CLOUDY (SCALE 8-10) 5
DPTR FM NORMAL -126
[CDD (BASE 65) ]
TOTAL THIS MO. 0
DPTR FM NORMAL 0 [PRESSURE DATA]
TOTAL FM JAN 1 718 HIGHEST SLP 30.56 ON 19
DPTR FM NORMAL 101 LOWEST SLP 29.79 ON 14
[REMARKS]
#FINAL-11-21#