000
CXUS55 KLKN 021822
CLSEKO
CLIMATE REPORT
NATIONAL WEATHER SERVICE ELKO, NV
1022 AM PST SAT DEC 02 2023
...................................
...THE ELKO AIRPORT NV CLIMATE SUMMARY FOR THE SEASON, FROM
9/1/2023 TO 11/30/2023...
CLIMATE NORMAL PERIOD 1991 TO 2020
CLIMATE RECORD PERIOD 1888 TO 2023
WEATHER OBSERVED NORMAL DEPART LAST YEAR`S
VALUE DATE(S) VALUE FROM VALUE
NORMAL
..............................................................
TEMPERATURE (F)
RECORD
HIGH 102 09/06/2022
LOW -16 11/29/1896
HIGHEST 90 09/01 92 -2 102
LOWEST 10 11/26 4 6 0
11/27
AVG. MAXIMUM 65.6 65.1 0.5 64.3
AVG. MINIMUM 32.8 30.6 2.2 29.1
MEAN 49.2 47.9 1.3 46.7
DAYS MAX >= 90 1 2.8 -1.8 9
DAYS MAX <= 32 1 2.0 -1.0 0
DAYS MIN <= 32 38 55.3 -17.3 19
DAYS MIN <= 0 0 1.1 -1.1 0
PRECIPITATION (INCHES)
RECORD
MAXIMUM 5.73 1900
MINIMUM 0.45 1933
TOTALS 2.21 2.21 -0.00 2.70
DAILY AVG. 0.02 0.02 -0.00 0.03
DAYS >= .01 14 15.5 -1.5 16
DAYS >= .10 6 6.8 -0.8 8
DAYS >= .50 0 0.8 -0.8 1
DAYS >= 1.00 0 0.0 0.0 0
SNOWFALL (INCHES)
RECORDS
TOTAL 20.0 1930
TOTALS 3.6 4.6 -1.0 14.0
DAYS >= 1.0 1 1.9 -0.9 3
DEGREE DAYS
HEATING TOTAL 1436 1590 -154 1748
COOLING TOTAL 17 32 -15 107
..............................................................
WIND (MPH)
AVERAGE WIND SPEED 4.8
HIGHEST WIND SPEED/DIRECTION 32/170 DATE 09/01
HIGHEST GUST SPEED/DIRECTION 50/280 DATE 10/09
AVERAGE RH (PERCENT) 54
WEATHER CONDITIONS. NUMBER OF DAYS WITH
THUNDERSTORM 10 MIXED PRECIP 0
HEAVY RAIN 1 RAIN 6
LIGHT RAIN 15 FREEZING RAIN 0
LT FREEZING RAIN 0 HAIL 0
HEAVY SNOW 0 SNOW 1
LIGHT SNOW 6 SLEET 0
FOG 16 FOG W/VIS <= 1/4 MILE 1
HAZE 11
- INDICATES NEGATIVE NUMBERS.
R INDICATES RECORD WAS SET OR TIED.
MM INDICATES DATA IS MISSING.
T INDICATES TRACE AMOUNT.
=====================================================================
...WARMER THAN NORMAL METEOROLOGICAL FALL IN ELKO...
$$