000
CXUS54 KSHV 030333
CF6ELD
PRELIMINARY LOCAL CLIMATOLOGICAL DATA (WS FORM: F-6)
STATION: EL DORADO
MONTH: MAY
YEAR: 2021
LATITUDE: 33 13 N
LONGITUDE: 92 49 W
TEMPERATURE IN F: :PCPN: SNOW: WIND :SUNSHINE: SKY :PK WND
================================================================================
1 2 3 4 5 6A 6B 7 8 9 10 11 12 13 14 15 16 17 18
12Z AVG MX 2MIN
DY MAX MIN AVG DEP HDD CDD WTR SNW DPTH SPD SPD DIR MIN PSBL S-S WX SPD DR
================================================================================
1 78 56 67 -1 0 2 0.20 0.0 0 3.7 16 150 M M 4 1 22 120
2 77 62 70 2 0 5 0.92 0.0 0 6.1 15 110 M M 7 18 22 90
3 90 68 79 11 0 14 0.00 0.0 0 8.2 20 170 M M 5 18 25 210
4 83 59 71 3 0 6 0.14 0.0 0 9.2 25 250 M M 4 138 34 240
5 77 53 65 -4 0 0 0.00 0.0 0 5.7 14 30 M M 2 21 50
6 83 49 66 -3 0 1 0.00 0.0 0 3.4 14 320 M M 0 18 340
7 78 52 65 -4 0 0 0.00 0.0 0 5.3 14 70 M M 0 18 70
8 87 55 71 1 0 6 0.00 0.0 0 9.7 22 200 M M 0 31 210
9 83 64 74 4 0 9 0.07 0.0 0 9.2 31 330 M M 7 13 42 310
10 65 56 61 -9 4 0 0.05 0.0 0 8.1 16 40 M M 10 138 20 40
11 65 55 60 -11 5 0 1.47 0.0 0 9.0 22 80 M M 10 13 29 100
12 72 55 64 -7 1 0 T 0.0 0 7.6 15 50 M M 10 1 20 30
13 76 50 63 -8 2 0 0.00 0.0 0 6.2 16 50 M M 3 23 40
14 78 47 63 -8 2 0 0.00 0.0 0 3.6 14 50 M M 0 18 50
15 83 51 67 -5 0 2 0.00 0.0 0 4.0 14 160 M M 1 17 130
16 84 59 72 0 0 7 0.21 0.0 0 7.0 29 200 M M 4 1 36 200
17 80 66 73 1 0 8 0.15 0.0 0 8.3 18 150 M M 9 1 27 150
18 81 67 74 1 0 9 0.68 0.0 0 6.7 18 120 M M 9 138 25 120
19 83 68 76 3 0 11 0.77 0.0 0 9.1 20 190 M M 9 1 27 160
20 80 69 75 2 0 10 0.04 0.0 0 10.1 22 110 M M 8 1 32 100
21 78 67 73 -1 0 8 0.04 0.0 0 7.7 16 110 M M 9 21 110
22 87 65 76 2 0 11 0.00 0.0 0 5.8 16 140 M M 1 22 100
23 88 62 75 1 0 10 0.00 0.0 0 4.8 14 100 M M 0 1 19 100
24 85 62 74 0 0 9 0.00 0.0 0 3.2 12 120 M M 1 16 170
25 86 66 76 1 0 11 0.11 0.0 0 6.5 20 160 M M 5 25 150
26 87 65 76 1 0 11 1.11 0.0 0 3.8 17 190 M M 5 13 21 190
27 89 68 79 4 0 14 0.00 0.0 0 6.5 17 180 M M 1 24 210
28 83 67 75 0 0 10 0.52 0.0 0 6.7 30 310 M M 5 13 44 310
29 76 55 66 -10 0 1 0.00 0.0 0 8.9 17 50 M M 2 22 60
30 72 52 62 -14 3 0 0.00 0.0 0 3.4 10 30 M M 4 17 80
31 82 54 68 -8 0 3 0.00 0.0 0 3.0 12 110 M M 0 1 16 120
================================================================================
SM 2496 1844 17 178 6.48 0.0 200.5 M 135
================================================================================
AV 80.5 59.5 6.5 FASTST M M 4 MAX(MPH)
MISC ----> 31 330 44 310
================================================================================
NOTES:
# LAST OF SEVERAL OCCURRENCES
COLUMN 17 PEAK WIND IN M.P.H.
PRELIMINARY LOCAL CLIMATOLOGICAL DATA (WS FORM: F-6) , PAGE 2
STATION: EL DORADO
MONTH: MAY
YEAR: 2021
LATITUDE: 33 13 N
LONGITUDE: 92 49 W
[TEMPERATURE DATA] [PRECIPITATION DATA] SYMBOLS USED IN COLUMN 16
AVERAGE MONTHLY: 70.0 TOTAL FOR MONTH: 6.48 1 = FOG OR MIST
DPTR FM NORMAL: -2.0 DPTR FM NORMAL: 1.67 2 = FOG REDUCING VISIBILITY
HIGHEST: 90 ON 3 GRTST 24HR 1.47 ON 11-11 TO 1/4 MILE OR LESS
LOWEST: 47 ON 14 3 = THUNDER
SNOW, ICE PELLETS, HAIL 4 = ICE PELLETS
TOTAL MONTH: 0.0 INCH 5 = HAIL
GRTST 24HR 0.0 6 = FREEZING RAIN OR DRIZZLE
GRTST DEPTH: 0 7 = DUSTSTORM OR SANDSTORM:
VSBY 1/2 MILE OR LESS
8 = SMOKE OR HAZE
[NO. OF DAYS WITH] [WEATHER - DAYS WITH] 9 = BLOWING SNOW
X = TORNADO
MAX 32 OR BELOW: 0 0.01 INCH OR MORE: 15
MAX 90 OR ABOVE: 1 0.10 INCH OR MORE: 11
MIN 32 OR BELOW: 0 0.50 INCH OR MORE: 6
MIN 0 OR BELOW: 0 1.00 INCH OR MORE: 2
[HDD (BASE 65) ]
TOTAL THIS MO. 17 CLEAR (SCALE 0-3) 13
DPTR FM NORMAL 0 PTCLDY (SCALE 4-7) 11
TOTAL FM JUL 1 2679 CLOUDY (SCALE 8-10) 7
DPTR FM NORMAL 125
[CDD (BASE 65) ]
TOTAL THIS MO. 178
DPTR FM NORMAL -56 [PRESSURE DATA]
TOTAL FM JAN 1 251 HIGHEST SLP 30.32 ON 13
DPTR FM NORMAL -93 LOWEST SLP 29.56 ON 2
[REMARKS]
#FINAL-05-21#