000
CXUS54 KEPZ 020707
CF6ELP
PRELIMINARY LOCAL CLIMATOLOGICAL DATA (WS FORM: F-6)
STATION: EL PASO
MONTH: OCTOBER
YEAR: 2020
LATITUDE: 31 47 N
LONGITUDE: 106 24 W
TEMPERATURE IN F: :PCPN: SNOW: WIND :SUNSHINE: SKY :PK WND
================================================================================
1 2 3 4 5 6A 6B 7 8 9 10 11 12 13 14 15 16 17 18
12Z AVG MX 2MIN
DY MAX MIN AVG DEP HDD CDD WTR SNW DPTH SPD SPD DIR MIN PSBL S-S WX SPD DR
================================================================================
1 90 56 73 3 0 8 0.00 0.0 0 6.9 20 100 M M 0 30 150
2 90 59 75 5 0 10 0.00 0.0 0 5.0 10 170 M M 1 15 190
3 92 56 74 4 0 9 0.00 0.0 0 5.2 20 80 M M 1 28 80
4 87 60 74 5 0 9 0.00 0.0 0 4.6 13 100 M M 0 17 110
5 92 59 76 7 0 11 0.00 0.0 0 5.0 13 220 M M 0 17 210
6 94 59 77 8 0 12 0.00 0.0 0 5.2 12 360 M M 0 14 20
7 93 55 74 6 0 9 0.00 0.0 0 3.1 9 120 M M 0 11 200
8 93 56 75 7 0 10 0.00 0.0 0 2.9 10 220 M M 0 8 17 310
9 94 54 74 6 0 9 0.00 0.0 0 3.9 17 270 M M 0 24 260
10 91 55 73 6 0 8 0.00 0.0 0 7.6 21 260 M M 0 8 26 220
11 90 59 75 8 0 10 0.00 0.0 0 8.2 24 250 M M 0 33 280
12 85 61 73 6 0 8 0.00 0.0 0 6.0 14 130 M M 2 8 22 140
13 91 56 74 8 0 9 0.00 0.0 0 2.8 9 20 M M 1 13 10
14 95 54 75 9 0 10 0.00 0.0 0 11.5 30 280 M M 2 8 42 280
15 83 57 70 4 0 5 0.00 0.0 0 8.8 24 290 M M 4 34 280
16 76 54 65 0 0 0 0.00 0.0 0 7.3 16 100 M M 1 25 80
17 90 49 70 5 0 5 0.00 0.0 0 6.9 18 290 M M 1 24 260
18 90 65 78 14 0 13 0.00 0.0 0 9.6 25 280 M M 1 35 290
19 90 53 72 8 0 7 0.00 0.0 0 5.1 21 280 M M 3 30 280
20 89 57 73 9 0 8 0.00 0.0 0 4.6 14 250 M M 0 19 260
21 90 53 72 9 0 7 0.00 0.0 0 2.3 12 190 M M 0 16 180
22 88 56 72 9 0 7 0.00 0.0 0 10.2 24 250 M M 1 33 250
23 85 54 70 7 0 5 0.00 0.0 0 8.3 22 100 M M 1 29 120
24 85 51 68 6 0 3 0.00 0.0 0 4.3 20 240 M M 5 27 240
25 87 62 75 13 0 10 0.00 0.0 0 14.7 29 260 M M 6 39 260
26 75 32 54 -8 11 0 0.12 T 0 13.2 22 70 M M 4 4 30 70
27 36 29 33 -28 32 0 0.06 T 0 10.1 21 80 M M 9 145 29 80
28 56 32 44 -17 21 0 T T 0 6.9 22 250 M M 2 28 230
29 66 36 51 -9 14 0 0.00 0.0 0 5.2 12 120 M M 1 19 120
30 73 42 58 -2 7 0 0.00 0.0 0 5.6 12 360 M M 3 15 10
31 77 48 63 3 2 0 0.00 0.0 0 5.7 12 350 M M 6 14 350
================================================================================
SM 2613 1629 87 202 0.18 T 206.7 M 55
================================================================================
AV 84.3 52.5 6.7 FASTST M M 2 MAX(MPH)
MISC ----> 30 280 42 280
================================================================================
NOTES:
# LAST OF SEVERAL OCCURRENCES
COLUMN 17 PEAK WIND IN M.P.H.
PRELIMINARY LOCAL CLIMATOLOGICAL DATA (WS FORM: F-6) , PAGE 2
STATION: EL PASO
MONTH: OCTOBER
YEAR: 2020
LATITUDE: 31 47 N
LONGITUDE: 106 24 W
[TEMPERATURE DATA] [PRECIPITATION DATA] SYMBOLS USED IN COLUMN 16
AVERAGE MONTHLY: 68.4 TOTAL FOR MONTH: 0.18 1 = FOG OR MIST
DPTR FM NORMAL: 3.3 DPTR FM NORMAL: -0.43 2 = FOG REDUCING VISIBILITY
HIGHEST: 95 ON 14 GRTST 24HR 0.18 ON 26-27 TO 1/4 MILE OR LESS
LOWEST: 29 ON 27 3 = THUNDER
SNOW, ICE PELLETS, HAIL 4 = ICE PELLETS
TOTAL MONTH: T 5 = HAIL
GRTST 24HR T ON 26-26 6 = FREEZING RAIN OR DRIZZLE
GRTST DEPTH: 0 7 = DUSTSTORM OR SANDSTORM:
VSBY 1/2 MILE OR LESS
8 = SMOKE OR HAZE
[NO. OF DAYS WITH] [WEATHER - DAYS WITH] 9 = BLOWING SNOW
X = TORNADO
MAX 32 OR BELOW: 0 0.01 INCH OR MORE: 2
MAX 90 OR ABOVE: 16 0.10 INCH OR MORE: 1
MIN 32 OR BELOW: 3 0.50 INCH OR MORE: 0
MIN 0 OR BELOW: 0 1.00 INCH OR MORE: 0
[HDD (BASE 65) ]
TOTAL THIS MO. 87 CLEAR (SCALE 0-3) 24
DPTR FM NORMAL 8 PTCLDY (SCALE 4-7) 6
TOTAL FM JUL 1 101 CLOUDY (SCALE 8-10) 1
DPTR FM NORMAL 17
[CDD (BASE 65) ]
TOTAL THIS MO. 202
DPTR FM NORMAL 120 [PRESSURE DATA]
TOTAL FM JAN 1 3285 HIGHEST SLP 30.30 ON 29
DPTR FM NORMAL 957 LOWEST SLP 29.56 ON 25
[REMARKS]
#FINAL-10-20#