000
CXUS55 KLKN 021053
CLSELY
CLIMATE REPORT
NATIONAL WEATHER SERVICE ELKO, NV
253 AM PST THU MAR 02 2023
...................................
...THE ELY AIRPORT NV CLIMATE SUMMARY FOR THE SEASON, FROM
12/1/2022 TO 2/28/2023...
CLIMATE NORMAL PERIOD 1991 TO 2020
CLIMATE RECORD PERIOD 1893 TO 2023
WEATHER OBSERVED NORMAL DEPART LAST YEAR`S
VALUE DATE(S) VALUE FROM VALUE
NORMAL
..............................................................
TEMPERATURE (F)
RECORD
HIGH 68 01/25/1951
LOW -30 02/06/1989
HIGHEST 51 12/26 61 -10 64
LOWEST -21 01/31 -16 -5 -7
AVG. MAXIMUM 34.1 41.9 -7.8 41.5
AVG. MINIMUM 8.4 13.4 -5.0 12.4
MEAN 21.2 27.6 -6.4 26.9
DAYS MAX >= 90 0 0.0 0.0 0
DAYS MAX <= 32 37 18.3 18.7 18
DAYS MIN <= 32 90 87.8 2.2 90
DAYS MIN <= 0 24 14.1 9.9 9
PRECIPITATION (INCHES)
RECORD
MAXIMUM 7.65 1895
MINIMUM 0.48 1977
TOTALS 6.96 2.26 4.70 3.14
DAILY AVG. 0.07 0.03 0.04 0.03
DAYS >= .01 24 20.7 3.3 MM
DAYS >= .10 12 7.5 4.5 MM
DAYS >= .50 3 0.6 2.4 MM
DAYS >= 1.00 0 0.0 0.0 MM
SNOWFALL (INCHES)
RECORDS
TOTAL 66.0 1895
TOTALS 73.8R 29.2 44.6 36.2
DAYS >= 1.0 17 8.1 8.9 MM
GREATEST
SNOW DEPTH 24R 01/17 10
01/18
DEGREE DAYS
HEATING TOTAL 3912 3368 544 3409
COOLING TOTAL 0 0 0 0
..............................................................
WIND (MPH)
AVERAGE WIND SPEED 10.9
HIGHEST WIND SPEED/DIRECTION 39/150 DATE 12/01
HIGHEST GUST SPEED/DIRECTION 53/150 DATE 01/05
AVERAGE RH (PERCENT) 74
WEATHER CONDITIONS. NUMBER OF DAYS WITH
THUNDERSTORM 0 MIXED PRECIP 0
HEAVY RAIN 0 RAIN 0
LIGHT RAIN 8 FREEZING RAIN 0
LT FREEZING RAIN 0 HAIL 0
HEAVY SNOW 10 SNOW 18
LIGHT SNOW 43 SLEET 0
FOG 46 FOG W/VIS <= 1/4 MILE 12
HAZE 12
- INDICATES NEGATIVE NUMBERS.
R INDICATES RECORD WAS SET OR TIED.
MM INDICATES DATA IS MISSING.
T INDICATES TRACE AMOUNT.
=====================================================================
...COLDER THAN NORMAL METEOROLOGICAL WINTER IN ELY...
...WETTER THAN NORMAL METEOROLOGICAL WINTER IN ELY...
...SNOWIER THAN NORMAL METEOROLOGICAL WINTER IN ELY...
...6TH COLDEST METEORLOGICAL WINTER ON RECORD FOR ELY...
...1ST WETTEST METEORLOGICAL WINTER ON RECORD FOR ELY...
...1ST SNOWIEST METEORLOGICAL WINTER ON RECORD FOR ELY...
$$