000
CXUS53 KTOP 010810
CF6EMP
PRELIMINARY LOCAL CLIMATOLOGICAL DATA (WS FORM: F-6)
STATION: EMPORIA KS
MONTH: AUGUST
YEAR: 2022
LATITUDE: 38 19 N
LONGITUDE: 96 12 W
TEMPERATURE IN F: :PCPN: SNOW: WIND :SUNSHINE: SKY :PK WND
================================================================================
1 2 3 4 5 6A 6B 7 8 9 10 11 12 13 14 15 16 17 18
12Z AVG MX 2MIN
DY MAX MIN AVG DEP HDD CDD WTR SNW DPTH SPD SPD DIR MIN PSBL S-S WX SPD DR
================================================================================
1 101 71 86 6 0 21 0.00 M M 10.4 18 180 M M 0 1 26 190
2 105 75 90 11 0 25 0.00 M M 14.8 24 180 M M 1 32 170
3 98 78 88 9 0 23 0.09 M M 11.2 22 180 M M 4 3 31 170
4 95 76 86 7 0 21 0.07 M M 6.8 15 90 M M 4 3 19 100
5 100 72 86 7 0 21 0.00 M M 8.4 15 140 M M 1 21 140
6 103 78 91 12 0 26 0.00 M M 14.6 25 190 M M 1 34 180
7 102 76 89 10 0 24 0.00 M M 12.4 18 170 M M 0 26 160
8 84 69 77 -2 0 12 T M M 7.6 15 170 M M 5 3 22 350
9 90 69 80 1 0 15 0.00 M M 6.6 13 30 M M 4 19 60
10 91 63 77 -2 0 12 0.00 M M 5.5 14 40 M M 0 1 21 20
11 93 60 77 -2 0 12 0.00 M M 6.1 15 60 M M 0 1 24 40
12 97 58 78 0 0 13 0.00 M M 6.5 16 100 M M 0 23 110
13 102 67 85 7 0 20 0.00 M M 8.0 17 220 M M 0 21 210
14 103 71 87 9 0 22 0.00 M M 6.0 13 100 M M 1 18 110
15 103 70 87 9 0 22 0.00 M M 8.2 18 80 M M 1 24 90
16 81 68 75 -3 0 10 0.04 M M 11.9 21 40 M M 8 29 40
17 88 67 78 0 0 13 0.00 M M 9.7 18 70 M M 5 25 100
18 91 60 76 -2 0 11 0.00 M M 2.4 10 70 M M 0 1 17 20
19 90 65 78 1 0 13 1.37 M M 11.8 20 50 M M 4 138 29 290
20 88 64 76 -1 0 11 0.62 M M 7.3 23 290 M M 3 13 33 170
21 87 63 75 -2 0 10 0.00 M M 4.4 12 10 M M 1 17 30
22 87 63 75 -2 0 10 0.00 M M 4.0 13 100 M M 1 1 19 70
23 87 61 74 -2 0 9 0.00 M M 4.6 12 80 M M 1 17 50
24 91 61 76 0 0 11 0.00 M M 3.9 9 10 M M 0 13 290
25 94 64 79 3 0 14 0.00 M M 5.0 9 180 M M 0 12 180
26 95 67 81 5 0 16 0.00 M M M M M M M 0 M M
27 94 68 81 6 0 16 0.91 M M 6.9 18 290 M M 2 13 25 300
28 94 68 81 6 0 16 0.15 M M 12.0 22 170 M M 4 13 30 160
29 91 70 81 6 0 16 0.00 M M 6.1 15 180 M M 1 3 21 170
30 90 66 78 3 0 13 0.00 M M 5.4 13 40 M M 0 1 18 50
31 90 59 75 1 0 10 0.00 M M 0.0 5 140 M M 0 7 160
================================================================================
SM 2905 2087 0 488 3.25 M 228.5 M 52
================================================================================
AV 93.7 67.3 7.6 FASTST M M 2 MAX(MPH)
MISC ----> 25 190 34 180
================================================================================
NOTES:
# LAST OF SEVERAL OCCURRENCES
COLUMN 17 PEAK WIND IN M.P.H.
PRELIMINARY LOCAL CLIMATOLOGICAL DATA (WS FORM: F-6) , PAGE 2
STATION: EMPORIA KS
MONTH: AUGUST
YEAR: 2022
LATITUDE: 38 19 N
LONGITUDE: 96 12 W
[TEMPERATURE DATA] [PRECIPITATION DATA] SYMBOLS USED IN COLUMN 16
AVERAGE MONTHLY: 80.5 TOTAL FOR MONTH: 3.25 1 = FOG OR MIST
DPTR FM NORMAL: 3.0 DPTR FM NORMAL: -0.61 2 = FOG REDUCING VISIBILITY
HIGHEST: 105 ON 2 GRTST 24HR 1.99 ON 19-20 TO 1/4 MILE OR LESS
LOWEST: 58 ON 12 3 = THUNDER
SNOW, ICE PELLETS, HAIL 4 = ICE PELLETS
TOTAL MONTH: M 5 = HAIL
GRTST 24HR M ON M 6 = FREEZING RAIN OR DRIZZLE
GRTST DEPTH: M ON M 7 = DUSTSTORM OR SANDSTORM:
VSBY 1/2 MILE OR LESS
8 = SMOKE OR HAZE
[NO. OF DAYS WITH] [WEATHER - DAYS WITH] 9 = BLOWING SNOW
X = TORNADO
MAX 32 OR BELOW: 0 0.01 INCH OR MORE: 7
MAX 90 OR ABOVE: 24 0.10 INCH OR MORE: 4
MIN 32 OR BELOW: 0 0.50 INCH OR MORE: 3
MIN 0 OR BELOW: 0 1.00 INCH OR MORE: 1
[HDD (BASE 65) ]
TOTAL THIS MO. 0 CLEAR (SCALE 0-3) 23
DPTR FM NORMAL -1 PTCLDY (SCALE 4-7) 8
TOTAL FM JUL 1 0 CLOUDY (SCALE 8-10) 0
DPTR FM NORMAL 0
[CDD (BASE 65) ]
TOTAL THIS MO. 488
DPTR FM NORMAL 100 [PRESSURE DATA]
TOTAL FM JAN 1 1579 HIGHEST SLP M ON M
DPTR FM NORMAL 349 LOWEST SLP 29.65 ON 28
[REMARKS]
#FINAL-08-22#