000
CXUS53 KTOP 010910
CF6EMP
PRELIMINARY LOCAL CLIMATOLOGICAL DATA (WS FORM: F-6)
STATION: EMPORIA KS
MONTH: FEBRUARY
YEAR: 2022
LATITUDE: 38 19 N
LONGITUDE: 96 12 W
TEMPERATURE IN F: :PCPN: SNOW: WIND :SUNSHINE: SKY :PK WND
================================================================================
1 2 3 4 5 6A 6B 7 8 9 10 11 12 13 14 15 16 17 18
12Z AVG MX 2MIN
DY MAX MIN AVG DEP HDD CDD WTR SNW DPTH SPD SPD DIR MIN PSBL S-S WX SPD DR
================================================================================
1 50 27 39 7 26 0 0.05 M M 13.6 25 10 M M 8 6 36 10
2 27 14 21 -11 44 0 0.07 M M 19.1 28 20 M M 10 128 37 10
3 17 5 11 -21 54 0 T M M 13.5 23 20 M M 7 89 31 20
4 32 3 18 -15 47 0 0.00 M M 7.0 16 260 M M 1 22 240
5 45 13 29 -4 36 0 0.00 M M 13.7 25 200 M M 0 18 35 190
6 53 21 37 4 28 0 0.00 M M 8.1 16 20 M M 1 23 20
7 58 24 41 8 24 0 0.00 M M 10.4 25 240 M M 2 34 220
8 62 33 48 15 17 0 0.00 M M 9.7 21 310 M M 0 29 300
9 61 32 47 13 18 0 0.00 M M 8.8 23 300 M M 0 33 300
10 56 30 43 9 22 0 0.00 M M 9.6 22 210 M M 2 31 200
11 57 25 41 7 24 0 0.00 M M 18.0 28 350 M M 3 39 240
12 37 13 25 -9 40 0 0.00 M M 10.4 22 360 M M 0 34 360
13 40 27 34 -1 31 0 0.00 M M 10.0 22 340 M M 1 33 350
14 56 22 39 4 26 0 0.00 M M 8.1 18 20 M M 0 24 30
15 69 28 49 14 16 0 0.00 M M 19.7 35 170 M M 0 48 170
16 68 37 53 17 12 0 0.00 M M 21.9 40 180 M M 4 8 59 190
17 37 12 25 -11 40 0 M M M 14.5 29 10 M M 7 12368 42 340
18 41 7 24 -12 41 0 0.00 M M 12.5 23 230 M M 0 34 230
19 38 20 29 -7 36 0 0.00 M M 9.8 22 180 M M 0 29 170
20 59 36 48 11 17 0 0.00 M M 14.9 26 180 M M 0 37 180
21 72 25 49 12 16 0 0.00 M M 15.2 26 200 M M 0 36 200
22 25 10 18 -19 47 0 T M M 18.2 29 320 M M 6 89 41 320
23 20 4 12 -26 53 0 0.00 M M 13.5 18 10 M M 3 28 10
24 20 11 16 -22 49 0 T M M 8.6 14 320 M M 9 18 19 60
25 30 5 18 -20 47 0 0.00 M M 5.5 12 40 M M 0 17 340
26 41 11 26 -13 39 0 0.00 M M 2.5 8 210 M M 0 18 12 200
27 55 19 37 -2 28 0 0.00 M M 7.4 15 290 M M 0 21 290
28 68 32 50 10 15 0 0.00 M M 8.0 15 270 M M 0 20 270
================================================================================
SM 1294 546 893 0 0.12 M 332.2 M 64
================================================================================
AV 46.2 19.5 11.9 FASTST M M 2 MAX(MPH)
MISC ----> 40 180 59 190
================================================================================
NOTES:
# LAST OF SEVERAL OCCURRENCES
COLUMN 17 PEAK WIND IN M.P.H.
PRELIMINARY LOCAL CLIMATOLOGICAL DATA (WS FORM: F-6) , PAGE 2
STATION: EMPORIA KS
MONTH: FEBRUARY
YEAR: 2022
LATITUDE: 38 19 N
LONGITUDE: 96 12 W
[TEMPERATURE DATA] [PRECIPITATION DATA] SYMBOLS USED IN COLUMN 16
AVERAGE MONTHLY: 32.9 TOTAL FOR MONTH: 0.12 1 = FOG OR MIST
DPTR FM NORMAL: -2.5 DPTR FM NORMAL: -1.19 2 = FOG REDUCING VISIBILITY
HIGHEST: 72 ON 21 GRTST 24HR 0.25 ON 17-17 TO 1/4 MILE OR LESS
LOWEST: 3 ON 4 3 = THUNDER
SNOW, ICE PELLETS, HAIL 4 = ICE PELLETS
TOTAL MONTH: M 5 = HAIL
GRTST 24HR M ON M 6 = FREEZING RAIN OR DRIZZLE
GRTST DEPTH: M ON M 7 = DUSTSTORM OR SANDSTORM:
VSBY 1/2 MILE OR LESS
8 = SMOKE OR HAZE
[NO. OF DAYS WITH] [WEATHER - DAYS WITH] 9 = BLOWING SNOW
X = TORNADO
MAX 32 OR BELOW: 7 0.01 INCH OR MORE: 2
MAX 90 OR ABOVE: 0 0.10 INCH OR MORE: 0
MIN 32 OR BELOW: 25 0.50 INCH OR MORE: 0
MIN 0 OR BELOW: 0 1.00 INCH OR MORE: 0
[HDD (BASE 65) ]
TOTAL THIS MO. 893 CLEAR (SCALE 0-3) 21
DPTR FM NORMAL 63 PTCLDY (SCALE 4-7) 5
TOTAL FM JUL 1 3159 CLOUDY (SCALE 8-10) 2
DPTR FM NORMAL -616
[CDD (BASE 65) ]
TOTAL THIS MO. 0
DPTR FM NORMAL 0 [PRESSURE DATA]
TOTAL FM JAN 1 0 HIGHEST SLP 30.72 ON 23
DPTR FM NORMAL 0 LOWEST SLP 29.54 ON 21
[REMARKS]
#FINAL-02-22#