000
CXUS56 KOTX 011010
CF6EPH
PRELIMINARY LOCAL CLIMATOLOGICAL DATA (WS FORM: F-6)
STATION: EPHRATA WA AIRPORT
MONTH: DECEMBER
YEAR: 2021
LATITUDE: 47 18 N
LONGITUDE: 119 31 W
TEMPERATURE IN F: :PCPN: SNOW: WIND :SUNSHINE: SKY :PK WND
================================================================================
1 2 3 4 5 6A 6B 7 8 9 10 11 12 13 14 15 16 17 18
12Z AVG MX 2MIN
DY MAX MIN AVG DEP HDD CDD WTR SNW DPTH SPD SPD DIR MIN PSBL S-S WX SPD DR
================================================================================
1 69 47 58 26 7 0 0.00 M M 14.6 33 220 M M 1 42 220
2 60 40 50 18 15 0 0.00 M M 9.3 25 250 M M 0 33 250
3 43 35 39 7 26 0 0.00 M M 9.8 18 310 M M 4 23 310
4 46 33 40 8 25 0 0.00 M M 6.2 16 330 M M 7 19 360
5 39 28 34 3 31 0 0.00 M M 6.9 20 330 M M 1 24 10
6 37 30 34 3 31 0 0.00 M M 6.0 13 20 M M 10 15 20
7 35 31 33 2 32 0 0.00 M M 1.6 6 150 M M 10 7 70
8 48 22 35 4 30 0 0.00 M M 5.9 24 290 M M 6 12 29 300
9 39 22 31 1 34 0 0.00 M M 5.3 15 220 M M 1 19 170
10 40 18 29 -1 36 0 0.00 M M 5.4 20 180 M M 2 24 190
11 51 26 39 9 26 0 0.00 M M 20.9 41 200 M M 2 8 51 190
12 44 25 35 5 30 0 0.00 M M 9.8 18 190 M M 1 23 200
13 41 29 35 5 30 0 0.17 M M 7.3 14 270 M M 9 1 17 360
14 39 22 31 1 34 0 0.00 M M 4.1 12 230 M M 5 12 15 280
15 35 22 29 0 36 0 0.00 M M 8.3 13 10 M M 4 15 20
16 38 22 30 1 35 0 0.00 M M 6.6 16 350 M M 8 18 350
17 32 26 29 0 36 0 T M M 7.7 16 330 M M 9 19 340
18 28 24 26 -3 39 0 0.04 M M 5.4 12 310 M M 9 1 13 300
19 28 19 24 -5 41 0 0.00 M M 8.4 16 340 M M 1 1 22 350
20 27 21 24 -5 41 0 T M M 9.5 16 350 M M 8 18 18 350
21 26 17 22 -6 43 0 0.02 M M 4.7 10 350 M M 9 1 14 330
22 31 23 27 -1 38 0 0.02 M M 3.9 10 320 M M 10 12 12 310
23 41 26 34 6 31 0 T M M 11.6 30 240 M M 5 1268 37 240
24 37 21 29 1 36 0 T M M 4.7 14 150 M M 5 17 150
25 34 22 28 0 37 0 0.00 M M 7.6 18 310 M M 3 23 310
26 23 7 15 -13 50 0 T M M 17.7 30 330 M M 8 36 330
27 11 3 7 -21 58 0 T M M 15.5 31 330 M M 4 40 330
28 15 4 10 -18 55 0 T M M 9.5 15 340 M M 7 8 18 330
29 17 8 13 -15 52 0 T M M 11.4 29 340 M M 6 34 350
30 17 12 15 -13 50 0 0.01 M M 11.4 21 10 M M 9 12 24 10
31 19 -6 7 -21 58 0 T M M 11.6 25 350 M M 5 29 350
================================================================================
SM 1090 679 1123 0 0.26 M 268.6 M 169
================================================================================
AV 35.2 21.9 8.7 FASTST M M 5 MAX(MPH)
MISC ----> 41 200 51 190
================================================================================
NOTES:
# LAST OF SEVERAL OCCURRENCES
COLUMN 17 PEAK WIND IN M.P.H.
PRELIMINARY LOCAL CLIMATOLOGICAL DATA (WS FORM: F-6) , PAGE 2
STATION: EPHRATA WA AIRPORT
MONTH: DECEMBER
YEAR: 2021
LATITUDE: 47 18 N
LONGITUDE: 119 31 W
[TEMPERATURE DATA] [PRECIPITATION DATA] SYMBOLS USED IN COLUMN 16
AVERAGE MONTHLY: 28.5 TOTAL FOR MONTH: 0.26 1 = FOG OR MIST
DPTR FM NORMAL: -1.1 DPTR FM NORMAL: -0.87 2 = FOG REDUCING VISIBILITY
HIGHEST: 69 ON 1 GRTST 24HR 0.17 ON 13-13 TO 1/4 MILE OR LESS
LOWEST: -6 ON 31 3 = THUNDER
SNOW, ICE PELLETS, HAIL 4 = ICE PELLETS
TOTAL MONTH: M 5 = HAIL
GRTST 24HR M ON M 6 = FREEZING RAIN OR DRIZZLE
GRTST DEPTH: M ON M 7 = DUSTSTORM OR SANDSTORM:
VSBY 1/2 MILE OR LESS
8 = SMOKE OR HAZE
[NO. OF DAYS WITH] [WEATHER - DAYS WITH] 9 = BLOWING SNOW
X = TORNADO
MAX 32 OR BELOW: 12 0.01 INCH OR MORE: 5
MAX 90 OR ABOVE: 0 0.10 INCH OR MORE: 1
MIN 32 OR BELOW: 27 0.50 INCH OR MORE: 0
MIN 0 OR BELOW: 1 1.00 INCH OR MORE: 0
[HDD (BASE 65) ]
TOTAL THIS MO. 1123 CLEAR (SCALE 0-3) 9
DPTR FM NORMAL 24 PTCLDY (SCALE 4-7) 14
TOTAL FM JUL 1 2393 CLOUDY (SCALE 8-10) 8
DPTR FM NORMAL -76
[CDD (BASE 65) ]
TOTAL THIS MO. 0
DPTR FM NORMAL 0 [PRESSURE DATA]
TOTAL FM JAN 1 1221 HIGHEST SLP M ON M
DPTR FM NORMAL 378 LOWEST SLP 29.27 ON 24
[REMARKS]
#FINAL-12-21#