000
CXUS56 KOTX 010910
CF6EPH
PRELIMINARY LOCAL CLIMATOLOGICAL DATA (WS FORM: F-6)
STATION: EPHRATA WA AIRPORT
MONTH: SEPTEMBER
YEAR: 2021
LATITUDE: 47 18 N
LONGITUDE: 119 31 W
TEMPERATURE IN F: :PCPN: SNOW: WIND :SUNSHINE: SKY :PK WND
================================================================================
1 2 3 4 5 6A 6B 7 8 9 10 11 12 13 14 15 16 17 18
12Z AVG MX 2MIN
DY MAX MIN AVG DEP HDD CDD WTR SNW DPTH SPD SPD DIR MIN PSBL S-S WX SPD DR
================================================================================
1 77 51 64 -5 1 0 0.00 M M 7.8 17 310 M M 0 19 20
2 81 54 68 -1 0 3 0.00 M M 8.9 20 10 M M 0 24 360
3 82 48 65 -4 0 0 0.00 M M 5.1 15 200 M M 0 19 210
4 84 50 67 -1 0 2 0.00 M M 5.5 14 190 M M 1 8 18 180
5 88 55 72 4 0 7 0.00 M M 7.3 25 310 M M 1 8 31 310
6 86 60 73 5 0 8 0.00 M M 6.6 21 300 M M 0 28 290
7 90 53 72 4 0 7 0.00 M M 5.2 15 240 M M 2 16 240
8 90 61 76 9 0 11 0.00 M M 9.6 21 220 M M 1 8 25 210
9 86 56 71 4 0 6 0.00 M M 6.0 16 310 M M 0 19 310
10 75 59 67 0 0 2 0.63 M M 6.0 13 340 M M 6 1 16 260
11 76 52 64 -2 1 0 0.00 M M 3.6 12 150 M M 1 17 120
12 80 56 68 2 0 3 0.00 M M 8.8 22 300 M M 1 27 310
13 77 50 64 -2 1 0 0.00 M M 9.2 23 300 M M 0 30 300
14 79 47 63 -2 2 0 0.00 M M 6.9 16 170 M M 1 19 190
15 75 53 64 -1 1 0 0.00 M M 14.2 26 300 M M 0 32 290
16 69 44 57 -8 8 0 0.00 M M 5.9 16 20 M M 0 20 340
17 64 47 56 -8 9 0 0.04 M M 6.4 14 160 M M 4 16 150
18 64 47 56 -8 9 0 0.02 M M 9.7 26 220 M M 6 31 270
19 72 42 57 -7 8 0 0.00 M M 8.9 21 300 M M 2 27 300
20 71 43 57 -6 8 0 0.00 M M 5.7 23 300 M M 1 29 300
21 75 43 59 -4 6 0 T M M 5.9 10 330 M M 0 13 350
22 74 44 59 -3 6 0 0.00 M M 8.0 21 310 M M 0 8 26 310
23 76 53 65 3 0 0 0.00 M M 5.3 20 310 M M 0 8 25 310
24 82 44 63 1 2 0 0.00 M M 5.5 12 40 M M 0 14 40
25 83 48 66 5 0 1 0.00 M M 5.0 12 170 M M 0 8 15 180
26 81 52 67 6 0 2 T M M 9.2 24 230 M M 1 27 220
27 68 50 59 -1 6 0 0.16 M M 10.4 22 220 M M 6 1 28 220
28 68 41 55 -5 10 0 0.00 M M 7.5 20 210 M M 1 30 210
29 63 40 52 -7 13 0 0.00 M M 5.5 14 150 M M 2 17 120
30 74 46 60 1 5 0 T M M 6.9 22 310 M M 5 26 290
================================================================================
SM 2310 1489 96 52 0.85 M 216.5 M 42
================================================================================
AV 77.0 49.6 7.2 FASTST M M 1 MAX(MPH)
MISC ----> # 26 300 32 290
================================================================================
NOTES:
# LAST OF SEVERAL OCCURRENCES
COLUMN 17 PEAK WIND IN M.P.H.
PRELIMINARY LOCAL CLIMATOLOGICAL DATA (WS FORM: F-6) , PAGE 2
STATION: EPHRATA WA AIRPORT
MONTH: SEPTEMBER
YEAR: 2021
LATITUDE: 47 18 N
LONGITUDE: 119 31 W
[TEMPERATURE DATA] [PRECIPITATION DATA] SYMBOLS USED IN COLUMN 16
AVERAGE MONTHLY: 63.3 TOTAL FOR MONTH: 0.85 1 = FOG OR MIST
DPTR FM NORMAL: -1.2 DPTR FM NORMAL: 0.63 2 = FOG REDUCING VISIBILITY
HIGHEST: 90 ON 8, 7 GRTST 24HR 0.63 ON 10-10 TO 1/4 MILE OR LESS
LOWEST: 40 ON 29 3 = THUNDER
SNOW, ICE PELLETS, HAIL 4 = ICE PELLETS
TOTAL MONTH: M 5 = HAIL
GRTST 24HR M ON M 6 = FREEZING RAIN OR DRIZZLE
GRTST DEPTH: M ON M 7 = DUSTSTORM OR SANDSTORM:
VSBY 1/2 MILE OR LESS
8 = SMOKE OR HAZE
[NO. OF DAYS WITH] [WEATHER - DAYS WITH] 9 = BLOWING SNOW
X = TORNADO
MAX 32 OR BELOW: 0 0.01 INCH OR MORE: 4
MAX 90 OR ABOVE: 2 0.10 INCH OR MORE: 2
MIN 32 OR BELOW: 0 0.50 INCH OR MORE: 1
MIN 0 OR BELOW: 0 1.00 INCH OR MORE: 0
[HDD (BASE 65) ]
TOTAL THIS MO. 96 CLEAR (SCALE 0-3) 25
DPTR FM NORMAL 2 PTCLDY (SCALE 4-7) 5
TOTAL FM JUL 1 102 CLOUDY (SCALE 8-10) 0
DPTR FM NORMAL -5
[CDD (BASE 65) ]
TOTAL THIS MO. 52
DPTR FM NORMAL -28 [PRESSURE DATA]
TOTAL FM JAN 1 1221 HIGHEST SLP M ON M
DPTR FM NORMAL 380 LOWEST SLP 29.51 ON 18
[REMARKS]
#FINAL-09-21#