000
CXUS54 KEWX 011110
CF6ERV
PRELIMINARY LOCAL CLIMATOLOGICAL DATA (WS FORM: F-6)
STATION: KERRVILLE
MONTH: NOVEMBER
YEAR: 2022
LATITUDE: 29 58 N
LONGITUDE: 99 5 W
TEMPERATURE IN F: :PCPN: SNOW: WIND :SUNSHINE: SKY :PK WND
================================================================================
1 2 3 4 5 6A 6B 7 8 9 10 11 12 13 14 15 16 17 18
12Z AVG MX 2MIN
DY MAX MIN AVG DEP HDD CDD WTR SNW DPTH SPD SPD DIR MIN PSBL S-S WX SPD DR
================================================================================
1 75 55 65 M 0 0 0.06 M M 4.3 9 110 M M 5 17 120
2 76 53 65 M 0 0 M M M 5.9 12 160 M M 9 12 18 160
3 79 67 73 M 0 8 M M M 12.1 20 150 M M 10 1 27 150
4 85 52 69 M 0 4 M M M 14.4 25 170 M M 6 32 170
5 79 40 60 M 5 0 M M M 4.7 14 200 M M 1 18 180
6 84 49 67 M 0 2 M M M 5.6 14 170 M M 2 1 17 210
7 84 60 72 M 0 7 M M M 5.1 14 160 M M 7 20 160
8 80 61 71 M 0 6 0.01 M M 7.0 13 160 M M 7 1 17 140
9 81 67 74 M 0 9 0.06 M M 10.4 15 160 M M 7 20 150
10 79 63 71 M 0 6 M M M 8.5 15 160 M M 8 22 160
11 71 41 56 M 9 0 0.09 M M 10.8 20 340 M M 9 33 220
12 56 34 45 M 20 0 M M M 8.2 14 340 M M 0 23 350
13 60 28 44 M 21 0 M M M 3.8 9 140 M M 1 M M
14 70 45 58 M 7 0 0.08 M M 7.1 15 320 M M 6 1 20 320
15 53 33 43 M 22 0 M M M 7.9 14 340 M M 0 22 340
16 56 35 46 M 19 0 M M M 4.5 9 40 M M 3 21 80
17 58 37 48 M 17 0 M M M 3.5 9 180 M M 8 M M
18 54 46 50 M 15 0 M M M 5.0 9 60 M M 10 17 110
19 46 37 42 M 23 0 0.05 M M 9.8 15 360 M M 10 21 10
20 45 38 42 M 23 0 M M M 2.6 7 350 M M 10 M M
21 45 39 42 M 23 0 0.10 M M 0.3 5 140 M M 10 1 M M
22 55 44 50 M 15 0 0.01 M M 1.9 5 120 M M 10 1 M M
23 55 49 52 M 13 0 0.12 M M 2.1 6 130 M M 10 1 M M
24 69 55 62 M 3 0 0.46 0.0 0 3.2 12 70 M M 10 1 21 70
25 59 46 53 M 12 0 0.53 M M 8.4 15 10 M M 10 1 23 10
26 59 40 50 M 15 0 0.31 M M 9.6 24 270 M M 4 35 280
27 75 33 54 M 11 0 M M M 3.4 16 300 M M 0 23 300
28 75 32 54 M 11 0 M M M 6.0 16 160 M M 2 21 200
29 84 47 66 M 0 1 0.00 0.0 M 7.5 14 190 M M 4 21 190
30 56 33 45 M 20 0 0.00 0.0 M 9.2 15 30 M M 0 27 360
================================================================================
SM 2003 1359 304 43 1.88 0.0 193.0 M 179
================================================================================
AV 66.8 45.3 6.4 FASTST M M 6 MAX(MPH)
MISC ----> 25 170 35 280
================================================================================
NOTES:
# LAST OF SEVERAL OCCURRENCES
COLUMN 17 PEAK WIND IN M.P.H.
PRELIMINARY LOCAL CLIMATOLOGICAL DATA (WS FORM: F-6) , PAGE 2
STATION: KERRVILLE
MONTH: NOVEMBER
YEAR: 2022
LATITUDE: 29 58 N
LONGITUDE: 99 5 W
[TEMPERATURE DATA] [PRECIPITATION DATA] SYMBOLS USED IN COLUMN 16
AVERAGE MONTHLY: 56.0 TOTAL FOR MONTH: 1.88 1 = FOG OR MIST
DPTR FM NORMAL: 0.0 DPTR FM NORMAL: M 2 = FOG REDUCING VISIBILITY
HIGHEST: 85 ON 4 GRTST 24HR 0.53 ON 25-25 TO 1/4 MILE OR LESS
LOWEST: 28 ON 13 3 = THUNDER
SNOW, ICE PELLETS, HAIL 4 = ICE PELLETS
TOTAL MONTH: 0.0 INCH 5 = HAIL
GRTST 24HR 0.0 6 = FREEZING RAIN OR DRIZZLE
GRTST DEPTH: 0 7 = DUSTSTORM OR SANDSTORM:
VSBY 1/2 MILE OR LESS
8 = SMOKE OR HAZE
[NO. OF DAYS WITH] [WEATHER - DAYS WITH] 9 = BLOWING SNOW
X = TORNADO
MAX 32 OR BELOW: 0 0.01 INCH OR MORE: 12
MAX 90 OR ABOVE: 0 0.10 INCH OR MORE: 5
MIN 32 OR BELOW: 2 0.50 INCH OR MORE: 1
MIN 0 OR BELOW: 0 1.00 INCH OR MORE: 0
[HDD (BASE 65) ]
TOTAL THIS MO. 304 CLEAR (SCALE 0-3) 9
DPTR FM NORMAL M PTCLDY (SCALE 4-7) 10
TOTAL FM JUL 1 363 CLOUDY (SCALE 8-10) 11
DPTR FM NORMAL M
[CDD (BASE 65) ]
TOTAL THIS MO. 43
DPTR FM NORMAL M [PRESSURE DATA]
TOTAL FM JAN 1 3068 HIGHEST SLP M ON M
DPTR FM NORMAL M LOWEST SLP M ON M
[REMARKS]
#FINAL-11-22#