000
CXUS54 KEWX 011010
CF6ERV
PRELIMINARY LOCAL CLIMATOLOGICAL DATA (WS FORM: F-6)
STATION: KERRVILLE
MONTH: JULY
YEAR: 2021
LATITUDE: 29 58 N
LONGITUDE: 99 5 W
TEMPERATURE IN F: :PCPN: SNOW: WIND :SUNSHINE: SKY :PK WND
================================================================================
1 2 3 4 5 6A 6B 7 8 9 10 11 12 13 14 15 16 17 18
12Z AVG MX 2MIN
DY MAX MIN AVG DEP HDD CDD WTR SNW DPTH SPD SPD DIR MIN PSBL S-S WX SPD DR
================================================================================
1 92 72 82 M 0 17 M M M 2.4 9 140 M M 4 M M
2 92 72 82 M 0 17 M M M 3.5 9 140 M M 3 M M
3 92 72 82 M 0 17 M M M 3.4 15 110 M M 4 23 110
4 92 73 83 M 0 18 M M M 3.8 7 90 M M 7 1 M M
5 89 69 79 M 0 14 1.52 M M 4.6 16 320 M M 8 13 22 320
6 82 72 77 M 0 12 0.16 M M 4.5 13 30 M M 7 1 22 120
7 84 72 78 M 0 13 0.01 M M 5.2 14 40 M M 7 18 40
8 86 69 78 M 0 13 0.12 M M 6.6 13 70 M M 8 18 70
9 79 72 76 M 0 11 0.21 M M 7.8 12 140 M M 10 18 22 130
10 84 72 78 M 0 13 0.14 M M 9.3 16 160 M M 8 1 21 140
11 88 74 81 M 0 16 M M M 6.9 14 160 M M 7 1 18 160
12 87 72 80 M 0 15 M M M 6.5 12 140 M M 5 M M
13 89 69 79 M 0 14 0.30 M M 6.1 25 140 M M 6 13 46 140
14 89 72 81 M 0 16 M M M 7.1 13 160 M M 5 23 190
15 87 72 80 M 0 15 M M M 9.5 16 150 M M 7 22 160
16 88 73 81 M 0 16 M M M 11.3 16 160 M M 7 21 170
17 89 74 82 M 0 17 0.00 M M 10.2 16 160 M M 7 20 160
18 89 72 81 M 0 16 M M M 5.6 12 160 M M 3 17 160
19 93 69 81 M 0 16 0.33 M M 4.2 16 50 M M 4 3 28 50
20 88 67 78 M 0 13 M M M 4.9 12 10 M M 4 17 10
21 86 69 78 M 0 13 M M M 2.9 8 150 M M 4 M M
22 88 66 77 M 0 12 M M M 5.8 15 150 M M 3 1 20 200
23 91 72 82 M 0 17 M M M 11.7 21 190 M M 5 25 170
24 92 74 83 M 0 18 M M M 10.7 18 180 M M 4 24 170
25 94 69 82 M 0 17 M M M 7.0 15 180 M M 2 1 20 160
26 97 72 85 M 0 20 M M M 6.0 10 170 M M 2 M M
27 96 69 83 M 0 18 M M M 3.3 8 180 M M 2 M M
28 93 69 81 M 0 16 M M M 3.2 10 130 M M 2 M M
29 94 72 83 M 0 18 0.03 M M 2.5 9 100 M M 3 3 18 100
30 93 66 80 M 0 15 M M M 2.4 7 120 M M 1 1 M M
31 97 72 85 M 0 20 M M M 4.3 12 170 M M 1 16 110
================================================================================
SM 2780 2199 0 483 2.82 M 183.0 M 150
================================================================================
AV 89.7 70.9 5.9 FASTST M M 5 MAX(MPH)
MISC ----> 25 140 46 140
================================================================================
NOTES:
# LAST OF SEVERAL OCCURRENCES
COLUMN 17 PEAK WIND IN M.P.H.
PRELIMINARY LOCAL CLIMATOLOGICAL DATA (WS FORM: F-6) , PAGE 2
STATION: KERRVILLE
MONTH: JULY
YEAR: 2021
LATITUDE: 29 58 N
LONGITUDE: 99 5 W
[TEMPERATURE DATA] [PRECIPITATION DATA] SYMBOLS USED IN COLUMN 16
AVERAGE MONTHLY: 80.3 TOTAL FOR MONTH: 2.82 1 = FOG OR MIST
DPTR FM NORMAL: 0.0 DPTR FM NORMAL: M 2 = FOG REDUCING VISIBILITY
HIGHEST: 97 ON 31,26 GRTST 24HR 1.52 ON 5- 5 TO 1/4 MILE OR LESS
LOWEST: 66 ON 30,22 3 = THUNDER
SNOW, ICE PELLETS, HAIL 4 = ICE PELLETS
TOTAL MONTH: 0.0 INCH 5 = HAIL
GRTST 24HR M ON M 6 = FREEZING RAIN OR DRIZZLE
GRTST DEPTH: 0 7 = DUSTSTORM OR SANDSTORM:
VSBY 1/2 MILE OR LESS
8 = SMOKE OR HAZE
[NO. OF DAYS WITH] [WEATHER - DAYS WITH] 9 = BLOWING SNOW
X = TORNADO
MAX 32 OR BELOW: 0 0.01 INCH OR MORE: 9
MAX 90 OR ABOVE: 14 0.10 INCH OR MORE: 7
MIN 32 OR BELOW: 0 0.50 INCH OR MORE: 1
MIN 0 OR BELOW: 0 1.00 INCH OR MORE: 1
[HDD (BASE 65) ]
TOTAL THIS MO. 0 CLEAR (SCALE 0-3) 10
DPTR FM NORMAL M PTCLDY (SCALE 4-7) 20
TOTAL FM JUL 1 0 CLOUDY (SCALE 8-10) 1
DPTR FM NORMAL M
[CDD (BASE 65) ]
TOTAL THIS MO. 483
DPTR FM NORMAL M [PRESSURE DATA]
TOTAL FM JAN 1 1269 HIGHEST SLP M ON M
DPTR FM NORMAL M LOWEST SLP M ON M
[REMARKS]
#FINAL-07-21#