000
CXUS53 KDMX 010810
CF6EST
PRELIMINARY LOCAL CLIMATOLOGICAL DATA (WS FORM: F-6)
STATION: ESTHERVILLE IA
MONTH: AUGUST
YEAR: 2023
LATITUDE: 43 24 N
LONGITUDE: 94 45 W
TEMPERATURE IN F: :PCPN: SNOW: WIND :SUNSHINE: SKY :PK WND
================================================================================
1 2 3 4 5 6A 6B 7 8 9 10 11 12 13 14 15 16 17 18
12Z AVG MX 2MIN
DY MAX MIN AVG DEP HDD CDD WTR SNW DPTH SPD SPD DIR MIN PSBL S-S WX SPD DR
================================================================================
1 81 61 71 1 0 6 0.00 0.0 0 5.6 16 170 M M 2 21 160
2 81 64 73 3 0 8 0.00 0.0 0 5.2 13 130 M M 2 12 18 60
3 86 62 74 4 0 9 0.00 0.0 0 2.1 7 90 M M 5 12 10 240
4 88 65 77 7 0 12 0.00 0.0 0 4.1 28 160 M M 1 3 39 160
5 79 63 71 1 0 6 0.71 0.0 0 9.1 21 110 M M 5 13 30 110
6 72 62 67 -2 0 2 1.77 0.0 0 7.5 22 30 M M 9 1 29 30
7 79 59 69 0 0 4 T 0.0 0 6.7 13 360 M M 4 12 17 10
8 80 57 69 0 0 4 0.00 0.0 0 3.5 10 240 M M 1 1 15 240
9 81 60 71 2 0 6 0.00 0.0 0 2.8 8 320 M M 0 18 10 310
10 81 59 70 1 0 5 0.33 0.0 0 7.5 15 290 M M 1 13 22 280
11 85 60 73 4 0 8 0.02 0.0 0 6.7 17 230 M M 2 13 27 220
12 83 57 70 1 0 5 0.00 0.0 0 6.7 15 290 M M 0 22 280
13 71 60 66 -3 0 1 0.40 0.0 0 7.5 17 180 M M 8 1 26 180
14 66 55 61 -7 4 0 0.05 0.0 0 11.3 22 360 M M 8 18 32 340
15 77 52 65 -3 0 0 0.00 0.0 0 5.8 10 250 M M 0 15 260
16 82 55 69 1 0 4 0.01 0.0 0 13.5 28 200 M M 1 3 39 200
17 73 53 63 -5 2 0 0.00 0.0 0 9.9 23 340 M M 0 18 32 320
18 79 49 64 -4 1 0 0.00 0.0 0 13.6 25 170 M M 0 1 34 170
19 90 63 77 9 0 12 0.00 0.0 0 10.3 18 200 M M 0 25 190
20 82 65 74 6 0 9 0.00 0.0 0 11.0 17 30 M M 0 23 40
21 91 64 78 11 0 13 0.00 0.0 0 8.2 17 160 M M 4 1 24 150
22 95 76 86 19 0 21 0.00 0.0 0 11.7 17 200 M M 4 18 26 190
23 95 76 86 19 0 21 0.00 0.0 0 10.6 21 240 M M 0 1 31 230
24 89 72 81 14 0 16 T 0.0 0 5.3 14 10 M M 1 1 21 230
25 88 63 76 9 0 11 0.44 0.0 0 6.9 14 350 M M 3 13 19 350
26 76 56 66 0 0 1 0.00 0.0 0 9.9 17 40 M M 1 25 10
27 74 50 62 -4 3 0 0.00 0.0 0 3.7 8 190 M M 1 12 14 200
28 83 56 70 4 0 5 0.00 0.0 0 7.6 15 240 M M 2 22 240
29 82 60 71 5 0 6 0.00 0.0 0 6.1 14 350 M M 1 1 23 350
30 79 56 68 2 0 3 0.00 0.0 0 6.3 14 150 M M 1 18 18 180
31 78 58 68 2 0 3 0.00 0.0 0 13.1 22 180 M M M 29 190
================================================================================
SM 2526 1868 10 201 3.73 0.0 239.8 M 67
================================================================================
AV 81.5 60.3 7.7 FASTST M M 2 MAX(MPH)
MISC ----> # 28 160 # 39 160
================================================================================
NOTES:
# LAST OF SEVERAL OCCURRENCES
COLUMN 17 PEAK WIND IN M.P.H.
PRELIMINARY LOCAL CLIMATOLOGICAL DATA (WS FORM: F-6) , PAGE 2
STATION: ESTHERVILLE IA
MONTH: AUGUST
YEAR: 2023
LATITUDE: 43 24 N
LONGITUDE: 94 45 W
[TEMPERATURE DATA] [PRECIPITATION DATA] SYMBOLS USED IN COLUMN 16
AVERAGE MONTHLY: 70.9 TOTAL FOR MONTH: 3.73 1 = FOG OR MIST
DPTR FM NORMAL: 2.9 DPTR FM NORMAL: 0.42 2 = FOG REDUCING VISIBILITY
HIGHEST: 95 ON 23,22 GRTST 24HR 2.00 ON 5- 6 TO 1/4 MILE OR LESS
LOWEST: 49 ON 18 3 = THUNDER
SNOW, ICE PELLETS, HAIL 4 = ICE PELLETS
TOTAL MONTH: 0.0 INCH 5 = HAIL
GRTST 24HR 0.0 6 = FREEZING RAIN OR DRIZZLE
GRTST DEPTH: 0 7 = DUSTSTORM OR SANDSTORM:
VSBY 1/2 MILE OR LESS
8 = SMOKE OR HAZE
[NO. OF DAYS WITH] [WEATHER - DAYS WITH] 9 = BLOWING SNOW
X = TORNADO
MAX 32 OR BELOW: 0 0.01 INCH OR MORE: 8
MAX 90 OR ABOVE: 4 0.10 INCH OR MORE: 5
MIN 32 OR BELOW: 0 0.50 INCH OR MORE: 2
MIN 0 OR BELOW: 0 1.00 INCH OR MORE: 1
[HDD (BASE 65) ]
TOTAL THIS MO. 10 CLEAR (SCALE 0-3) 22
DPTR FM NORMAL -22 PTCLDY (SCALE 4-7) 6
TOTAL FM JUL 1 27 CLOUDY (SCALE 8-10) 3
DPTR FM NORMAL -18
[CDD (BASE 65) ]
TOTAL THIS MO. 201
DPTR FM NORMAL 76 [PRESSURE DATA]
TOTAL FM JAN 1 642 HIGHEST SLP M ON M
DPTR FM NORMAL 168 LOWEST SLP 29.63 ON 10
[REMARKS]
#FINAL-08-23#