000
CXUS53 KPAH 011141
CLSEVV
CLIMATE REPORT
NATIONAL WEATHER SERVICE PADUCAH
641 AM CDT WED SEP 01 2021
...................................
...THE EVANSVILLE IN CLIMATE SUMMARY FOR THE SEASON, FROM
6/1/2021 TO 8/31/2021...
CLIMATE NORMAL PERIOD 1991 TO 2020
CLIMATE RECORD PERIOD 1896 TO 2021
WEATHER OBSERVED NORMAL DEPART LAST YEAR`S
VALUE DATE(S) VALUE FROM VALUE
NORMAL
..............................................................
TEMPERATURE (F)
RECORD
HIGH 111 07/28/1930
LOW 41 06/01/1966
06/02/1956
HIGHEST 96 08/26 88 8
LOWEST 54 06/23 65 -11
AVG. MAXIMUM 87.1 87.4 -0.3
AVG. MINIMUM 67.8 66.9 0.9
MEAN 77.5 77.2 0.3
DAYS MAX >= 90 34 34.2 -0.2
DAYS MAX <= 32 0 0.0 0.0
DAYS MIN <= 32 0 0.0 0.0
DAYS MIN <= 0 0 0.0 0.0
PRECIPITATION (INCHES)
RECORD
MAXIMUM 19.83 1977
MINIMUM 2.59 1936
TOTALS 13.11 11.89 1.22
DAILY AVG. 0.14 0.13 0.01
DAYS >= .01 26 26.6 -0.6
DAYS >= .10 20 17.9 2.1
DAYS >= .50 9 7.5 1.5
DAYS >= 1.00 4 3.5 0.5
GREATEST
24 HR. TOTAL 2.73
STORM TOTAL 2.19
(MM/DD(HH))
SNOWFALL (INCHES)
TOTALS 0.0
LIQUID EQUIV 0.00
SINCE 7/1 0.0
LIQUID 7/1 0.00
SNOWDEPTH AVG. 0
DAYS >= TRACE 0
DAYS >= 1.0 0
GREATEST
SNOW DEPTH 0
24 HR TOTAL 0.0
STORM TOTAL 0.0
(MM/DD(HH))
DEGREE DAYS
HEATING TOTAL 0 5 -5
SINCE 7/1 0 0 0
COOLING TOTAL 1171 1126 45
SINCE 1/1 1295 1293 2
FREEZE DATES
RECORD
EARLIEST 10/03/1974
LATEST 05/10/1966
EARLIEST MM
LATEST 04/22
..............................................................
WIND (MPH)
AVERAGE WIND SPEED 5.4
HIGHEST WIND SPEED/DIRECTION 33/250 DATE 07/08
HIGHEST GUST SPEED/DIRECTION 50/270 DATE 07/08
SKY COVER
POSSIBLE SUNSHINE (PERCENT) MM
AVERAGE SKY COVER 0.29
NUMBER OF DAYS FAIR 61
NUMBER OF DAYS PC 29
NUMBER OF DAYS CLOUDY 2
AVERAGE RH (PERCENT) 73
WEATHER CONDITIONS. NUMBER OF DAYS WITH
THUNDERSTORM 21 MIXED PRECIP 0
HEAVY RAIN 18 RAIN 18
LIGHT RAIN 33 FREEZING RAIN 0
LT FREEZING RAIN 0 HAIL 0
HEAVY SNOW 0 SNOW 0
LIGHT SNOW 0 SLEET 0
FOG 49 FOG W/VIS <= 1/4 MILE 7
HAZE 17
- INDICATES NEGATIVE NUMBERS.
R INDICATES RECORD WAS SET OR TIED.
MM INDICATES DATA IS MISSING.
T INDICATES TRACE AMOUNT.
$$