000
CXUS56 KSLC 030852
CF6EVW
PRELIMINARY LOCAL CLIMATOLOGICAL DATA (WS FORM: F-6)
STATION: EVANSTON WY
MONTH: JULY
YEAR: 2021
LATITUDE: 41 16 N
LONGITUDE: 111 2 W
TEMPERATURE IN F: :PCPN: SNOW: WIND :SUNSHINE: SKY :PK WND
================================================================================
1 2 3 4 5 6A 6B 7 8 9 10 11 12 13 14 15 16 17 18
12Z AVG MX 2MIN
DY MAX MIN AVG DEP HDD CDD WTR SNW DPTH SPD SPD DIR MIN PSBL S-S WX SPD DR
================================================================================
1 81 53 67 3 0 2 0.03 M M 6.8 25 330 M M 3 3 29 330
2 82 53 68 4 0 3 0.00 M M 6.2 24 350 M M 4 38 27 350
3 84 55 70 6 0 5 0.15 M M 6.6 21 210 M M 1 3 27 220
4 91 54 73 8 0 8 0.02 M M 8.3 36 220 M M 3 3 43 220
5 85 57 71 6 0 6 0.02 M M 8.7 23 270 M M 1 29 280
6 88 51 70 4 0 5 0.00 M M 5.8 15 10 M M 0 23 30
7 92 59 76 10 0 11 0.00 M M 8.2 38 270 M M 0 54 280
8 93 58 76 10 0 11 0.00 M M 10.6 31 270 M M 0 38 280
9 91 63 77 11 0 12 0.00 M M 13.5 29 290 M M 0 8 37 280
10 88 51 70 3 0 5 0.00 M M 7.4 16 10 M M 0 8 21 350
11 89 55 72 5 0 7 0.00 M M 6.0 15 250 M M 0 8 22 270
12 92 60 76 9 0 11 0.00 M M 10.0 32 270 M M 0 41 260
13 90 61 76 8 0 11 0.00 M M 14.8 32 270 M M 0 48 280
14 86 60 73 5 0 8 0.00 M M 11.0 23 280 M M 2 32 280
15 90 57 74 6 0 9 T M M 10.2 29 340 M M 1 41 260
16 88 53 71 3 0 6 0.00 M M 7.3 28 340 M M 1 35 330
17 87 56 72 4 0 7 0.00 M M 6.2 24 150 M M 1 30 150
18 93 56 75 7 0 10 0.00 M M 6.3 16 150 M M 0 23 300
19 89 58 74 5 0 9 0.33 M M 9.5 33 210 M M 2 3 42 220
20 85 58 72 3 0 7 0.02 M M 10.0 22 270 M M 3 30 250
21 88 60 74 5 0 9 0.00 M M 8.3 22 220 M M 2 28 280
22 87 59 73 4 0 8 0.01 M M 10.2 35 360 M M 6 42 350
23 86 56 71 2 0 6 T M M 6.8 35 350 M M 2 42 360
24 89 53 71 2 0 6 0.00 M M 6.4 18 310 M M 0 24 30
25 90 57 74 5 0 9 0.00 M M 7.1 22 270 M M 0 27 280
26 90 54 72 3 0 7 0.00 M M 8.1 24 220 M M 0 30 230
27 89 63 76 7 0 11 0.23 M M 9.0 25 230 M M 3 3 31 230
28 84 60 72 3 0 7 0.16 M M 6.3 31 240 M M 4 3 37 230
29 82 55 69 0 0 4 0.00 M M 4.7 16 340 M M 1 21 330
30 75 57 66 -3 0 1 0.11 M M 6.0 23 170 M M 8 13 30 170
31 77 58 68 -1 0 3 0.04 M M 9.3 18 70 M M 3 3 23 70
================================================================================
SM 2701 1760 0 224 1.12 M 255.6 M 51
================================================================================
AV 87.1 56.8 8.2 FASTST M M 2 MAX(MPH)
MISC ----> 38 270 54 280
================================================================================
NOTES:
# LAST OF SEVERAL OCCURRENCES
COLUMN 17 PEAK WIND IN M.P.H.
PRELIMINARY LOCAL CLIMATOLOGICAL DATA (WS FORM: F-6) , PAGE 2
STATION: EVANSTON WY
MONTH: JULY
YEAR: 2021
LATITUDE: 41 16 N
LONGITUDE: 111 2 W
[TEMPERATURE DATA] [PRECIPITATION DATA] SYMBOLS USED IN COLUMN 16
AVERAGE MONTHLY: 72.0 TOTAL FOR MONTH: 1.12 1 = FOG OR MIST
DPTR FM NORMAL: 4.5 DPTR FM NORMAL: 0.57 2 = FOG REDUCING VISIBILITY
HIGHEST: 93 ON 18, 8 GRTST 24HR 0.39 ON 27-28 TO 1/4 MILE OR LESS
LOWEST: 51 ON 10, 6 3 = THUNDER
SNOW, ICE PELLETS, HAIL 4 = ICE PELLETS
TOTAL MONTH: M 5 = HAIL
GRTST 24HR M ON M 6 = FREEZING RAIN OR DRIZZLE
GRTST DEPTH: M ON M 7 = DUSTSTORM OR SANDSTORM:
VSBY 1/2 MILE OR LESS
8 = SMOKE OR HAZE
[NO. OF DAYS WITH] [WEATHER - DAYS WITH] 9 = BLOWING SNOW
X = TORNADO
MAX 32 OR BELOW: 0 0.01 INCH OR MORE: 11
MAX 90 OR ABOVE: 10 0.10 INCH OR MORE: 5
MIN 32 OR BELOW: 0 0.50 INCH OR MORE: 0
MIN 0 OR BELOW: 0 1.00 INCH OR MORE: 0
[HDD (BASE 65) ]
TOTAL THIS MO. 0 CLEAR (SCALE 0-3) 26
DPTR FM NORMAL -30 PTCLDY (SCALE 4-7) 4
TOTAL FM JUL 1 0 CLOUDY (SCALE 8-10) 1
DPTR FM NORMAL -25
[CDD (BASE 65) ]
TOTAL THIS MO. 224
DPTR FM NORMAL 118 [PRESSURE DATA]
TOTAL FM JAN 1 334 HIGHEST SLP 30.19 ON 19
DPTR FM NORMAL 210 LOWEST SLP 29.75 ON 8
[REMARKS]
#FINAL-07-21#