000
CXUS52 KMHX 010600
CF6EWN
PRELIMINARY LOCAL CLIMATOLOGICAL DATA (WS FORM: F-6)
STATION: NEW BERN NC
MONTH: AUGUST
YEAR: 2023
LATITUDE: 35 4 N
LONGITUDE: 77 3 W
TEMPERATURE IN F: :PCPN: SNOW: WIND :SUNSHINE: SKY :PK WND
================================================================================
1 2 3 4 5 6A 6B 7 8 9 10 11 12 13 14 15 16 17 18
12Z AVG MX 2MIN
DY MAX MIN AVG DEP HDD CDD WTR SNW DPTH SPD SPD DIR MIN PSBL S-S WX SPD DR
================================================================================
1 89 68 79 -1 0 14 0.19 0.0 0 4.0 14 130 M M 3 138 18 120
2 83 65 74 -6 0 9 0.00 0.0 0 5.0 14 50 M M 1 17 30
3 84 61 73 -7 0 8 0.00 0.0 0 3.6 10 110 M M 3 14 120
4 82 74 78 -2 0 13 0.69 0.0 0 5.7 18 270 M M 9 138 26 260
5 89 73 81 1 0 16 T 0.0 T 5.7 10 30 M M 5 1 16 30
6 90 70 80 0 0 15 0.00 0.0 0 3.9 15 130 M M 2 12 20 130
7 94 73 84 4 0 19 0.21 0.0 0 8.3 26 280 M M 2 13 38 280
8 92 71 82 2 0 17 0.00 0.0 0 8.2 17 260 M M 1 25 280
9 91 73 82 2 0 17 0.00 0.0 0 3.9 13 230 M M 2 20 210
10 88 71 80 0 0 15 0.26 0.0 0 7.0 22 240 M M 1 13 29 230
11 92 71 82 2 0 17 0.00 0.0 0 3.7 13 210 M M 1 17 220
12 93 72 83 4 0 18 0.00 0.0 0 5.6 12 280 M M 2 1 16 270
13 96 78 87 8 0 22 0.00 0.0 0 7.8 16 200 M M 1 13 23 180
14 97 79 88 9 0 23 T 0.0 0 8.2 18 170 M M 2 13 27 180
15 95 74 85 6 0 20 0.07 0.0 0 9.2 26 330 M M 2 13 35 240
16 92 75 84 5 0 19 0.16 0.0 0 4.2 17 250 M M 2 13 21 270
17 91 75 83 4 0 18 0.06 0.0 0 6.7 18 170 M M 3 1 24 180
18 92 74 83 4 0 18 0.00 0.0 M 6.8 15 230 M M 2 19 230
19 93 74 84 5 0 19 T 0.0 M 5.7 18 120 M M 5 23 120
20 93 71 82 3 0 17 0.00 0.0 0 2.3 13 180 M M 3 128 18 200
21 97 74 86 7 0 21 0.00 0.0 0 4.4 13 170 M M 2 13 16 260
22 94 74 84 6 0 19 T 0.0 0 7.8 17 50 M M 3 12 22 50
23 88 67 78 0 0 13 0.00 0.0 0 9.6 17 40 M M 2 23 40
24 89 67 78 0 0 13 0.00 0.0 0 4.5 14 170 M M 3 19 170
25 91 70 81 3 0 16 0.00 0.0 0 6.4 17 170 M M 2 1 23 180
26 96 75 86 8 0 21 0.00 0.0 0 7.2 16 210 M M 4 3 22 180
27 93 73 83 5 0 18 0.58 0.0 0 4.6 16 70 M M 4 13 20 80
28 87 74 81 3 0 16 0.28 0.0 0 2.8 12 320 M M 6 13 14 320
29 94 74 84 6 0 19 0.10 0.0 0 3.0 13 50 M M 3 13 15 200
30 88 75 82 4 0 17 1.05 0.0 0 6.0 20 50 M M 4 1 27 60
31 75 63 69 -8 0 4 1.85 0.0 0 17.1 32 30 M M 7 13 43 30
================================================================================
SM 2808 2228 0 511 5.50 0.0 188.9 M 92
================================================================================
AV 90.6 71.9 6.1 FASTST M M 3 MAX(MPH)
MISC ----> 32 30 43 30
================================================================================
NOTES:
# LAST OF SEVERAL OCCURRENCES
COLUMN 17 PEAK WIND IN M.P.H.
PRELIMINARY LOCAL CLIMATOLOGICAL DATA (WS FORM: F-6) , PAGE 2
STATION: NEW BERN NC
MONTH: AUGUST
YEAR: 2023
LATITUDE: 35 4 N
LONGITUDE: 77 3 W
[TEMPERATURE DATA] [PRECIPITATION DATA] SYMBOLS USED IN COLUMN 16
AVERAGE MONTHLY: 81.2 TOTAL FOR MONTH: 5.50 1 = FOG OR MIST
DPTR FM NORMAL: 2.3 DPTR FM NORMAL: -1.31 2 = FOG REDUCING VISIBILITY
HIGHEST: 97 ON 21,14 GRTST 24HR 2.90 ON 30-31 TO 1/4 MILE OR LESS
LOWEST: 61 ON 3 3 = THUNDER
SNOW, ICE PELLETS, HAIL 4 = ICE PELLETS
TOTAL MONTH: 0.0 INCH 5 = HAIL
GRTST 24HR 0.0 6 = FREEZING RAIN OR DRIZZLE
GRTST DEPTH: T 7 = DUSTSTORM OR SANDSTORM:
VSBY 1/2 MILE OR LESS
8 = SMOKE OR HAZE
[NO. OF DAYS WITH] [WEATHER - DAYS WITH] 9 = BLOWING SNOW
X = TORNADO
MAX 32 OR BELOW: 0 0.01 INCH OR MORE: 12
MAX 90 OR ABOVE: 20 0.10 INCH OR MORE: 10
MIN 32 OR BELOW: 0 0.50 INCH OR MORE: 4
MIN 0 OR BELOW: 0 1.00 INCH OR MORE: 2
[HDD (BASE 65) ]
TOTAL THIS MO. 0 CLEAR (SCALE 0-3) 21
DPTR FM NORMAL 0 PTCLDY (SCALE 4-7) 9
TOTAL FM JUL 1 0 CLOUDY (SCALE 8-10) 1
DPTR FM NORMAL 0
[CDD (BASE 65) ]
TOTAL THIS MO. 511
DPTR FM NORMAL 79 [PRESSURE DATA]
TOTAL FM JAN 1 1587 HIGHEST SLP M ON M
DPTR FM NORMAL 70 LOWEST SLP 29.46 ON 31
[REMARKS]
#FINAL-08-23#