000
CXUS51 KOKX 280910
CF6EWR
PRELIMINARY LOCAL CLIMATOLOGICAL DATA (WS FORM: F-6)
STATION: NEWARK NJ
MONTH: MARCH
YEAR: 2024
LATITUDE: 40 42 N
LONGITUDE: 74 10 W
TEMPERATURE IN F: :PCPN: SNOW: WIND :SUNSHINE: SKY :PK WND
================================================================================
1 2 3 4 5 6A 6B 7 8 9 10 11 12 13 14 15 16 17 18
12Z AVG MX 2MIN
DY MAX MIN AVG DEP HDD CDD WTR SNW DPTH SPD SPD DIR MIN PSBL S-S WX SPD DR
================================================================================
1 47 30 39 1 26 0 0.00 0.0 0 7.2 16 130 M M 4 23 110
2 54 42 48 10 17 0 1.31 0.0 0 5.6 22 90 M M 10 1 32 80
3 70 48 59 20 6 0 0.00 0.0 0 8.0 16 20 M M 6 26 300
4 59 45 52 13 13 0 T 0.0 0 8.6 17 120 M M 8 1 25 120
5 48 44 46 7 19 0 0.54 0.0 0 9.8 18 40 M M 10 1 27 40
6 51 48 50 10 15 0 1.03 0.0 0 7.3 18 30 M M 10 1 24 40
7 57 45 51 11 14 0 0.01 0.0 0 17.0 28 360 M M 9 1 36 350
8 56 38 47 7 18 0 0.00 0.0 0 8.3 18 20 M M 6 25 30
9 49 42 46 6 19 0 1.43 0.0 0 11.5 25 110 M M 10 18 40 120
10 53 38 46 5 19 0 0.03 T 0 17.4 29 280 M M 9 1 42 300
11 55 36 46 5 19 0 T T 0 22.5 44 290 M M 4 59 290
12 68 39 54 13 11 0 0.00 0.0 0 11.3 22 290 M M 3 30 270
13 64 47 56 14 9 0 0.00 0.0 0 3.5 15 150 M M 6 21 140
14 75 43 59 17 6 0 0.00 0.0 0 4.1 15 150 M M 6 22 150
15 75 51 63 21 2 0 T 0.0 0 12.2 25 290 M M 8 46 270
16 62 46 54 12 11 0 0.00 0.0 0 8.9 20 230 M M 4 28 220
17 64 48 56 13 9 0 T 0.0 0 12.7 29 250 M M 7 40 300
18 54 38 46 3 19 0 0.00 0.0 0 13.3 23 280 M M 7 31 270
19 49 34 42 -1 23 0 T 0.0 0 13.5 28 270 M M 7 39 280
20 59 34 47 3 18 0 0.01 0.0 0 12.2 33 330 M M 7 3 47 280
21 45 30 38 -6 27 0 0.00 0.0 0 16.2 26 300 M M 2 42 280
22 45 29 37 -7 28 0 0.00 0.0 0 7.0 15 150 M M 6 23 300
23 48 35 42 -3 23 0 3.10 0.0 0 15.3 31 330 M M 9 1 43 320
24 50 32 41 -4 24 0 0.00 0.0 0 13.8 23 340 M M 1 33 320
25 54 33 44 -1 21 0 0.00 0.0 0 10.5 20 30 M M 1 27 40
26 54 38 46 0 19 0 T 0.0 0 7.6 18 40 M M 8 23 30
27 52 43 48 2 17 0 0.07 0.0 0 3.4 15 230 M M 10 18 19 230
================================================================================
SM 1517 1076 452 0 7.53 T 288.7 M 178
================================================================================
AV 56.2 39.9 10.7 FASTST M M 7 MAX(MPH)
MISC ----> 44 290 59 290
================================================================================
NOTES:
# LAST OF SEVERAL OCCURRENCES
COLUMN 17 PEAK WIND IN M.P.H.
PRELIMINARY LOCAL CLIMATOLOGICAL DATA (WS FORM: F-6) , PAGE 2
STATION: NEWARK NJ
MONTH: MARCH
YEAR: 2024
LATITUDE: 40 42 N
LONGITUDE: 74 10 W
[TEMPERATURE DATA] [PRECIPITATION DATA] SYMBOLS USED IN COLUMN 16
AVERAGE MONTHLY: 48.0 TOTAL FOR MONTH: 7.53 1 = FOG OR MIST
DPTR FM NORMAL: 6.1 DPTR FM NORMAL: 3.91 2 = FOG REDUCING VISIBILITY
HIGHEST: 75 ON 15,14 GRTST 24HR 3.10 ON 23-23 TO 1/4 MILE OR LESS
LOWEST: 29 ON 22 3 = THUNDER
SNOW, ICE PELLETS, HAIL 4 = ICE PELLETS
TOTAL MONTH: T 5 = HAIL
GRTST 24HR T ON 10-10 6 = FREEZING RAIN OR DRIZZLE
GRTST DEPTH: 0 7 = DUSTSTORM OR SANDSTORM:
VSBY 1/2 MILE OR LESS
8 = SMOKE OR HAZE
[NO. OF DAYS WITH] [WEATHER - DAYS WITH] 9 = BLOWING SNOW
X = TORNADO
MAX 32 OR BELOW: 0 0.01 INCH OR MORE: 9
MAX 90 OR ABOVE: 0 0.10 INCH OR MORE: 5
MIN 32 OR BELOW: 4 0.50 INCH OR MORE: 5
MIN 0 OR BELOW: 0 1.00 INCH OR MORE: 4
[HDD (BASE 65) ]
TOTAL THIS MO. 452 CLEAR (SCALE 0-3) 4
DPTR FM NORMAL -172 PTCLDY (SCALE 4-7) 14
TOTAL FM JUL 1 3368 CLOUDY (SCALE 8-10) 9
DPTR FM NORMAL -759
[CDD (BASE 65) ]
TOTAL THIS MO. 0
DPTR FM NORMAL 0 [PRESSURE DATA]
TOTAL FM JAN 1 0 HIGHEST SLP M ON M
DPTR FM NORMAL 0 LOWEST SLP 29.37 ON 10
[REMARKS]