000
CXUS53 KIND 010700
CF6EYE
PRELIMINARY LOCAL CLIMATOLOGICAL DATA (WS FORM: F-6)
STATION: INDIANAPOLIS EAGLE CREEK IN
MONTH: JANUARY
YEAR: 2022
LATITUDE: 39 49 N
LONGITUDE: 86 18 W
TEMPERATURE IN F: :PCPN: SNOW: WIND :SUNSHINE: SKY :PK WND
================================================================================
1 2 3 4 5 6A 6B 7 8 9 10 11 12 13 14 15 16 17 18
12Z AVG MX 2MIN
DY MAX MIN AVG DEP HDD CDD WTR SNW DPTH SPD SPD DIR MIN PSBL S-S WX SPD DR
================================================================================
1 61 38 50 20 15 0 0.59 M M 8.0 14 360 M M 10 1 22 340
2 38 24 31 1 34 0 0.01 M M 10.8 17 330 M M 9 1 23 360
3 32 21 27 -3 38 0 0.00 M M 4.7 10 300 M M 2 14 240
4 42 23 33 3 32 0 0.00 M M 9.0 17 210 M M 0 1 31 200
5 41 15 28 -1 37 0 T M M 15.1 25 290 M M 5 41 200
6 19 9 14 -15 51 0 0.00 M M 11.3 20 300 M M 6 8 27 270
7 20 4 12 -17 53 0 0.00 M M 7.1 15 300 M M 2 8 22 320
8 40 16 28 -1 37 0 M M M 9.3 16 130 M M 5 168 25 120
9 43 18 31 2 34 0 0.00 M M 12.5 23 310 M M 5 1 32 310
10 29 14 22 -7 43 0 0.00 M M 10.0 18 310 M M 3 27 320
11 35 11 23 -6 42 0 0.00 M M 7.6 15 200 M M 0 25 160
12 47 31 39 10 26 0 0.00 M M 6.4 17 210 M M 1 28 190
13 45 27 36 8 29 0 0.00 M M 4.8 14 330 M M 2 18 17 330
14 38 30 34 6 31 0 0.00 M M 6.8 14 80 M M 10 18 18 100
15 33 20 27 -1 38 0 M M M 9.0 15 60 M M 4 18 23 60
16 38 16 27 -1 38 0 0.00 M M 7.3 15 300 M M 0 20 310
17 28 24 26 -2 39 0 0.00 M M 12.0 22 290 M M 10 18 29 290
18 45 23 34 6 31 0 0.00 M M 7.9 16 170 M M 5 26 150
19 45 21 33 5 32 0 0.00 M M 11.6 20 310 M M 4 30 200
20 25 14 20 -8 45 0 T M M 9.5 17 330 M M 6 23 340
21 26 16 21 -7 44 0 0.00 M M 5.5 13 90 M M 5 17 120
22 33 12 23 -5 42 0 0.00 M M 5.5 16 200 M M 2 26 240
23 36 21 29 1 36 0 M M M 8.6 25 280 M M 8 1 37 280
24 39 23 31 3 34 0 M M M 10.4 21 310 M M 9 1 30 310
25 25 9 17 -11 48 0 0.00 M M 9.9 17 300 M M 2 25 330
26 21 1 11 -18 54 0 0.00 M M 4.7 14 320 M M 0 18 310
27 31 11 21 -8 44 0 M M M 6.2 14 200 M M 8 8 21 190
28 31 7 19 -10 46 0 M M M 7.0 20 350 M M 7 18 27 350
29 27 2 15 -14 50 0 0.00 M M 4.5 14 200 M M 4 22 210
30 36 16 26 -3 39 0 0.00 M M 5.2 15 290 M M 0 21 300
31 39 15 27 -2 38 0 0.00 M M 4.7 10 150 M M 1 18 17 130
================================================================================
SM 1088 532 1200 0 0.60 M 252.9 M 135
================================================================================
AV 35.1 17.2 8.2 FASTST M M 4 MAX(MPH)
MISC ----> # 25 290 41 200
================================================================================
NOTES:
# LAST OF SEVERAL OCCURRENCES
COLUMN 17 PEAK WIND IN M.P.H.
PRELIMINARY LOCAL CLIMATOLOGICAL DATA (WS FORM: F-6) , PAGE 2
STATION: INDIANAPOLIS EAGLE CREEK IN
MONTH: JANUARY
YEAR: 2022
LATITUDE: 39 49 N
LONGITUDE: 86 18 W
[TEMPERATURE DATA] [PRECIPITATION DATA] SYMBOLS USED IN COLUMN 16
AVERAGE MONTHLY: 26.1 TOTAL FOR MONTH: 0.60 1 = FOG OR MIST
DPTR FM NORMAL: -2.7 DPTR FM NORMAL: -1.99 2 = FOG REDUCING VISIBILITY
HIGHEST: 61 ON 1 GRTST 24HR 0.59 ON 1- 1 TO 1/4 MILE OR LESS
LOWEST: 1 ON 26 3 = THUNDER
SNOW, ICE PELLETS, HAIL 4 = ICE PELLETS
TOTAL MONTH: M 5 = HAIL
GRTST 24HR M ON M 6 = FREEZING RAIN OR DRIZZLE
GRTST DEPTH: M ON M 7 = DUSTSTORM OR SANDSTORM:
VSBY 1/2 MILE OR LESS
8 = SMOKE OR HAZE
[NO. OF DAYS WITH] [WEATHER - DAYS WITH] 9 = BLOWING SNOW
X = TORNADO
MAX 32 OR BELOW: 12 0.01 INCH OR MORE: 2
MAX 90 OR ABOVE: 0 0.10 INCH OR MORE: 1
MIN 32 OR BELOW: 30 0.50 INCH OR MORE: 1
MIN 0 OR BELOW: 0 1.00 INCH OR MORE: 0
[HDD (BASE 65) ]
TOTAL THIS MO. 1200 CLEAR (SCALE 0-3) 12
DPTR FM NORMAL 78 PTCLDY (SCALE 4-7) 13
TOTAL FM JUL 1 2793 CLOUDY (SCALE 8-10) 6
DPTR FM NORMAL -325
[CDD (BASE 65) ]
TOTAL THIS MO. 0
DPTR FM NORMAL 0 [PRESSURE DATA]
TOTAL FM JAN 1 0 HIGHEST SLP M ON M
DPTR FM NORMAL 0 LOWEST SLP 29.60 ON 1
[REMARKS]
#FINAL-01-22#