000
CXUS53 KFGF 010815
CF6FAR
PRELIMINARY LOCAL CLIMATOLOGICAL DATA (WS FORM: F-6)
STATION: FARGO HECTOR INTL AP ND
MONTH: JUNE
YEAR: 2021
LATITUDE: 46 54 N
LONGITUDE: 96 48 W
TEMPERATURE IN F: :PCPN: SNOW: WIND :SUNSHINE: SKY :PK WND
================================================================================
1 2 3 4 5 6A 6B 7 8 9 10 11 12 13 14 15 16 17 18
12Z AVG MX 2MIN
DY MAX MIN AVG DEP HDD CDD WTR SNW DPTH SPD SPD DIR MIN PSBL S-S WX SPD DR
================================================================================
1 83 46 65 2 0 0 T 0.0 0 9.1 18 120 M M 3 26 110
2 90 52 71 8 0 6 T 0.0 0 6.7 21 300 M M 1 31 210
3 97 58 78 14 0 13 T 0.0 0 9.8 22 270 M M 1 32 280
4 102 58 80 16 0 15 T 0.0 0 12.0 35 290 M M 1 8 46 310
5 100 63 82 18 0 17 0.00 0.0 0 9.0 21 190 M M 0 28 170
6 91 58 75 11 0 10 0.00 0.0 0 14.8 26 190 M M 1 34 300
7 92 48 70 5 0 5 0.91 0.0 0 8.6 35 220 M M 1 13 50 220
8 89 68 79 14 0 14 0.08 0.0 0 10.3 22 190 M M 3 3 35 210
9 94 75 85 20 0 20 0.00 0.0 0 11.8 22 180 M M 1 3 29 180
10 93 68 81 15 0 16 0.00 0.0 0 10.7 18 20 M M 1 24 30
11 83 57 70 4 0 5 1.20 0.0 0 16.7 37 310 M M 2 13 49 310
12 85 55 70 4 0 5 0.00 0.0 0 9.7 21 280 M M 0 30 270
13 85 59 72 6 0 7 0.00 0.0 0 12.7 28 340 M M 0 35 340
14 85 53 69 2 0 4 0.00 0.0 0 7.1 21 350 M M 0 26 10
15 82 52 67 0 0 2 0.00 0.0 0 6.7 14 120 M M 0 19 130
16 88 66 77 10 0 12 T 0.0 0 14.5 30 130 M M 0 3 41 160
17 89 57 73 5 0 8 0.00 0.0 0 8.3 17 250 M M 0 27 240
18 87 54 71 3 0 6 0.00 0.0 0 11.9 30 320 M M 1 42 340
19 82 49 66 -2 0 1 T 0.0 0 5.5 14 250 M M 1 22 230
20 71 51 61 -7 4 0 1.07 0.0 0 12.4 24 350 M M 7 1 33 10
21 66 47 57 -11 8 0 0.00 0.0 0 10.5 18 340 M M 4 25 320
22 79 46 63 -5 2 0 0.00 0.0 0 8.2 12 220 M M 1 21 210
23 92 59 76 7 0 11 0.00 0.0 0 15.0 26 190 M M 0 37 190
24 85 57 71 2 0 6 0.00 0.0 0 6.4 15 330 M M 1 23 300
25 82 60 71 2 0 6 T 0.0 0 5.2 18 360 M M 4 23 360
26 80 62 71 2 0 6 0.11 0.0 0 4.6 13 20 M M 7 1 18 20
27 85 57 71 2 0 6 0.03 0.0 0 6.1 24 350 M M 2 38 31 360
28 79 60 70 0 0 5 0.19 0.0 0 6.3 17 360 M M 6 13 23 360
29 84 57 71 1 0 6 0.00 0.0 0 5.7 13 340 M M 0 16 350
30 89 57 73 3 0 8 0.00 0.0 0 2.7 9 350 M M 0 13 350
================================================================================
SM 2589 1709 14 220 3.59 0.0 279.0 M 49
================================================================================
AV 86.3 57.0 9.3 FASTST M M 2 MAX(MPH)
MISC ----> 37 310 50 220
================================================================================
NOTES:
# LAST OF SEVERAL OCCURRENCES
COLUMN 17 PEAK WIND IN M.P.H.
PRELIMINARY LOCAL CLIMATOLOGICAL DATA (WS FORM: F-6) , PAGE 2
STATION: FARGO HECTOR INTL AP ND
MONTH: JUNE
YEAR: 2021
LATITUDE: 46 54 N
LONGITUDE: 96 48 W
[TEMPERATURE DATA] [PRECIPITATION DATA] SYMBOLS USED IN COLUMN 16
AVERAGE MONTHLY: 71.6 TOTAL FOR MONTH: 3.59 1 = FOG OR MIST
DPTR FM NORMAL: 4.8 DPTR FM NORMAL: -0.70 2 = FOG REDUCING VISIBILITY
HIGHEST: 102 ON 4 GRTST 24HR 1.20 ON 11-11 TO 1/4 MILE OR LESS
LOWEST: 46 ON 22, 1 3 = THUNDER
SNOW, ICE PELLETS, HAIL 4 = ICE PELLETS
TOTAL MONTH: 0.0 INCH 5 = HAIL
GRTST 24HR 0.0 6 = FREEZING RAIN OR DRIZZLE
GRTST DEPTH: 0 7 = DUSTSTORM OR SANDSTORM:
VSBY 1/2 MILE OR LESS
8 = SMOKE OR HAZE
[NO. OF DAYS WITH] [WEATHER - DAYS WITH] 9 = BLOWING SNOW
X = TORNADO
MAX 32 OR BELOW: 0 0.01 INCH OR MORE: 7
MAX 90 OR ABOVE: 9 0.10 INCH OR MORE: 5
MIN 32 OR BELOW: 0 0.50 INCH OR MORE: 3
MIN 0 OR BELOW: 0 1.00 INCH OR MORE: 2
[HDD (BASE 65) ]
TOTAL THIS MO. 14 CLEAR (SCALE 0-3) 25
DPTR FM NORMAL -46 PTCLDY (SCALE 4-7) 5
TOTAL FM JUL 1 8185 CLOUDY (SCALE 8-10) 0
DPTR FM NORMAL -621
[CDD (BASE 65) ]
TOTAL THIS MO. 220
DPTR FM NORMAL 104 [PRESSURE DATA]
TOTAL FM JAN 1 255 HIGHEST SLP M ON M
DPTR FM NORMAL 109 LOWEST SLP 29.39 ON 6
[REMARKS]
#FINAL-06-21#