000
CXUS56 KHNX 011209
CF6FAT
PRELIMINARY LOCAL CLIMATOLOGICAL DATA (WS FORM: F-6)
STATION: FRESNO CA
MONTH: MARCH
YEAR: 2024
LATITUDE: 36 46 N
LONGITUDE: 119 43 W
TEMPERATURE IN F: :PCPN: SNOW: WIND :SUNSHINE: SKY :PK WND
================================================================================
1 2 3 4 5 6A 6B 7 8 9 10 11 12 13 14 15 16 17 18
12Z AVG MX 2MIN
DY MAX MIN AVG DEP HDD CDD WTR SNW DPTH SPD SPD DIR MIN PSBL S-S WX SPD DR
================================================================================
1 63 52 58 3 7 0 0.26 0.0 0 13.2 23 170 M M 9 18 31 170
2 54 48 51 -4 14 0 0.54 0.0 0 9.0 24 160 M M 9 1 33 170
3 60 46 53 -3 12 0 0.04 0.0 0 4.1 12 230 M M 8 1 16 230
4 61 45 53 -3 12 0 0.00 0.0 0 5.6 13 320 M M 8 18 330
5 63 42 53 -3 12 0 0.00 0.0 0 2.7 9 140 M M 5 12 150
6 66 45 56 0 9 0 0.00 0.0 0 5.5 15 300 M M 7 19 300
7 63 46 55 -1 10 0 0.00 0.0 0 8.1 20 300 M M 7 26 320
8 67 44 56 0 9 0 0.00 0.0 0 2.3 10 180 M M 2 16 140
9 71 45 58 2 7 0 0.00 0.0 0 4.0 15 330 M M 6 20 340
10 69 47 58 1 7 0 0.00 0.0 0 5.4 20 320 M M 6 24 310
11 69 48 59 2 6 0 0.00 0.0 0 5.6 16 310 M M 6 22 320
12 66 50 58 1 7 0 0.04 0.0 0 8.1 16 310 M M 7 22 320
13 65 47 56 -1 9 0 0.00 0.0 0 10.0 18 320 M M 5 24 310
14 70 45 58 1 7 0 0.00 0.0 0 7.8 24 310 M M 2 30 310
15 71 42 57 0 8 0 0.00 0.0 0 4.3 15 160 M M 3 20 140
16 73 48 61 3 4 0 0.00 0.0 0 4.0 12 260 M M 6 17 280
17 75 48 62 4 3 0 0.00 0.0 0 2.2 10 290 M M 4 14 270
18 78 51 65 7 0 0 0.00 0.0 0 2.3 10 320 M M 4 16 300
19 80 53 67 9 0 2 0.00 0.0 0 4.2 10 330 M M 2 17 320
20 80 50 65 7 0 0 0.00 0.0 0 4.7 14 310 M M 3 20 280
21 76 50 63 5 2 0 0.00 0.0 0 5.6 14 320 M M 4 18 320
22 78 55 67 9 0 2 0.01 0.0 0 7.9 17 200 M M 5 26 230
23 63 49 56 -2 9 0 0.50 0.0 0 7.4 18 240 M M 7 1 24 250
24 60 46 53 -5 12 0 0.08 0.0 0 4.4 17 320 M M 6 1 24 310
25 65 47 56 -3 9 0 0.00 0.0 0 4.6 14 310 M M 6 19 290
26 68 46 57 -2 8 0 0.00 0.0 0 6.2 14 310 M M 5 20 280
27 71 47 59 0 6 0 0.01 0.0 0 5.3 17 320 M M 6 22 320
28 65 49 57 -2 8 0 0.11 0.0 0 7.7 21 310 M M 9 1 26 310
29 60 49 55 -4 10 0 0.45 0.0 0 8.5 18 180 M M 10 1 23 140
30 65 50 58 -1 7 0 0.08 0.0 0 7.9 20 140 M M 8 29 130
31 67 50 59 0 6 0 0.01 0.0 0 5.4 14 330 M M 8 1 18 330
================================================================================
SM 2102 1480 220 4 2.13 0.0 184.0 M 183
================================================================================
AV 67.8 47.7 5.9 FASTST M M 6 MAX(MPH)
MISC ----> # 24 160 33 170
================================================================================
NOTES:
# LAST OF SEVERAL OCCURRENCES
COLUMN 17 PEAK WIND IN M.P.H.
PRELIMINARY LOCAL CLIMATOLOGICAL DATA (WS FORM: F-6) , PAGE 2
STATION: FRESNO CA
MONTH: MARCH
YEAR: 2024
LATITUDE: 36 46 N
LONGITUDE: 119 43 W
[TEMPERATURE DATA] [PRECIPITATION DATA] SYMBOLS USED IN COLUMN 16
AVERAGE MONTHLY: 57.8 TOTAL FOR MONTH: 2.13 1 = FOG OR MIST
DPTR FM NORMAL: 0.4 DPTR FM NORMAL: 0.23 2 = FOG REDUCING VISIBILITY
HIGHEST: 80 ON 20,19 GRTST 24HR 0.57 ON 2- 3 TO 1/4 MILE OR LESS
LOWEST: 42 ON 15, 5 3 = THUNDER
SNOW, ICE PELLETS, HAIL 4 = ICE PELLETS
TOTAL MONTH: 0.0 INCH 5 = HAIL
GRTST 24HR 0.0 6 = FREEZING RAIN OR DRIZZLE
GRTST DEPTH: 0 7 = DUSTSTORM OR SANDSTORM:
VSBY 1/2 MILE OR LESS
8 = SMOKE OR HAZE
[NO. OF DAYS WITH] [WEATHER - DAYS WITH] 9 = BLOWING SNOW
X = TORNADO
MAX 32 OR BELOW: 0 0.01 INCH OR MORE: 12
MAX 90 OR ABOVE: 0 0.10 INCH OR MORE: 5
MIN 32 OR BELOW: 0 0.50 INCH OR MORE: 2
MIN 0 OR BELOW: 0 1.00 INCH OR MORE: 0
[HDD (BASE 65) ]
TOTAL THIS MO. 220 CLEAR (SCALE 0-3) 4
DPTR FM NORMAL -22 PTCLDY (SCALE 4-7) 22
TOTAL FM JUL 1 1547 CLOUDY (SCALE 8-10) 5
DPTR FM NORMAL -477
[CDD (BASE 65) ]
TOTAL THIS MO. 4
DPTR FM NORMAL -2 [PRESSURE DATA]
TOTAL FM JAN 1 4 HIGHEST SLP 30.22 ON 8
DPTR FM NORMAL -2 LOWEST SLP 29.60 ON 30
[REMARKS]
#FINAL-03-24#