000
CXUS56 KHNX 021519
CF6FAT
PRELIMINARY LOCAL CLIMATOLOGICAL DATA (WS FORM: F-6)
STATION: FRESNO CA
MONTH: MARCH
YEAR: 2022
LATITUDE: 36 46 N
LONGITUDE: 119 43 W
TEMPERATURE IN F: :PCPN: SNOW: WIND :SUNSHINE: SKY :PK WND
================================================================================
1 2 3 4 5 6A 6B 7 8 9 10 11 12 13 14 15 16 17 18
12Z AVG MX 2MIN
DY MAX MIN AVG DEP HDD CDD WTR SNW DPTH SPD SPD DIR MIN PSBL S-S WX SPD DR
================================================================================
1 76 45 61 6 4 0 0.00 0.0 0 3.7 8 340 M M 4 8 11 150
2 79 47 63 8 2 0 0.00 0.0 0 4.0 10 340 M M 6 8 13 320
3 72 49 61 5 4 0 0.00 0.0 0 6.0 18 320 M M 7 8 25 300
4 57 45 51 -5 14 0 0.11 0.0 0 8.8 26 290 M M 10 18 32 280
5 55 41 48 -8 17 0 0.07 0.0 0 4.9 17 320 M M 8 1 21 310
6 60 37 49 -7 16 0 0.00 0.0 0 3.1 7 340 M M 6 10 260
7 64 42 53 -3 12 0 0.00 0.0 0 2.9 10 180 M M 3 15 150
8 69 42 56 0 9 0 0.00 0.0 0 3.9 9 170 M M 2 12 130
9 72 44 58 2 7 0 0.00 0.0 0 5.9 14 300 M M 1 17 310
10 70 47 59 2 6 0 0.00 0.0 0 8.7 18 300 M M 1 27 300
11 72 44 58 1 7 0 0.00 0.0 0 2.9 10 170 M M 0 15 170
12 78 44 61 4 4 0 0.00 0.0 0 3.0 14 320 M M 2 19 320
13 72 48 60 3 5 0 0.00 0.0 0 9.3 18 300 M M 7 23 310
14 75 44 60 3 5 0 0.00 0.0 0 3.0 8 170 M M 3 10 190
15 71 48 60 3 5 0 T 0.0 0 6.9 17 320 M M 6 21 320
16 75 50 63 5 2 0 0.00 0.0 0 9.6 20 310 M M 2 24 300
17 74 49 62 4 3 0 0.00 0.0 0 4.9 13 250 M M 5 15 310
18 77 46 62 4 3 0 0.00 0.0 0 3.4 9 330 M M 2 12 340
19 67 50 59 1 6 0 0.02 0.0 0 7.8 22 330 M M 8 27 330
20 65 49 57 -1 8 0 0.00 0.0 0 7.5 16 310 M M 6 21 290
21 72 46 59 1 6 0 0.00 0.0 0 3.3 9 80 M M 4 11 140
22 82 51 67 9 0 2 0.00 0.0 0 2.0 8 270 M M 1 14 250
23 89 55 72 14 0 7 0.00 0.0 0 3.8 10 290 M M 1 10 290
24 90 57 74 16 0 9 0.00 0.0 0 4.1 12 330 M M 3 15 180
25 89 58 74 15 0 9 0.00 0.0 0 5.1 14 290 M M 5 8 18 290
26 86 57 72 13 0 7 0.00 0.0 0 3.5 13 140 M M 6 8 17 120
27 83 57 70 11 0 5 0.00 0.0 0 7.9 17 230 M M 8 22 160
28 64 50 57 -2 8 0 0.54 0.0 0 8.1 21 150 M M 9 13 28 140
29 66 48 57 -2 8 0 0.00 0.0 0 4.5 13 300 M M 8 128 17 320
30 71 53 62 3 3 0 0.00 0.0 0 6.3 15 330 M M 9 20 320
31 67 48 58 -1 7 0 0.00 0.0 0 5.3 13 320 M M 6 17 300
================================================================================
SM 2259 1491 171 39 0.74 0.0 164.1 M 149
================================================================================
AV 72.9 48.1 5.3 FASTST M M 5 MAX(MPH)
MISC ----> 26 290 32 280
================================================================================
NOTES:
# LAST OF SEVERAL OCCURRENCES
COLUMN 17 PEAK WIND IN M.P.H.
PRELIMINARY LOCAL CLIMATOLOGICAL DATA (WS FORM: F-6) , PAGE 2
STATION: FRESNO CA
MONTH: MARCH
YEAR: 2022
LATITUDE: 36 46 N
LONGITUDE: 119 43 W
[TEMPERATURE DATA] [PRECIPITATION DATA] SYMBOLS USED IN COLUMN 16
AVERAGE MONTHLY: 60.5 TOTAL FOR MONTH: 0.74 1 = FOG OR MIST
DPTR FM NORMAL: 3.1 DPTR FM NORMAL: -1.16 2 = FOG REDUCING VISIBILITY
HIGHEST: 90 ON 24 GRTST 24HR 0.54 ON 28-28 TO 1/4 MILE OR LESS
LOWEST: 37 ON 6 3 = THUNDER
SNOW, ICE PELLETS, HAIL 4 = ICE PELLETS
TOTAL MONTH: 0.0 INCH 5 = HAIL
GRTST 24HR 0.0 6 = FREEZING RAIN OR DRIZZLE
GRTST DEPTH: 0 7 = DUSTSTORM OR SANDSTORM:
VSBY 1/2 MILE OR LESS
8 = SMOKE OR HAZE
[NO. OF DAYS WITH] [WEATHER - DAYS WITH] 9 = BLOWING SNOW
X = TORNADO
MAX 32 OR BELOW: 0 0.01 INCH OR MORE: 4
MAX 90 OR ABOVE: 1 0.10 INCH OR MORE: 2
MIN 32 OR BELOW: 0 0.50 INCH OR MORE: 1
MIN 0 OR BELOW: 0 1.00 INCH OR MORE: 0
[HDD (BASE 65) ]
TOTAL THIS MO. 171 CLEAR (SCALE 0-3) 10
DPTR FM NORMAL -71 PTCLDY (SCALE 4-7) 17
TOTAL FM JUL 1 1744 CLOUDY (SCALE 8-10) 4
DPTR FM NORMAL -280
[CDD (BASE 65) ]
TOTAL THIS MO. 39
DPTR FM NORMAL 33 [PRESSURE DATA]
TOTAL FM JAN 1 39 HIGHEST SLP 30.36 ON 11
DPTR FM NORMAL 33 LOWEST SLP 29.62 ON 27
[REMARKS]
#FINAL-03-22#