000
CXUS56 KHNX 061535
CF6FAT
PRELIMINARY LOCAL CLIMATOLOGICAL DATA (WS FORM: F-6)
STATION: FRESNO CA
MONTH: FEBRUARY
YEAR: 2024
LATITUDE: 36 46 N
LONGITUDE: 119 43 W
TEMPERATURE IN F: :PCPN: SNOW: WIND :SUNSHINE: SKY :PK WND
================================================================================
1 2 3 4 5 6A 6B 7 8 9 10 11 12 13 14 15 16 17 18
12Z AVG MX 2MIN
DY MAX MIN AVG DEP HDD CDD WTR SNW DPTH SPD SPD DIR MIN PSBL S-S WX SPD DR
================================================================================
1 60 49 55 5 10 0 0.70 0.0 0 7.5 28 140 M M 9 138 39 140
2 59 46 53 3 12 0 0.13 0.0 0 3.4 23 270 M M 8 1 29 260
3 56 45 51 1 14 0 0.05 0.0 0 2.8 9 140 M M 10 12 140
4 62 49 56 6 9 0 0.51 0.0 0 12.6 22 160 M M 10 1 30 150
5 65 49 57 7 8 0 0.11 0.0 0 7.0 15 120 M M 6 22 120
6 56 49 53 2 12 0 0.10 0.0 0 5.0 13 330 M M 9 17 310
7 55 44 50 -1 15 0 0.75 0.0 0 6.0 22 160 M M 8 1 29 150
8 51 39 45 -6 20 0 0.00 0.0 0 1.4 7 40 M M 8 11 100
9 56 36 46 -5 19 0 0.00 0.0 0 4.5 14 310 M M 6 18 300
10 54 36 45 -6 20 0 0.00 0.0 0 4.0 17 140 M M 3 18 22 120
11 60 37 49 -3 16 0 0.00 0.0 0 1.6 8 220 M M 4 11 230
12 63 38 51 -1 14 0 0.00 0.0 0 1.5 9 130 M M 3 8 11 220
13 63 40 52 0 13 0 0.00 0.0 0 2.7 9 340 M M 5 8 14 10
14 63 42 53 1 12 0 T 0.0 0 5.7 18 150 M M 7 8 24 140
15 63 46 55 3 10 0 0.16 0.0 0 3.5 16 150 M M 7 1 20 150
16 62 47 55 3 10 0 0.00 0.0 0 2.4 7 40 M M 9 18 9 280
17 61 50 56 3 9 0 0.08 0.0 0 6.3 18 100 M M 10 27 100
18 71 51 61 8 4 0 0.07 0.0 0 9.5 17 140 M M 7 18 22 170
19 68 52 60 7 5 0 0.70 0.0 0 11.8 20 170 M M 7 138 26 170
20 67 49 58 5 7 0 T 0.0 0 6.6 20 250 M M 7 24 260
21 64 46 55 1 10 0 T 0.0 0 5.5 15 290 M M 6 12 21 280
22 66 44 55 1 10 0 0.00 0.0 0 3.6 10 170 M M 3 15 230
23 67 44 56 2 9 0 0.00 0.0 0 2.3 9 260 M M 8 14 210
24 71 45 58 4 7 0 0.00 0.0 0 1.8 8 310 M M 5 8 10 300
25 73 47 60 6 5 0 0.00 0.0 0 2.4 9 310 M M 2 12 160
26 65 50 58 3 7 0 T 0.0 0 4.2 9 290 M M 7 13 310
27 65 49 57 2 8 0 0.00 0.0 0 7.3 15 300 M M 5 21 330
28 71 45 58 3 7 0 0.00 0.0 0 2.1 8 120 M M 2 12 210
29 68 48 58 3 7 0 0.00 0.0 0 9.7 22 180 M M 5 29 170
================================================================================
SM 1825 1312 309 0 3.36 0.0 144.7 M 186
================================================================================
AV 62.9 45.2 5.0 FASTST M M 6 MAX(MPH)
MISC ----> 28 140 39 140
================================================================================
NOTES:
# LAST OF SEVERAL OCCURRENCES
COLUMN 17 PEAK WIND IN M.P.H.
PRELIMINARY LOCAL CLIMATOLOGICAL DATA (WS FORM: F-6) , PAGE 2
STATION: FRESNO CA
MONTH: FEBRUARY
YEAR: 2024
LATITUDE: 36 46 N
LONGITUDE: 119 43 W
[TEMPERATURE DATA] [PRECIPITATION DATA] SYMBOLS USED IN COLUMN 16
AVERAGE MONTHLY: 54.1 TOTAL FOR MONTH: 3.36 1 = FOG OR MIST
DPTR FM NORMAL: 1.8 DPTR FM NORMAL: 1.43 2 = FOG REDUCING VISIBILITY
HIGHEST: 73 ON 25 GRTST 24HR 0.76 ON 18-19 TO 1/4 MILE OR LESS
LOWEST: 36 ON 10, 9 3 = THUNDER
SNOW, ICE PELLETS, HAIL 4 = ICE PELLETS
TOTAL MONTH: 0.0 INCH 5 = HAIL
GRTST 24HR 0.0 6 = FREEZING RAIN OR DRIZZLE
GRTST DEPTH: 0 7 = DUSTSTORM OR SANDSTORM:
VSBY 1/2 MILE OR LESS
8 = SMOKE OR HAZE
[NO. OF DAYS WITH] [WEATHER - DAYS WITH] 9 = BLOWING SNOW
X = TORNADO
MAX 32 OR BELOW: 0 0.01 INCH OR MORE: 11
MAX 90 OR ABOVE: 0 0.10 INCH OR MORE: 8
MIN 32 OR BELOW: 0 0.50 INCH OR MORE: 4
MIN 0 OR BELOW: 0 1.00 INCH OR MORE: 0
[HDD (BASE 65) ]
TOTAL THIS MO. 309 CLEAR (SCALE 0-3) 4
DPTR FM NORMAL -47 PTCLDY (SCALE 4-7) 18
TOTAL FM JUL 1 1327 CLOUDY (SCALE 8-10) 7
DPTR FM NORMAL -473
[CDD (BASE 65) ]
TOTAL THIS MO. 0
DPTR FM NORMAL 0 [PRESSURE DATA]
TOTAL FM JAN 1 0 HIGHEST SLP 30.29 ON 22
DPTR FM NORMAL 0 LOWEST SLP 29.59 ON 4
[REMARKS]
#FINAL-02-24#