000
CXUS56 KHNX 051443
CLMFAT
CLIMATE REPORT
NATIONAL WEATHER SERVICE
743 AM PDT THU OCT 05 2023
...................................
...THE FRESNO CA CLIMATE SUMMARY FOR THE MONTH OF SEPTEMBER 2023...
CLIMATE NORMAL PERIOD 1991 TO 2020
CLIMATE RECORD PERIOD 1887 TO 2023
WEATHER OBSERVED NORMAL DEPART LAST YEAR`S
VALUE DATE(S) VALUE FROM VALUE DATE(S)
NORMAL
................................................................
TEMPERATURE (F)
RECORD
HIGH 114 09/06/2022
09/06/2022
LOW 37 09/30/1950
HIGHEST 98 09/08 MM 114 09/06
LOWEST 58 09/25 MM 60 09/16
09/26
09/30
09/22
MEAN 76.2 77.1 -0.9 82.2
DAYS MAX >= 90 13 19.9 -6.9 21
DAYS MIN <= 32 0 0.0 0.0 0
PRECIPITATION (INCHES)
RECORD
MAXIMUM 1.78 1904
MINIMUM 0.00 2021
TOTALS T 0.05 -0.05
DAYS >= .01 0 0.6 -0.6 1
DAYS >= .10 0 0.2 -0.2 0
DAYS >= .50 0 0.0 0.0 0
DAYS >= 1.00 0 0.0 0.0 0
SNOWFALL (INCHES)
RECORDS
TOTAL 0.0
TOTALS 0.0 0.0
DEGREE DAYS
HEATING TOTAL 0 2 -2 0
SINCE 7/1 0 0 0 MM
COOLING TOTAL 347 364 -17 519
SINCE 1/1 2234 2097 137 MM
................................................................
WIND (MPH)
AVERAGE WIND SPEED 6.4
HIGHEST WIND SPEED/DIRECTION 23/310 DATE 09/01
HIGHEST GUST SPEED/DIRECTION 28/300 DATE 09/29
AVERAGE RH (PERCENT) 50
WEATHER CONDITIONS. NUMBER OF DAYS WITH
THUNDERSTORM 2 RAIN 0
HAIL 0 FOG 0
FOG W/VIS <= 1/4 MILE 0 HAZE 8
- INDICATES NEGATIVE NUMBERS.
R INDICATES RECORD WAS SET OR TIED.
MM INDICATES DATA IS MISSING.
T INDICATES TRACE AMOUNT.
$$