000
CXUS52 KRAH 010945
CF6FAY
PRELIMINARY LOCAL CLIMATOLOGICAL DATA (WS FORM: F-6)
STATION: FAYETTEVILLE NC
MONTH: NOVEMBER
YEAR: 2021
LATITUDE: 35 0 N
LONGITUDE: 78 53 W
TEMPERATURE IN F: :PCPN: SNOW: WIND :SUNSHINE: SKY :PK WND
================================================================================
1 2 3 4 5 6A 6B 7 8 9 10 11 12 13 14 15 16 17 18
12Z AVG MX 2MIN
DY MAX MIN AVG DEP HDD CDD WTR SNW DPTH SPD SPD DIR MIN PSBL S-S WX SPD DR
================================================================================
1 72 46 59 1 6 0 0.00 M M 4.4 16 20 M M 0 21 20
2 74 45 60 2 5 0 0.00 M M 5.9 21 10 M M 2 1 26 360
3 58 49 54 -3 11 0 0.00 M M 9.4 18 20 M M 8 23 20
4 50 41 46 -11 19 0 0.01 0.0 0 8.5 15 10 M M 9 19 20
5 53 37 45 -12 20 0 0.00 0.0 0 9.0 20 20 M M 0 23 20
6 56 42 49 -7 16 0 0.05 M M 17.6 28 10 M M 7 1 34 20
7 62 47 55 -1 10 0 0.00 M M 14.8 26 360 M M 2 34 10
8 72 44 58 2 7 0 0.00 M M 8.4 18 350 M M 0 26 360
9 78 39 59 4 6 0 0.00 M M 3.8 12 230 M M 0 16 240
10 80 45 63 8 2 0 0.00 M M 3.6 9 210 M M 0 11 220
11 77 42 60 5 5 0 0.03 M M 5.0 24 140 M M 5 12 31 140
12 75 49 62 8 3 0 0.01 0.0 0 6.8 17 280 M M 5 22 280
13 72 43 58 4 7 0 0.00 M M 8.1 18 270 M M 0 23 260
14 62 35 49 -5 16 0 0.00 M M 5.3 12 190 M M 0 16 190
15 62 37 50 -4 15 0 0.00 M M 7.0 20 320 M M 0 24 330
16 69 32 51 -2 14 0 0.00 M M 3.0 9 190 M M 0 11 230
17 76 42 59 6 6 0 0.00 M M 7.3 17 230 M M 0 22 230
18 77 52 65 12 0 0 0.00 M M 8.7 21 210 M M 3 1 29 230
19 67 34 51 -1 14 0 0.00 M M 10.5 23 360 M M 1 27 360
20 57 30 44 -8 21 0 0.00 M M 6.5 14 20 M M 1 17 20
21 71 38 55 3 10 0 0.00 M M 4.3 9 190 M M 2 14 180
22 57 46 52 0 13 0 0.34 M M 7.6 16 360 M M 6 1 22 360
23 50 30 40 -12 25 0 0.00 M M 8.4 17 360 M M 0 23 10
24 53 27 40 -11 25 0 0.00 M M 2.5 8 50 M M 0 11 50
25 63 28 46 -5 19 0 0.00 M M 7.5 17 220 M M 0 22 240
26 60 38 49 -2 16 0 0.18 M M 9.8 22 310 M M 3 1 28 300
27 55 28 42 -8 23 0 0.00 M M 5.6 13 320 M M 0 16 320
28 62 38 50 0 15 0 0.00 M M 6.3 13 250 M M 0 16 230
29 52 29 41 -9 24 0 0.00 M M 8.1 22 360 M M 0 27 350
30 60 26 43 -7 22 0 0.00 M M 6.6 18 220 M M 0 18 22 210
================================================================================
SM 1932 1159 395 0 0.62 0.0 220.3 M 54
================================================================================
AV 64.4 38.6 7.3 FASTST M M 2 MAX(MPH)
MISC ----> 28 10 # 34 20
================================================================================
NOTES:
# LAST OF SEVERAL OCCURRENCES
COLUMN 17 PEAK WIND IN M.P.H.
PRELIMINARY LOCAL CLIMATOLOGICAL DATA (WS FORM: F-6) , PAGE 2
STATION: FAYETTEVILLE NC
MONTH: NOVEMBER
YEAR: 2021
LATITUDE: 35 0 N
LONGITUDE: 78 53 W
[TEMPERATURE DATA] [PRECIPITATION DATA] SYMBOLS USED IN COLUMN 16
AVERAGE MONTHLY: 51.5 TOTAL FOR MONTH: 0.62 1 = FOG OR MIST
DPTR FM NORMAL: -2.1 DPTR FM NORMAL: -2.42 2 = FOG REDUCING VISIBILITY
HIGHEST: 80 ON 10 GRTST 24HR 0.34 ON 22-22 TO 1/4 MILE OR LESS
LOWEST: 26 ON 30 3 = THUNDER
SNOW, ICE PELLETS, HAIL 4 = ICE PELLETS
TOTAL MONTH: 0.0 INCH 5 = HAIL
GRTST 24HR 0.0 6 = FREEZING RAIN OR DRIZZLE
GRTST DEPTH: 0 7 = DUSTSTORM OR SANDSTORM:
VSBY 1/2 MILE OR LESS
8 = SMOKE OR HAZE
[NO. OF DAYS WITH] [WEATHER - DAYS WITH] 9 = BLOWING SNOW
X = TORNADO
MAX 32 OR BELOW: 0 0.01 INCH OR MORE: 6
MAX 90 OR ABOVE: 0 0.10 INCH OR MORE: 2
MIN 32 OR BELOW: 8 0.50 INCH OR MORE: 0
MIN 0 OR BELOW: 0 1.00 INCH OR MORE: 0
[HDD (BASE 65) ]
TOTAL THIS MO. 395 CLEAR (SCALE 0-3) 24
DPTR FM NORMAL 42 PTCLDY (SCALE 4-7) 4
TOTAL FM JUL 1 440 CLOUDY (SCALE 8-10) 2
DPTR FM NORMAL -33
[CDD (BASE 65) ]
TOTAL THIS MO. 0
DPTR FM NORMAL -11 [PRESSURE DATA]
TOTAL FM JAN 1 2145 HIGHEST SLP 30.53 ON 20
DPTR FM NORMAL 97 LOWEST SLP 29.82 ON 13
[REMARKS]
#FINAL-11-21#