000
CXUS52 KRAH 020255
CF6FAY
PRELIMINARY LOCAL CLIMATOLOGICAL DATA (WS FORM: F-6)
STATION: FAYETTEVILLE NC
MONTH: SEPTEMBER
YEAR: 2023
LATITUDE: 35 0 N
LONGITUDE: 78 53 W
TEMPERATURE IN F: :PCPN: SNOW: WIND :SUNSHINE: SKY :PK WND
================================================================================
1 2 3 4 5 6A 6B 7 8 9 10 11 12 13 14 15 16 17 18
12Z AVG MX 2MIN
DY MAX MIN AVG DEP HDD CDD WTR SNW DPTH SPD SPD DIR MIN PSBL S-S WX SPD DR
================================================================================
1 83 60 72 -6 0 7 0.00 M M 7.3 20 20 M M 0 23 30
2 84 59 72 -6 0 7 0.00 M M 5.0 17 20 M M 0 24 10
3 90 61 76 -1 0 11 0.00 M M 4.0 12 150 M M 0 15 150
4 96 68 82 5 0 17 0.00 M M 5.6 13 250 M M 0 16 250
5 97 72 85 8 0 20 0.00 M M 4.8 12 350 M M 0 15 290
6 98 75 87 10 0 22 0.00 M M 3.8 9 300 M M 1 13 290
7 96 74 85 9 0 20 0.00 M M 6.7 16 200 M M 0 22 180
8 92 68 80 4 0 15 0.01 M M 5.3 22 150 M M 0 3 30 180
9 85 69 77 1 0 12 0.70 M M 4.6 28 210 M M 2 138 38 210
10 88 69 79 3 0 14 T M M 4.5 13 210 M M 5 12 16 210
11 90 69 80 4 0 15 0.00 M M 3.3 10 220 M M 1 17 330
12 91 70 81 6 0 16 0.02 M M 4.6 13 220 M M 2 1 15 210
13 87 71 79 4 0 14 0.04 M M 3.5 15 130 M M 5 1 20 120
14 88 68 78 3 0 13 0.00 M M 9.1 17 20 M M 1 21 20
15 81 60 71 -4 0 6 0.00 M M 8.0 21 10 M M 0 26 20
16 84 53 69 -5 0 4 0.00 M M 3.7 10 230 M M 0 14 230
17 79 59 69 -5 0 4 0.85 M M 3.6 21 140 M M 7 1 27 140
18 82 64 73 -1 0 8 T M M 6.8 16 350 M M 4 23 280
19 84 58 71 -3 0 6 0.00 M M 2.4 10 30 M M 2 13 30
20 84 62 73 0 0 8 0.00 M M 2.7 13 30 M M 3 16 30
21 83 62 73 0 0 8 0.00 M M 7.0 14 90 M M 1 20 80
22 71 63 67 -6 0 2 0.53 M M 17.3 29 360 M M 7 1 38 360
23 72 61 67 -5 0 2 0.07 M M 14.8 29 340 M M 10 1 39 340
24 85 60 73 1 0 8 0.00 M M 5.6 16 220 M M 2 22 170
25 87 65 76 4 0 11 0.00 M M 4.0 10 30 M M 3 8 13 20
26 78 66 72 1 0 7 0.00 M M 7.5 15 20 M M 7 18 30
27 70 63 67 -4 0 2 0.00 M M 10.9 17 20 M M 10 22 20
28 77 62 70 -1 0 5 0.00 M M 10.7 18 10 M M 6 23 30
29 75 63 69 -1 0 4 0.00 M M 7.6 15 360 M M 8 1 19 350
30 76 60 68 -2 0 3 0.00 M M 7.4 16 20 M M 7 1 20 10
================================================================================
SM 2533 1934 0 291 2.22 M 192.1 M 94
================================================================================
AV 84.4 64.5 6.4 FASTST M M 3 MAX(MPH)
MISC ----> # 29 360 39 340
================================================================================
NOTES:
# LAST OF SEVERAL OCCURRENCES
COLUMN 17 PEAK WIND IN M.P.H.
PRELIMINARY LOCAL CLIMATOLOGICAL DATA (WS FORM: F-6) , PAGE 2
STATION: FAYETTEVILLE NC
MONTH: SEPTEMBER
YEAR: 2023
LATITUDE: 35 0 N
LONGITUDE: 78 53 W
[TEMPERATURE DATA] [PRECIPITATION DATA] SYMBOLS USED IN COLUMN 16
AVERAGE MONTHLY: 74.5 TOTAL FOR MONTH: 2.22 1 = FOG OR MIST
DPTR FM NORMAL: 0.3 DPTR FM NORMAL: -2.65 2 = FOG REDUCING VISIBILITY
HIGHEST: 98 ON 6 GRTST 24HR 0.85 ON 17-17 TO 1/4 MILE OR LESS
LOWEST: 53 ON 16 3 = THUNDER
SNOW, ICE PELLETS, HAIL 4 = ICE PELLETS
TOTAL MONTH: M 5 = HAIL
GRTST 24HR M ON M 6 = FREEZING RAIN OR DRIZZLE
GRTST DEPTH: M ON M 7 = DUSTSTORM OR SANDSTORM:
VSBY 1/2 MILE OR LESS
8 = SMOKE OR HAZE
[NO. OF DAYS WITH] [WEATHER - DAYS WITH] 9 = BLOWING SNOW
X = TORNADO
MAX 32 OR BELOW: 0 0.01 INCH OR MORE: 7
MAX 90 OR ABOVE: 8 0.10 INCH OR MORE: 3
MIN 32 OR BELOW: 0 0.50 INCH OR MORE: 3
MIN 0 OR BELOW: 0 1.00 INCH OR MORE: 0
[HDD (BASE 65) ]
TOTAL THIS MO. 0 CLEAR (SCALE 0-3) 18
DPTR FM NORMAL -7 PTCLDY (SCALE 4-7) 9
TOTAL FM JUL 1 0 CLOUDY (SCALE 8-10) 3
DPTR FM NORMAL -5
[CDD (BASE 65) ]
TOTAL THIS MO. 291
DPTR FM NORMAL 6 [PRESSURE DATA]
TOTAL FM JAN 1 1989 HIGHEST SLP 30.23 ON 2
DPTR FM NORMAL 31 LOWEST SLP 29.63 ON 23
[REMARKS]
#FINAL-09-23#