000
CXUS54 KOUN 010910
CF6FDR
PRELIMINARY LOCAL CLIMATOLOGICAL DATA (WS FORM: F-6)
STATION: FREDERICK MUNICIPAL
MONTH: FEBRUARY
YEAR: 2023
LATITUDE: 34 21 N
LONGITUDE: 98 59 W
TEMPERATURE IN F: :PCPN: SNOW: WIND :SUNSHINE: SKY :PK WND
================================================================================
1 2 3 4 5 6A 6B 7 8 9 10 11 12 13 14 15 16 17 18
12Z AVG MX 2MIN
DY MAX MIN AVG DEP HDD CDD WTR SNW DPTH SPD SPD DIR MIN PSBL S-S WX SPD DR
================================================================================
1 32 23 28 -15 37 0 0.02 M M 2.5 8 180 M M 4 6 M M
2 49 29 39 -4 26 0 0.04 M M 5.7 14 330 M M 6 16 M M
3 53 27 40 -3 25 0 M M M 9.8 15 10 M M 0 M M
4 64 31 48 5 17 0 M M M 14.3 29 220 M M 0 1 38 220
5 64 32 48 4 17 0 M M M 8.9 13 160 M M 0 1 M M
6 78 37 58 14 7 0 M M M 12.4 20 190 M M 0 M M
7 56 42 49 5 16 0 0.42 M M 17.0 29 40 M M 10 13 36 50
8 43 32 38 -6 27 0 0.57 M M 12.5 22 350 M M 8 1 30 300
9 54 31 43 -1 22 0 0.00 M M 13.9 27 10 M M 1 1 33 10
10 47 30 39 -5 26 0 0.00 M M 16.7 24 350 M M 4 36 360
11 54 24 39 -5 26 0 0.00 M M 6.7 10 160 M M 0 M M
12 68 30 49 4 16 0 0.00 M M 10.7 23 200 M M 0 31 200
13 60 35 48 3 17 0 0.00 M M 10.6 14 150 M M 0 M M
14 70 47 59 14 6 0 0.17 M M 16.0 44 230 M M 4 18 56 240
15 75 37 56 11 9 0 0.00 M M 13.4 35 330 M M 0 43 330
16 43 25 34 -12 31 0 0.00 M M 17.7 28 350 M M 1 35 320
17 50 21 36 -10 29 0 0.00 M M 8.0 13 180 M M 0 17 220
18 52 28 40 -6 25 0 0.00 M M 12.7 24 180 M M 1 31 200
19 65 41 53 7 12 0 0.00 M M 14.5 22 210 M M 0 26 210
20 72 54 63 16 2 0 0.00 0.0 M 12.7 25 240 M M 0 30 240
21 84 46 65 18 0 0 0.00 0.0 M 11.1 33 200 M M 0 40 200
22 75 49 62 15 3 0 0.06 0.0 M 17.6 33 240 M M 3 8 41 230
23 51 25 38 -9 27 0 0.00 M M 16.6 28 360 M M 0 34 350
24 38 28 33 -15 32 0 0.00 M M 9.9 23 10 M M 8 28 10
25 43 31 37 -11 28 0 0.00 M M 6.9 14 150 M M 10 8 17 150
26 73 40 57 9 8 0 0.22 M M 14.3 38 260 M M 6 138 49 260
27 72 41 57 8 8 0 0.00 M M 15.9 47 280 M M 0 8 60 270
28 81 38 60 11 5 0 0.00 M M 10.2 25 240 M M 0 31 230
================================================================================
SM 1666 954 504 0 1.50 0.0 339.2 M 66
================================================================================
AV 59.5 34.1 12.1 FASTST M M 2 MAX(MPH)
MISC ----> 47 280 60 270
================================================================================
NOTES:
# LAST OF SEVERAL OCCURRENCES
COLUMN 17 PEAK WIND IN M.P.H.
PRELIMINARY LOCAL CLIMATOLOGICAL DATA (WS FORM: F-6) , PAGE 2
STATION: FREDERICK MUNICIPAL
MONTH: FEBRUARY
YEAR: 2023
LATITUDE: 34 21 N
LONGITUDE: 98 59 W
[TEMPERATURE DATA] [PRECIPITATION DATA] SYMBOLS USED IN COLUMN 16
AVERAGE MONTHLY: 46.8 TOTAL FOR MONTH: 1.50 1 = FOG OR MIST
DPTR FM NORMAL: 1.3 DPTR FM NORMAL: 1.50 2 = FOG REDUCING VISIBILITY
HIGHEST: 84 ON 21 GRTST 24HR 0.70 ON 7- 8 TO 1/4 MILE OR LESS
LOWEST: 21 ON 17 3 = THUNDER
SNOW, ICE PELLETS, HAIL 4 = ICE PELLETS
TOTAL MONTH: 0.0 INCH 5 = HAIL
GRTST 24HR 0.0 6 = FREEZING RAIN OR DRIZZLE
GRTST DEPTH: M ON M 7 = DUSTSTORM OR SANDSTORM:
VSBY 1/2 MILE OR LESS
8 = SMOKE OR HAZE
[NO. OF DAYS WITH] [WEATHER - DAYS WITH] 9 = BLOWING SNOW
X = TORNADO
MAX 32 OR BELOW: 1 0.01 INCH OR MORE: 7
MAX 90 OR ABOVE: 0 0.10 INCH OR MORE: 4
MIN 32 OR BELOW: 16 0.50 INCH OR MORE: 1
MIN 0 OR BELOW: 0 1.00 INCH OR MORE: 0
[HDD (BASE 65) ]
TOTAL THIS MO. 504 CLEAR (SCALE 0-3) 19
DPTR FM NORMAL -44 PTCLDY (SCALE 4-7) 6
TOTAL FM JUL 1 2252 CLOUDY (SCALE 8-10) 3
DPTR FM NORMAL -208
[CDD (BASE 65) ]
TOTAL THIS MO. 0
DPTR FM NORMAL -2 [PRESSURE DATA]
TOTAL FM JAN 1 0 HIGHEST SLP 30.60 ON 3
DPTR FM NORMAL 0 LOWEST SLP 29.25 ON 26
[REMARKS]
#FINAL-02-23#