000
CXUS53 KFGF 010915
CF6FGF
PRELIMINARY LOCAL CLIMATOLOGICAL DATA (WS FORM: F-6)
STATION: GRAND FORKS UNIV. (NWS) ND
MONTH: NOVEMBER
YEAR: 2021
LATITUDE: 47 55 N
LONGITUDE: 97 6 W
TEMPERATURE IN F: :PCPN: SNOW: WIND :SUNSHINE: SKY :PK WND
================================================================================
1 2 3 4 5 6A 6B 7 8 9 10 11 12 13 14 15 16 17 18
12Z AVG MX 2MIN
DY MAX MIN AVG DEP HDD CDD WTR SNW DPTH SPD SPD DIR MIN PSBL S-S WX SPD DR
================================================================================
1 41 26 34 -2 31 0 0.00 0.0 0 M M M M M M M M
2 42 23 33 -2 32 0 0.00 0.0 0 M M M M M M M M
3 46 22 34 0 31 0 0.00 0.0 0 M M M M M M M M
4 54 26 40 6 25 0 0.00 0.0 0 M M M M M M M M
5 51 35 43 10 22 0 T 0.0 0 M M M M M M M M
6 61 34 48 15 17 0 0.00 0.0 0 M M M M M M M M
7 57 38 48 16 17 0 0.00 0.0 0 M M M M M M M M
8 53 30 42 10 23 0 0.00 0.0 0 M M M M M M M M
9 52 30 41 10 24 0 0.00 0.0 0 M M M M M M M M
10 42 36 39 9 26 0 0.59 0.0 0 M M M M M M M M
11 39 27 33 3 32 0 0.24 1.9 0 M M M M M M M M
12 29 24 27 -2 38 0 T T 2 M M M M M M M M
13 27 23 25 -3 40 0 0.27 3.5 1 M M M M M M M M
14 25 23 24 -4 41 0 0.00 0.0 4 M M M M M M M M
15 31 24 28 1 37 0 0.01 0.6 3 M M M M M M M M
16 40 31 36 9 29 0 0.00 0.0 2 M M M M M M M M
17 36 24 30 4 35 0 T T 1 M M M M M M M M
18 28 17 23 -2 42 0 T T 1 M M M M M M M M
19 36 19 28 3 37 0 0.00 0.0 T M M M M M M M M
20 36 19 28 4 37 0 0.00 0.0 T M M M M M M M M
21 36 9 23 -1 42 0 T T T M M M M M M M M
22 28 9 19 -4 46 0 T T T M M M M M M M M
23 40 22 31 9 34 0 0.00 0.0 0 M M M M M M M M
24 29 5 17 -5 48 0 T T T M M M M M M M M
25 19 0 10 -11 55 0 0.00 0.0 0 M M M M M M M M
26 31 19 25 4 40 0 T T 0 M M M M M M M M
27 43 23 33 13 32 0 0.00 0.0 0 M M M M M M M M
28 33 20 27 7 38 0 T 0.0 0 M M M M M M M M
29 39 27 33 14 32 0 T 0.0 0 M M M M M M M M
30 36 24 30 11 35 0 0.07 0.7 0 M M M M M M M M
================================================================================
SM 1160 689 1018 0 1.18 6.7 M M M
================================================================================
AV 38.7 23.0 M FASTST M M M MAX(MPH)
MISC ----> M M M M
================================================================================
NOTES:
# LAST OF SEVERAL OCCURRENCES
COLUMN 17 PEAK WIND IN M.P.H.
PRELIMINARY LOCAL CLIMATOLOGICAL DATA (WS FORM: F-6) , PAGE 2
STATION: GRAND FORKS UNIV. (NWS) ND
MONTH: NOVEMBER
YEAR: 2021
LATITUDE: 47 55 N
LONGITUDE: 97 6 W
[TEMPERATURE DATA] [PRECIPITATION DATA] SYMBOLS USED IN COLUMN 16
AVERAGE MONTHLY: 30.8 TOTAL FOR MONTH: 1.18 1 = FOG OR MIST
DPTR FM NORMAL: 3.8 DPTR FM NORMAL: 0.28 2 = FOG REDUCING VISIBILITY
HIGHEST: 61 ON 6 GRTST 24HR 0.59 ON 10-10 TO 1/4 MILE OR LESS
LOWEST: 0 ON 25 3 = THUNDER
SNOW, ICE PELLETS, HAIL 4 = ICE PELLETS
TOTAL MONTH: 6.7 INCHES 5 = HAIL
GRTST 24HR 3.5 ON 13-13 6 = FREEZING RAIN OR DRIZZLE
GRTST DEPTH: 4 ON 14 7 = DUSTSTORM OR SANDSTORM:
VSBY 1/2 MILE OR LESS
8 = SMOKE OR HAZE
[NO. OF DAYS WITH] [WEATHER - DAYS WITH] 9 = BLOWING SNOW
X = TORNADO
MAX 32 OR BELOW: 9 0.01 INCH OR MORE: 5
MAX 90 OR ABOVE: 0 0.10 INCH OR MORE: 3
MIN 32 OR BELOW: 26 0.50 INCH OR MORE: 1
MIN 0 OR BELOW: 1 1.00 INCH OR MORE: 0
[HDD (BASE 65) ]
TOTAL THIS MO. 1018 CLEAR (SCALE 0-3) 0
DPTR FM NORMAL -122 PTCLDY (SCALE 4-7) 0
TOTAL FM JUL 1 1575 CLOUDY (SCALE 8-10) 30
DPTR FM NORMAL -519
[CDD (BASE 65) ]
TOTAL THIS MO. 0
DPTR FM NORMAL 0 [PRESSURE DATA]
TOTAL FM JAN 1 799 HIGHEST SLP M ON M
DPTR FM NORMAL 336 LOWEST SLP M ON M
[REMARKS]
#FINAL-11-21#