000
CXUS53 KFGF 010915
CF6FGF
PRELIMINARY LOCAL CLIMATOLOGICAL DATA (WS FORM: F-6)
STATION: GRAND FORKS UNIV. (NWS) ND
MONTH: NOVEMBER
YEAR: 2023
LATITUDE: 47 55 N
LONGITUDE: 97 6 W
TEMPERATURE IN F: :PCPN: SNOW: WIND :SUNSHINE: SKY :PK WND
================================================================================
1 2 3 4 5 6A 6B 7 8 9 10 11 12 13 14 15 16 17 18
12Z AVG MX 2MIN
DY MAX MIN AVG DEP HDD CDD WTR SNW DPTH SPD SPD DIR MIN PSBL S-S WX SPD DR
================================================================================
1 34 23 29 -6 36 0 0.00 0.0 3 M M M M M M M M
2 32 21 27 -8 38 0 0.00 0.0 2 M M M M M M M M
3 33 16 25 -9 40 0 0.00 0.0 2 M M M M M M M M
4 30 20 25 -9 40 0 0.00 0.0 1 M M M M M M M M
5 40 30 35 2 30 0 T 0.0 1 M M M M M M M M
6 34 31 33 1 32 0 T T T M M M M M M M M
7 38 31 35 3 30 0 T 0.0 0 M M M M M M M M
8 40 33 37 6 28 0 T 0.0 0 M M M M M M M M
9 37 30 34 3 31 0 0.04 0.2 0 M M M M M M M M
10 33 27 30 0 35 0 T T T M M M M M M M M
11 35 27 31 1 34 0 0.00 0.0 0 M M M M M M M M
12 53 28 41 12 24 0 0.00 0.0 0 M M M M M M M M
13 48 27 38 10 27 0 0.00 0.0 0 M M M M M M M M
14 56 34 45 17 20 0 0.00 0.0 0 M M M M M M M M
15 56 28 42 14 23 0 0.00 0.0 0 M M M M M M M M
16 38 23 31 4 34 0 0.00 0.0 0 M M M M M M M M
17 48 20 34 8 31 0 0.00 0.0 0 M M M M M M M M
18 50 27 39 13 26 0 0.00 0.0 0 M M M M M M M M
19 53 27 40 15 25 0 0.00 0.0 0 M M M M M M M M
20 53 33 43 18 22 0 0.03 0.0 0 M M M M M M M M
21 36 24 30 6 35 0 0.00 0.0 0 M M M M M M M M
22 35 17 26 2 39 0 0.00 0.0 0 M M M M M M M M
23 20 14 17 -6 48 0 0.00 0.0 0 M M M M M M M M
24 30 7 19 -4 46 0 0.00 0.0 0 M M M M M M M M
25 33 13 23 1 42 0 T T 0 M M M M M M M M
26 31 4 18 -4 47 0 0.03 0.4 T M M M M M M M M
27 18 4 11 -10 54 0 T T T M M M M M M M M
28 41 8 25 4 40 0 T T T M M M M M M M M
29 48 23 36 16 29 0 0.00 0.0 0 M M M M M M M M
30 35 24 30 10 35 0 0.00 0.0 0 M M M M M M M M
================================================================================
SM 1168 674 1021 0 0.10 0.6 M M M
================================================================================
AV 38.9 22.5 M FASTST M M M MAX(MPH)
MISC ----> M M M M
================================================================================
NOTES:
# LAST OF SEVERAL OCCURRENCES
COLUMN 17 PEAK WIND IN M.P.H.
PRELIMINARY LOCAL CLIMATOLOGICAL DATA (WS FORM: F-6) , PAGE 2
STATION: GRAND FORKS UNIV. (NWS) ND
MONTH: NOVEMBER
YEAR: 2023
LATITUDE: 47 55 N
LONGITUDE: 97 6 W
[TEMPERATURE DATA] [PRECIPITATION DATA] SYMBOLS USED IN COLUMN 16
AVERAGE MONTHLY: 30.7 TOTAL FOR MONTH: 0.10 1 = FOG OR MIST
DPTR FM NORMAL: 3.4 DPTR FM NORMAL: -0.73 2 = FOG REDUCING VISIBILITY
HIGHEST: 56 ON 15,14 GRTST 24HR 0.04 ON 9- 9 TO 1/4 MILE OR LESS
LOWEST: 4 ON 27,26 3 = THUNDER
SNOW, ICE PELLETS, HAIL 4 = ICE PELLETS
TOTAL MONTH: 0.6 INCH 5 = HAIL
GRTST 24HR 0.4 ON 26-26 6 = FREEZING RAIN OR DRIZZLE
GRTST DEPTH: 4 ON M 7 = DUSTSTORM OR SANDSTORM:
VSBY 1/2 MILE OR LESS
8 = SMOKE OR HAZE
[NO. OF DAYS WITH] [WEATHER - DAYS WITH] 9 = BLOWING SNOW
X = TORNADO
MAX 32 OR BELOW: 6 0.01 INCH OR MORE: 3
MAX 90 OR ABOVE: 0 0.10 INCH OR MORE: 0
MIN 32 OR BELOW: 27 0.50 INCH OR MORE: 0
MIN 0 OR BELOW: 0 1.00 INCH OR MORE: 0
[HDD (BASE 65) ]
TOTAL THIS MO. 1021 CLEAR (SCALE 0-3) 0
DPTR FM NORMAL -110 PTCLDY (SCALE 4-7) 0
TOTAL FM JUL 1 1771 CLOUDY (SCALE 8-10) 30
DPTR FM NORMAL -305
[CDD (BASE 65) ]
TOTAL THIS MO. 0
DPTR FM NORMAL 0 [PRESSURE DATA]
TOTAL FM JAN 1 673 HIGHEST SLP M ON M
DPTR FM NORMAL 242 LOWEST SLP M ON M
[REMARKS]
#FINAL-11-23#